From mboxrd@z Thu Jan 1 00:00:00 1970 Return-Path: Received: from mails.dpdk.org (mails.dpdk.org [217.70.189.124]) by inbox.dpdk.org (Postfix) with ESMTP id 6DABA466AA for ; Sat, 3 May 2025 10:12:33 +0200 (CEST) Received: from mails.dpdk.org (localhost [127.0.0.1]) by mails.dpdk.org (Postfix) with ESMTP id 6867C40261; Sat, 3 May 2025 10:12:33 +0200 (CEST) Received: from mail-vk1-f228.google.com (mail-vk1-f228.google.com [209.85.221.228]) by mails.dpdk.org (Postfix) with ESMTP id 2A85E4025D for ; Sat, 3 May 2025 10:12:32 +0200 (CEST) Received: by mail-vk1-f228.google.com with SMTP id 71dfb90a1353d-52403e39a23so1724597e0c.2 for ; Sat, 03 May 2025 01:12:32 -0700 (PDT) DKIM-Signature: v=1; a=rsa-sha256; c=relaxed/relaxed; d=iol.unh.edu; s=unh-iol; t=1746259951; x=1746864751; darn=dpdk.org; h=cc:to:from:subject:message-id:date:from:to:cc:subject:date :message-id:reply-to; bh=HDuT9pXdbTjri/jFySFQUgirwyWBu7dpaIrP1xTQAeM=; b=fhezQ0YAq2drDCvwnLubNa5A8KdGY06r23Bb/BLxh06MTHHF8qHC5ogjputTd7KJLt ROe0rYneSvkB5eGqvD0SFX9wh4yuZrfAsjPa0IPDBDdiPhVedV6T2k4Dkoj+w1fxpgEC cA9zBrP4n3GXyWOYBHmF+4TcqqPMNW9AyYe9g= X-Google-DKIM-Signature: v=1; a=rsa-sha256; c=relaxed/relaxed; d=1e100.net; s=20230601; t=1746259951; x=1746864751; h=cc:to:from:subject:message-id:date:x-gm-message-state:from:to:cc :subject:date:message-id:reply-to; bh=HDuT9pXdbTjri/jFySFQUgirwyWBu7dpaIrP1xTQAeM=; b=d76M4AymMyYPb8GkTJSgcGf/HTHLYEWJ3VITzHtfy03tocTHv0xx+9PqaG4JHMmU22 SvuwlifDMGq0RBg/SXlfRqVOvCoM40Vq5my8YWpjRArB/pD4IMBckLn1ZYKbuyWia79V BgaLJHl3ijJtFeMFtKpJg9ZEf+mo3adyANSItzTjUv0wlFjo+8lylv8fZgr6EBOLaqG9 mAvKUpF9GSSIvxyXuyLesPV+VZTqQTKK2JH4x7mcGhUUDP/RofjKS9de2cacjJdsVmm8 v50EZxKks665Y7t+cIhEwdA8z8dSfOQBOmUvpgchNdBS/W3Cj/I/xluX9Vis/5pfg71i 0XDw== X-Gm-Message-State: AOJu0Yx0EaBXwuKpOz0DCYygaSSeGQgcyB11U/MjjI4jsQC7nx8FR0t3 HBeMeDfDJmS8jyriTSjDzUzmQMNYBZ3TTiP9ChX2NCsAPm5zZoEiTOyf62JaNI/DNgMPd/MgVwB rmQKixlawsxS/Pb9HQvNeiZFWv09ZfYZX X-Gm-Gg: ASbGncuirJp5bWmWWkTxtEgPdjaZLoq7uiQeF4xpQqGvsZK4pn3dl16uTWAzVHH+9V3 YGvFUcpACPIoX0z7YZ0d+81C39j+LFjtzrT9wotnn7nUxvWa6ylNbT4zKvPlzJ0zrutksBfkvk7 u16HdEJhApzys8HDuSmw6ll1zsh6TqaEqnEB/hhuUtvN/8o733BfFHiOp9fFrRqpBk3KSr3k6XW pExIydK0dHrjTvz2NnzDahrbbNXeGa7lw/kY5/tKObQezmNmJ6WE3wtsDph+TZXcqUxFvt3DnmC DxFHWo+KwMIQCRO3tsSQk8jS633j+KuJ7zjjcYeC34w5xEv1lTpFCzLcIzQ= X-Google-Smtp-Source: AGHT+IFUbjFBwRle364sBEqBtmuRwosjhJLtj5A/vMQQnVqXo6D7xUB+0+3xOoVe2q/KaL7V/M/+hHywSLF1 X-Received: by 2002:a05:6122:1d09:b0:523:dd87:fe95 with SMTP id 71dfb90a1353d-52afd47600amr723491e0c.9.1746259951455; Sat, 03 May 2025 01:12:31 -0700 (PDT) Received: from postal.iol.unh.edu (postal.iol.unh.edu. [132.177.123.84]) by smtp-relay.gmail.com with ESMTPS id 71dfb90a1353d-52ae4134465sm867157e0c.7.2025.05.03.01.12.31 (version=TLS1_2 cipher=ECDHE-ECDSA-AES128-GCM-SHA256 bits=128/128); Sat, 03 May 2025 01:12:31 -0700 (PDT) X-Relaying-Domain: iol.unh.edu Date: Sat, 03 May 2025 01:12:31 -0700 (PDT) Message-ID: <6815cfef.050a0220.1e52b9.a978SMTPIN_ADDED_MISSING@mx.google.com> Received: from [172.17.0.2] (unknown [172.18.0.74]) by postal.iol.unh.edu (Postfix) with ESMTP id 1BC956052471; Sat, 3 May 2025 04:12:31 -0400 (EDT) Subject: |WARNING| [GIT MASTER] 4401486b5e30d43a134f80f9802f60b5f43e74a8 From: dpdklab@iol.unh.edu To: Test Report Cc: dpdk-test-reports@iol.unh.edu, Xueming Li , Christian Ehrhardt , Kevin Traynor , Luca Boccassi Content-Type: text/plain X-BeenThere: test-report@dpdk.org X-Mailman-Version: 2.1.29 Precedence: list List-Id: automatic DPDK test reports List-Unsubscribe: , List-Archive: List-Post: List-Help: List-Subscribe: , Errors-To: test-report-bounces@dpdk.org _Testing issues_ Branch: tags/v22.11 4401486b5e30d43a134f80f9802f60b5f43e74a8 --> testing issues Upstream job id: Generic-DPDK-Compile-Meson#384604 Test environment and result as below: +---------------------+--------------------+-------------------------+----------------------+ | Environment | dpdk_meson_compile | dpdk_llvm_clang_compile | dpdk_mingw64_compile | +=====================+====================+=========================+======================+ | FreeBSD 13.5 | PASS | SKIPPED | SKIPPED | +---------------------+--------------------+-------------------------+----------------------+ | FreeBSD 14.2 | PASS | SKIPPED | SKIPPED | +---------------------+--------------------+-------------------------+----------------------+ | CentOS Stream 9 | PASS | SKIPPED | SKIPPED | +---------------------+--------------------+-------------------------+----------------------+ | CentOS Stream 10 | PASS | SKIPPED | SKIPPED | +---------------------+--------------------+-------------------------+----------------------+ | Debian 12 | PASS | SKIPPED | SKIPPED | +---------------------+--------------------+-------------------------+----------------------+ | Fedora 40 (Clang) | PASS | SKIPPED | SKIPPED | +---------------------+--------------------+-------------------------+----------------------+ | Fedora 40 | PASS | SKIPPED | SKIPPED | +---------------------+--------------------+-------------------------+----------------------+ | Ubuntu 20.04 | PASS | SKIPPED | SKIPPED | +---------------------+--------------------+-------------------------+----------------------+ | Fedora 41 (Clang) | PASS | SKIPPED | SKIPPED | +---------------------+--------------------+-------------------------+----------------------+ | Fedora 41 | PASS | SKIPPED | SKIPPED | +---------------------+--------------------+-------------------------+----------------------+ | openSUSE Leap 15 | PASS | SKIPPED | SKIPPED | +---------------------+--------------------+-------------------------+----------------------+ | RHEL8 | PASS | SKIPPED | SKIPPED | +---------------------+--------------------+-------------------------+----------------------+ | RHEL9 | PASS | SKIPPED | SKIPPED | +---------------------+--------------------+-------------------------+----------------------+ | Ubuntu 22.04 | PASS | SKIPPED | SKIPPED | +---------------------+--------------------+-------------------------+----------------------+ | Ubuntu 24.04 | PASS | SKIPPED | SKIPPED | +---------------------+--------------------+-------------------------+----------------------+ | Windows Server 2022 | SKIPPED | FAIL | PASS | +---------------------+--------------------+-------------------------+----------------------+ ==== 20 line log output for Windows Server 2022 (dpdk_llvm_clang_compile): ==== ..\lib\eal\include/rte_common.h:850:32: note: expanded from macro 'RTE_FMT_TAIL' #define RTE_FMT_TAIL(fmt, ...) __VA_ARGS__ ^~~~~~~~~~~ ..\lib\eal\include/rte_common.h:848:39: note: expanded from macro 'RTE_FMT' #define RTE_FMT(fmt, ...) fmt "%.0s", __VA_ARGS__ "" ^~~~~~~~~~~ ../drivers/crypto/mlx5/mlx5_crypto.c:463:18: note: forward declaration of 'struct mlx5_err_cqe' volatile struct mlx5_err_cqe *cqe = (volatile struct mlx5_err_cqe *) ^ 3 errors generated. [617/788] Compiling C object drivers/libtmp_rte_net_vmxnet3.a.p/net_vmxnet3_vmxnet3_ethdev.c.obj [618/788] Compiling C object drivers/libtmp_rte_net_vmxnet3.a.p/net_vmxnet3_vmxnet3_rxtx.c.obj [619/788] Linking static target drivers/libtmp_rte_net_octeon_ep.a [620/788] Compiling C object drivers/libtmp_rte_crypto_mlx5.a.p/crypto_mlx5_mlx5_crypto_dek.c.obj [621/788] Compiling C object app/dpdk-testpmd.exe.p/test-pmd_cmdline_mtr.c.obj [622/788] Compiling C object app/dpdk-testpmd.exe.p/test-pmd_cmdline_tm.c.obj [623/788] Compiling C object drivers/libtmp_rte_net_mlx5.a.p/net_mlx5_mlx5_tx_nompw.c.obj [624/788] Compiling C object drivers/libtmp_rte_net_mlx5.a.p/net_mlx5_mlx5_tx_empw.c.obj [625/788] Compiling C object drivers/libtmp_rte_net_mlx5.a.p/net_mlx5_mlx5_tx_txpp.c.obj ninja: build stopped: subcommand failed. ==== End log output ==== FreeBSD 13.5 Kernel: 13.5-RELEASE Compiler: clang 19.1.7 FreeBSD 14.2 Kernel: 14.2-RELEASE Compiler: clang 18.1.6 CentOS Stream 9 Kernel: Depends on container host Compiler: gcc 11.5.0 20240719 (Red Hat 11.5.0-2) CentOS Stream 10 Kernel: Depends on container host Compiler: gcc 14.2.1 20241104 (Red Hat 14.2.1-6) Debian 12 Kernel: Depends on container host Compiler: gcc (Debian 12.2.0-14) 12.2.0 Fedora 40 (Clang) Kernel: Depends on container host Compiler: clang 18.1.8 (Fedora 18.1.8-1.fc40) Fedora 40 Kernel: Depends on container host Compiler: gcc 14.2.1 20240912 (Red Hat 14.2.1-3) Ubuntu 20.04 Kernel: 4.19.325-0419325-generic Compiler: gcc (Ubuntu 9.4.0-1ubuntu1~20.04.2) 9.4.0 Fedora 41 (Clang) Kernel: Depends on container host Compiler: clang 19.1.5 (Fedora 19.1.5-1.fc41) Fedora 41 Kernel: Depends on container host Compiler: gcc 14.2.1 20240912 (Red Hat 14.2.1-3) openSUSE Leap 15 Kernel: Depends on container host Compiler: gcc (SUSE Linux) 7.5.0 RHEL8 Kernel: Depends on container host Compiler: gcc 8.5.0 20210514 (Red Hat 8.5.0-22) RHEL9 Kernel: Depends on container host Compiler: gcc 11.5.0 20240719 (Red Hat 11.5.0-2) Ubuntu 22.04 Kernel: Depends on container host Compiler: gcc (Ubuntu 11.4.0-1ubuntu1~22.04) 11.4.0 Ubuntu 24.04 Kernel: Depends on container host Compiler: gcc (Ubuntu 13.3.0-6ubuntu2~24.04) 13.3.0 Windows Server 2022 Kernel: 10.0.20348.2031 Compiler: clang 15.0.7, gcc 14.1.0 (MinGW), and MSVC VS 19.39.33521 To view detailed results, visit: https://lab.dpdk.org/results/dashboard/tarballs/33416/ UNH-IOL DPDK Community Lab To manage your email subscriptions, visit: https://lab.dpdk.org/results/dashboard/preferences/subscriptions/