From mboxrd@z Thu Jan 1 00:00:00 1970 Return-Path: Received: from mails.dpdk.org (mails.dpdk.org [217.70.189.124]) by inbox.dpdk.org (Postfix) with ESMTP id AEC4C466AA for ; Sat, 3 May 2025 10:14:49 +0200 (CEST) Received: from mails.dpdk.org (localhost [127.0.0.1]) by mails.dpdk.org (Postfix) with ESMTP id AA03440261; Sat, 3 May 2025 10:14:49 +0200 (CEST) Received: from mail-oa1-f99.google.com (mail-oa1-f99.google.com [209.85.160.99]) by mails.dpdk.org (Postfix) with ESMTP id 004094025D for ; Sat, 3 May 2025 10:14:48 +0200 (CEST) Received: by mail-oa1-f99.google.com with SMTP id 586e51a60fabf-2d0d25cebfeso1993252fac.2 for ; Sat, 03 May 2025 01:14:48 -0700 (PDT) DKIM-Signature: v=1; a=rsa-sha256; c=relaxed/relaxed; d=iol.unh.edu; s=unh-iol; t=1746260088; x=1746864888; darn=dpdk.org; h=cc:to:from:subject:message-id:date:from:to:cc:subject:date :message-id:reply-to; bh=strLQFT/eF6ruliU+ShqHnUSwK9qdvr60PdgNijiqpE=; b=U+a/wLNNAmdsCpwXkdeaYuQHhZBAIl/n52by0MIs8HZVf8DJ8IukUVLN3sJlEk85jb CjEt+z93N7FHn2sXzKC81BuNndNV9/JgSs5I8KWYZDhQhtOXpuI/1TDPcoymsu0qMzqy 3AIfGEzTu92Ut1OKjgygUxPnLGnZYNgTrVGkY= X-Google-DKIM-Signature: v=1; a=rsa-sha256; c=relaxed/relaxed; d=1e100.net; s=20230601; t=1746260088; x=1746864888; h=cc:to:from:subject:message-id:date:x-gm-message-state:from:to:cc :subject:date:message-id:reply-to; bh=strLQFT/eF6ruliU+ShqHnUSwK9qdvr60PdgNijiqpE=; b=eKhkJ7lx0gAeIncYzaKgqCsD9V5FBPDb63mQyPLLU9hjnxTPJGm5+P0rnlPUP6SX4g MjwWhE6jnnhWZ4T65UarT4tDAMgrNPG73OklLeIOnudCjBOnSrGbLvZxSpNBHgpNqluj W3Z+ihIEs0IGtUCLawJNe0tchav4LhKuRwRDeg46G/uiMYgWSVWzfkOvVCqGsmR6+CHh L/xu71uB3+PYyi1g4HpIMXg53z30l1EnMMFYcJ8a+cVB7XGI+5p5LdVdpU6fQ4ojAR5C PwXCH7JJMKM8ytdNMSk6MXdSnBYauGeogSZAgwmmNPn3gerdDqUOe7lRLv86rjKtjyxJ 3bGA== X-Gm-Message-State: AOJu0YwkWTStf4dVLKG9V4AQnHxcWJWvo5hHa9g7cEKgFvPCokIZd6ZU w1SLw21f+EYCPqEoh13LWlrkN05udY19Mw3vvwMxqH7gr0PFzckPeiYmrC7ddGGtVeV2I31dr6g RHduTtzaSffIDKNWaTB73dgf1276p/ZjpMH7G/Luc2HlwTCKe X-Gm-Gg: ASbGnctrkj2A+dYEbU0R2o31yMlwBux7tqizZOLZsfV/CiLkSqJBs5dvGb01VU2ifhI yML41Zvj0nPJo7s9fDOW4WGZBuyBjzq4/wj+qzIJGTo5rjsjTIbNKse1KMPzHtMdnqQZEBABJy9 QHA/VJ6zmY9V4ko5IDKLRq8rTA9UOLeKG7CZ0kk48WtWKYZsYRwc0jiY5XigDgZ0PT/MbtX+x+u 3K4bYR885CCJVRXVPQV3APqJDFYupLP643aVhQBOBaEW2KgDd2uaBCZZu/01r+40jGPcxbQt7OT RtxTjevAmVz6UfZpT4L+AcH+/nlrOI3oWwKt X-Google-Smtp-Source: AGHT+IFTv7Ql5FLwnnZyF6y3K8ixnCN+tg45wQpTEgd7MAzpJXfsTquZcsW7drmSYOi3B7vi5LPQjpx/RUtc X-Received: by 2002:a05:6871:7404:b0:2d5:714b:f661 with SMTP id 586e51a60fabf-2dae834678dmr93628fac.12.1746260087961; Sat, 03 May 2025 01:14:47 -0700 (PDT) Received: from postal.iol.unh.edu (postal.iol.unh.edu. [2606:4100:3880:1234::84]) by smtp-relay.gmail.com with ESMTPS id 586e51a60fabf-2daa11a830bsm933479fac.27.2025.05.03.01.14.47 (version=TLS1_2 cipher=ECDHE-ECDSA-AES128-GCM-SHA256 bits=128/128); Sat, 03 May 2025 01:14:47 -0700 (PDT) X-Relaying-Domain: iol.unh.edu Date: Sat, 03 May 2025 01:14:47 -0700 (PDT) Message-ID: <6815d077.050a0220.1c04ac.b8aeSMTPIN_ADDED_MISSING@mx.google.com> Received: from [172.17.0.2] (unknown [172.18.0.74]) by postal.iol.unh.edu (Postfix) with ESMTP id 6CC4C6052471; Sat, 3 May 2025 04:14:47 -0400 (EDT) Subject: |FAILURE| [GIT MASTER] 4401486b5e30d43a134f80f9802f60b5f43e74a8 From: dpdklab@iol.unh.edu To: Test Report Cc: dpdk-test-reports@iol.unh.edu, Xueming Li , Christian Ehrhardt , Kevin Traynor , Luca Boccassi Content-Type: text/plain X-BeenThere: test-report@dpdk.org X-Mailman-Version: 2.1.29 Precedence: list List-Id: automatic DPDK test reports List-Unsubscribe: , List-Archive: List-Post: List-Help: List-Subscribe: , Errors-To: test-report-bounces@dpdk.org _Testing issues_ Branch: tags/v22.11 4401486b5e30d43a134f80f9802f60b5f43e74a8 --> testing issues Upstream job id: Generic-Unit-Test-DPDK#334932 Test environment and result as below: +---------------------+----------------+ | Environment | dpdk_unit_test | +=====================+================+ | Debian 12 | FAIL | +---------------------+----------------+ | CentOS Stream 9 | FAIL | +---------------------+----------------+ | Fedora 40 (Clang) | FAIL | +---------------------+----------------+ | RHEL9 | FAIL | +---------------------+----------------+ | Fedora 40 | FAIL | +---------------------+----------------+ | Fedora 41 | FAIL | +---------------------+----------------+ | CentOS Stream 10 | FAIL | +---------------------+----------------+ | RHEL8 | FAIL | +---------------------+----------------+ | Fedora 41 (Clang) | FAIL | +---------------------+----------------+ | Ubuntu 20.04 | PASS | +---------------------+----------------+ | Ubuntu 24.04 | FAIL | +---------------------+----------------+ | Ubuntu 22.04 | FAIL | +---------------------+----------------+ | Windows Server 2022 | FAIL | +---------------------+----------------+ ==== Unit test summary for Windows Server 2022 (dpdk_unit_test): ==== Failed to get the unit test results. Displaying the unit test results is not supported for some environments, such as our aarch32 testing, where meson is not used to run the tests. Download the logs available on our CI site. ==== End log output ==== Debian 12 Kernel: Depends on container host Compiler: gcc (Debian 12.2.0-14) 12.2.0 CentOS Stream 9 Kernel: Depends on container host Compiler: gcc 11.5.0 20240719 (Red Hat 11.5.0-2) Fedora 40 (Clang) Kernel: Depends on container host Compiler: clang 18.1.8 (Fedora 18.1.8-1.fc40) RHEL9 Kernel: Depends on container host Compiler: gcc 11.5.0 20240719 (Red Hat 11.5.0-2) Fedora 40 Kernel: Depends on container host Compiler: gcc 14.2.1 20240912 (Red Hat 14.2.1-3) Fedora 41 Kernel: Depends on container host Compiler: gcc 14.2.1 20240912 (Red Hat 14.2.1-3) CentOS Stream 10 Kernel: Depends on container host Compiler: gcc 14.2.1 20241104 (Red Hat 14.2.1-6) RHEL8 Kernel: Depends on container host Compiler: gcc 8.5.0 20210514 (Red Hat 8.5.0-22) Fedora 41 (Clang) Kernel: Depends on container host Compiler: clang 19.1.5 (Fedora 19.1.5-1.fc41) Ubuntu 20.04 Kernel: Depends on container host Compiler: gcc (Ubuntu 9.4.0-1ubuntu1~20.04.2) 9.4.0 Ubuntu 24.04 Kernel: Depends on container host Compiler: gcc (Ubuntu 13.3.0-6ubuntu2~24.04) 13.3.0 Ubuntu 22.04 Kernel: Depends on container host Compiler: gcc (Ubuntu 11.4.0-1ubuntu1~22.04) 11.4.0 Windows Server 2022 Kernel: 10.0.20348.2031 Compiler: clang 15.0.7, gcc 14.1.0 (MinGW), and MSVC VS 19.39.33521 To view detailed results, visit: https://lab.dpdk.org/results/dashboard/tarballs/33416/ UNH-IOL DPDK Community Lab To manage your email subscriptions, visit: https://lab.dpdk.org/results/dashboard/preferences/subscriptions/