From mboxrd@z Thu Jan 1 00:00:00 1970 Return-Path: Received: from mails.dpdk.org (mails.dpdk.org [217.70.189.124]) by inbox.dpdk.org (Postfix) with ESMTP id 75586466B8 for ; Sun, 4 May 2025 07:58:34 +0200 (CEST) Received: from mails.dpdk.org (localhost [127.0.0.1]) by mails.dpdk.org (Postfix) with ESMTP id 6E36B4025D; Sun, 4 May 2025 07:58:34 +0200 (CEST) Received: from mail-il1-f227.google.com (mail-il1-f227.google.com [209.85.166.227]) by mails.dpdk.org (Postfix) with ESMTP id 024A340156 for ; Sun, 4 May 2025 07:58:34 +0200 (CEST) Received: by mail-il1-f227.google.com with SMTP id e9e14a558f8ab-3d5e2606a1bso32779965ab.0 for ; Sat, 03 May 2025 22:58:33 -0700 (PDT) DKIM-Signature: v=1; a=rsa-sha256; c=relaxed/relaxed; d=iol.unh.edu; s=unh-iol; t=1746338313; x=1746943113; darn=dpdk.org; h=cc:to:from:subject:message-id:date:from:to:cc:subject:date :message-id:reply-to; bh=C/Lj+KaAa86EXFlSL3OZAXKHTWhYBSKkhbWuSYfSaPs=; b=QiZc5QKpAKGvqkqHPXf7py0M4BGea/yzWKqfxbchYfQiWcIUwuPDZdwg80lrlJTxUI cZDcnOwq1JpVrGRy6Gm8fkMHD3Vqs4Y8XPrwGSSkt7c5ZOvYSrPXa01uw8Ea2N866w7a XUTrLGCsuYSApjRQDOkwXbRAD1eGJL59NJH/U= X-Google-DKIM-Signature: v=1; a=rsa-sha256; c=relaxed/relaxed; d=1e100.net; s=20230601; t=1746338313; x=1746943113; h=cc:to:from:subject:message-id:date:x-gm-message-state:from:to:cc :subject:date:message-id:reply-to; bh=C/Lj+KaAa86EXFlSL3OZAXKHTWhYBSKkhbWuSYfSaPs=; b=XiOwEljsinjlAY/Sa9MAMeYRMjqIQBslZuQ+YLiJLeb+5ieYjY9Kt0snlknN/gLtX+ sCd8DDH/5zWtgMK3na+fapQF8bIRSl0mWvHYqpOYdnz3FPgJH/aRMaImLOKUfxSWbH5e J1niT2RjNNL/oBwyo553yx5Hf3by9UfvCtgKtga54Ge6Kd7wrG/vYlsOtkqKrfZHFOBq T4xVjDjVhoumeib3Oot5wUd4/tfbd5I5e6V3s2KpA4WAsJCSzP6ki0cpTdKid0W/SN4O R67+KqIBABlVJm9NUiv6D8qyDQKxenClJCoYMdrsQMPa1U/qg4Igmx8ef136xMb6Dlzy YHPw== X-Gm-Message-State: AOJu0YzA2szqKzMt2rE8kpPbM+5UuQF4KJKW3OCyWp82iD3zWe5qWU5n CchHycij0tIPgRiLRPD6/nba6PK2sgV/D2Qn6+bvM2aKRsUkvA9LwcUzneIpjVVgj6/u+lgJGEV HBfSA9NDiMpyzc4Ve+ohZuG8ejSsKFjM7 X-Gm-Gg: ASbGncsYNQMdJY6IxnUWIDL0Ed1Li3SUsr1AKqbKb/60OYhf60dQKTsJRY0olDvhfA6 V1ynEyiXozx3/XXwr+AJBV1ZA2vldxucQIT+2aMaI/dMAm+zNePJEpIrItKvYG3s4PRY7O/KV0O D2sWvdVTLzS1btfkjHgSFez9Hj8Z0bHQwW4jfEeZaNfFFBNh7dkgWfJ89/CeJsq9tN4TXu3wXJF bGkYMuR1knCMH51vftShKbpyW3SM4oEYvsxEAagLRMig/gBxJrZNL8Okastbuiz8ZxNNZhxLDKV qsiVfnJKtJ89addnqTntaTypwzVLuizpEvGZwQYsppN/JlpYFWHTSHsC3sc= X-Google-Smtp-Source: AGHT+IFnVyCQgOvQNSdHKmiv5AFxgYk0tT4sle7OPz+W3ZwxNKu+9MLLS8D4Y1ENna6kU/mLf8b54HlzrVLM X-Received: by 2002:a05:6e02:2501:b0:3d9:659d:86de with SMTP id e9e14a558f8ab-3d97c2611bfmr100746835ab.20.1746338313344; Sat, 03 May 2025 22:58:33 -0700 (PDT) Received: from postal.iol.unh.edu (postal.iol.unh.edu. [132.177.123.84]) by smtp-relay.gmail.com with ESMTPS id e9e14a558f8ab-3d975e81ecesm13351225ab.25.2025.05.03.22.58.33 (version=TLS1_2 cipher=ECDHE-ECDSA-AES128-GCM-SHA256 bits=128/128); Sat, 03 May 2025 22:58:33 -0700 (PDT) X-Relaying-Domain: iol.unh.edu Date: Sat, 03 May 2025 22:58:33 -0700 (PDT) Message-ID: <68170209.050a0220.1d0e03.dd12SMTPIN_ADDED_MISSING@mx.google.com> Received: from [172.21.0.6] (unknown [172.18.0.240]) by postal.iol.unh.edu (Postfix) with ESMTP id C38316052471; Sun, 4 May 2025 01:58:32 -0400 (EDT) Subject: |WARNING| [GIT MASTER] 4401486b5e30d43a134f80f9802f60b5f43e74a8 From: dpdklab@iol.unh.edu To: Test Report Cc: dpdk-test-reports@iol.unh.edu, Xueming Li , Christian Ehrhardt , Kevin Traynor , Luca Boccassi Content-Type: text/plain X-BeenThere: test-report@dpdk.org X-Mailman-Version: 2.1.29 Precedence: list List-Id: automatic DPDK test reports List-Unsubscribe: , List-Archive: List-Post: List-Help: List-Subscribe: , Errors-To: test-report-bounces@dpdk.org _Testing issues_ Branch: tags/v22.11 4401486b5e30d43a134f80f9802f60b5f43e74a8 --> testing issues Upstream job id: Windows-Compile-DPDK-Native#28186 Test environment and result as below: +---------------------+--------------------+-------------------------+ | Environment | dpdk_meson_compile | dpdk_llvm_clang_compile | +=====================+====================+=========================+ | Fedora 41 (Clang) | PEND | SKIPPED | +---------------------+--------------------+-------------------------+ | Fedora 41 | PEND | SKIPPED | +---------------------+--------------------+-------------------------+ | RHEL8 | PEND | SKIPPED | +---------------------+--------------------+-------------------------+ | Debian 12 | PEND | SKIPPED | +---------------------+--------------------+-------------------------+ | CentOS Stream 10 | PEND | SKIPPED | +---------------------+--------------------+-------------------------+ | Fedora 40 (Clang) | PEND | SKIPPED | +---------------------+--------------------+-------------------------+ | Fedora 40 | PEND | SKIPPED | +---------------------+--------------------+-------------------------+ | CentOS Stream 9 | PEND | SKIPPED | +---------------------+--------------------+-------------------------+ | openSUSE Leap 15 | PEND | SKIPPED | +---------------------+--------------------+-------------------------+ | Ubuntu 22.04 | PEND | SKIPPED | +---------------------+--------------------+-------------------------+ | RHEL9 | PEND | SKIPPED | +---------------------+--------------------+-------------------------+ | Ubuntu 20.04 | PEND | SKIPPED | +---------------------+--------------------+-------------------------+ | FreeBSD 13.5 | PASS | SKIPPED | +---------------------+--------------------+-------------------------+ | Ubuntu 24.04 | PEND | SKIPPED | +---------------------+--------------------+-------------------------+ | FreeBSD 14.2 | PASS | SKIPPED | +---------------------+--------------------+-------------------------+ | Windows Server 2022 | SKIPPED | FAIL | +---------------------+--------------------+-------------------------+ ==== 20 line log output for Windows Server 2022 (dpdk_llvm_clang_compile): ==== ..\lib\eal\include/rte_common.h:850:32: note: expanded from macro 'RTE_FMT_TAIL' #define RTE_FMT_TAIL(fmt, ...) __VA_ARGS__ ^~~~~~~~~~~ ..\lib\eal\include/rte_common.h:848:39: note: expanded from macro 'RTE_FMT' #define RTE_FMT(fmt, ...) fmt "%.0s", __VA_ARGS__ "" ^~~~~~~~~~~ ../drivers/crypto/mlx5/mlx5_crypto.c:463:18: note: forward declaration of 'struct mlx5_err_cqe' volatile struct mlx5_err_cqe *cqe = (volatile struct mlx5_err_cqe *) ^ 3 errors generated. [619/788] Linking static target drivers/libtmp_rte_net_octeon_ep.a [620/788] Compiling C object drivers/libtmp_rte_net_vmxnet3.a.p/net_vmxnet3_vmxnet3_rxtx.c.obj [621/788] Compiling C object app/dpdk-testpmd.exe.p/test-pmd_cmdline_flow.c.obj [622/788] Compiling C object app/dpdk-testpmd.exe.p/test-pmd_5tswap.c.obj [623/788] Compiling C object app/dpdk-testpmd.exe.p/test-pmd_config.c.obj [624/788] Compiling C object app/dpdk-testpmd.exe.p/test-pmd_csumonly.c.obj [625/788] Compiling C object drivers/libtmp_rte_net_mlx5.a.p/net_mlx5_mlx5_tx_empw.c.obj [626/788] Compiling C object drivers/libtmp_rte_net_mlx5.a.p/net_mlx5_mlx5_tx_nompw.c.obj [627/788] Compiling C object drivers/libtmp_rte_net_mlx5.a.p/net_mlx5_mlx5_tx_txpp.c.obj ninja: build stopped: subcommand failed. ==== End log output ==== Fedora 41 (Clang) Kernel: Depends on container host Compiler: clang 19.1.5 (Fedora 19.1.5-1.fc41) Fedora 41 Kernel: Depends on container host Compiler: gcc 14.2.1 20240912 (Red Hat 14.2.1-3) RHEL8 Kernel: Depends on container host Compiler: gcc 8.5.0 20210514 (Red Hat 8.5.0-22) Debian 12 Kernel: Depends on container host Compiler: gcc (Debian 12.2.0-14) 12.2.0 CentOS Stream 10 Kernel: Depends on container host Compiler: gcc 14.2.1 20241104 (Red Hat 14.2.1-6) Fedora 40 (Clang) Kernel: Depends on container host Compiler: clang 18.1.8 (Fedora 18.1.8-1.fc40) Fedora 40 Kernel: Depends on container host Compiler: gcc 14.2.1 20240912 (Red Hat 14.2.1-3) CentOS Stream 9 Kernel: Depends on container host Compiler: gcc 11.5.0 20240719 (Red Hat 11.5.0-2) openSUSE Leap 15 Kernel: Depends on container host Compiler: gcc (SUSE Linux) 7.5.0 Ubuntu 22.04 Kernel: Depends on container host Compiler: gcc (Ubuntu 11.4.0-1ubuntu1~22.04) 11.4.0 RHEL9 Kernel: Depends on container host Compiler: gcc 11.5.0 20240719 (Red Hat 11.5.0-2) Ubuntu 20.04 Kernel: 4.19.325-0419325-generic Compiler: gcc (Ubuntu 9.4.0-1ubuntu1~20.04.2) 9.4.0 FreeBSD 13.5 Kernel: 13.5-RELEASE Compiler: clang 19.1.7 Ubuntu 24.04 Kernel: Depends on container host Compiler: gcc (Ubuntu 13.3.0-6ubuntu2~24.04) 13.3.0 FreeBSD 14.2 Kernel: 14.2-RELEASE Compiler: clang 18.1.6 Windows Server 2022 Kernel: 10.0.20348.2031 Compiler: clang 15.0.7, gcc 14.1.0 (MinGW), and MSVC VS 19.39.33521 To view detailed results, visit: https://lab.dpdk.org/results/dashboard/tarballs/33421/ UNH-IOL DPDK Community Lab To manage your email subscriptions, visit: https://lab.dpdk.org/results/dashboard/preferences/subscriptions/