From mboxrd@z Thu Jan 1 00:00:00 1970 Return-Path: Received: from mails.dpdk.org (mails.dpdk.org [217.70.189.124]) by inbox.dpdk.org (Postfix) with ESMTP id 90655466BA for ; Sun, 4 May 2025 08:20:10 +0200 (CEST) Received: from mails.dpdk.org (localhost [127.0.0.1]) by mails.dpdk.org (Postfix) with ESMTP id 8B8394025D; Sun, 4 May 2025 08:20:10 +0200 (CEST) Received: from mail-il1-f228.google.com (mail-il1-f228.google.com [209.85.166.228]) by mails.dpdk.org (Postfix) with ESMTP id 21D9D40156 for ; Sun, 4 May 2025 08:20:09 +0200 (CEST) Received: by mail-il1-f228.google.com with SMTP id e9e14a558f8ab-3d93f4fe5baso11999745ab.2 for ; Sat, 03 May 2025 23:20:09 -0700 (PDT) DKIM-Signature: v=1; a=rsa-sha256; c=relaxed/relaxed; d=iol.unh.edu; s=unh-iol; t=1746339608; x=1746944408; darn=dpdk.org; h=cc:to:from:subject:message-id:date:from:to:cc:subject:date :message-id:reply-to; bh=r+idxua5JZvZ0XHSnUxj8yXJRFddxZt0p4tHA2c0+7g=; b=jSli2E8xUFJpMqarK6d5739JA73Q64nyJpQB/S6p+J+kHHE6mC8rJf+YHrz0VuPiEC zNYtLYL3Voe+VNco6KWOTXPBSfJfVQRI8LGsok7iEC7nFEytGjDkXvsP8JSqQg5QJNoL bsPkRn7WPSpqJVMD/JZHmgR/6SEFXZShsyJoM= X-Google-DKIM-Signature: v=1; a=rsa-sha256; c=relaxed/relaxed; d=1e100.net; s=20230601; t=1746339608; x=1746944408; h=cc:to:from:subject:message-id:date:x-gm-message-state:from:to:cc :subject:date:message-id:reply-to; bh=r+idxua5JZvZ0XHSnUxj8yXJRFddxZt0p4tHA2c0+7g=; b=pm5O+UsE3D0liDX6grsywK+tW+3B5twdVkY/KNp+vDodRMyMEHeTk6DhlppPmZSJv2 gqt0ZpmsfvL06lKm/MpLo+wjDAy6Trby5dDA+PTh5VipCGavhd0qy9BNWdVe/MIKWlu/ wbUwhhqGsxVWr+UvPY0kiwSVZhnHtAsY2QDleAUR8gX8IUyxlIxy0uBxVCEF59vfX1UI qTIuhluafa/L3SUzK6nOyHxAm8UqxvFuIaC9hp05NxZgVjTvF589mapAvpeUUlpgF8Za zm8QcRVXCxheCU2y6xT/OCyHKS3kgyZd/u25RRJdv+mHRizpFbFY5HmQkJVYW+nw7hH5 8qEQ== X-Gm-Message-State: AOJu0Ywf0WPtbhfD8jBJMgZOfLnDUJdP7vuR0Fz7NMfTCrLKvvWu0cWs IoMNDW4AujwU7qRzL6uyTtwIk0O+ckxrLbAUqHhwmgZcfyhQPfrOGFC0oxkdQgJf1bb8TH0Bu4/ qDh6j3N/T8xl2iLrVLwweY+KDbcaX+tiSHX6n84DQMRBHkpdF X-Gm-Gg: ASbGncvKpB2iD86BJkypa7eZuGYUqCalQBa2a/ipc9AggtG0jhMKvurzlrrM99R8pYv 0fEZVwGFVEBE2hRE5gyP5ZlImcUGpYt81mH34C2cafdSbe+0D46P8S8P0Cf9evsLJnR8Gqq8jpt PnDfHn9HPLgxrTJZLepQV1t6AN0chgGEqxteEKlrwIzP4U+Na8xlYyr22cxgdwlD7NQCzTNoTEw wbYGHmMPLhLeCClH4kPBW4dEe36H+BuG+x0HhGiYRRCmAqfOnWlMhZ0KM16e5pPkP6iwF+Q0YYX pSFF2li0gV9RSzVj/OOFmK5MhD+p6XVPzmna X-Google-Smtp-Source: AGHT+IGtdP21yCIIKR/i7val6JhtWavrD8KXDgoXU7sMEVt/XnUozTYgA+e7A6hYKS/GNpJDW/b17rhPtLH3 X-Received: by 2002:a05:6e02:188b:b0:3d3:f19c:77c7 with SMTP id e9e14a558f8ab-3da5b323d87mr28435425ab.16.1746339608530; Sat, 03 May 2025 23:20:08 -0700 (PDT) Received: from postal.iol.unh.edu (postal.iol.unh.edu. [2606:4100:3880:1234::84]) by smtp-relay.gmail.com with ESMTPS id 8926c6da1cb9f-4f88aa97a4bsm1254561173.60.2025.05.03.23.20.08 (version=TLS1_2 cipher=ECDHE-ECDSA-AES128-GCM-SHA256 bits=128/128); Sat, 03 May 2025 23:20:08 -0700 (PDT) X-Relaying-Domain: iol.unh.edu Date: Sat, 03 May 2025 23:20:08 -0700 (PDT) Message-ID: <68170718.050a0220.eddde.df01SMTPIN_ADDED_MISSING@mx.google.com> Received: from [172.21.0.5] (unknown [172.18.0.240]) by postal.iol.unh.edu (Postfix) with ESMTP id D421C6052471; Sun, 4 May 2025 02:20:07 -0400 (EDT) Subject: |FAILURE| [GIT MASTER] 4401486b5e30d43a134f80f9802f60b5f43e74a8 From: dpdklab@iol.unh.edu To: Test Report Cc: dpdk-test-reports@iol.unh.edu, Xueming Li , Christian Ehrhardt , Kevin Traynor , Luca Boccassi Content-Type: text/plain X-BeenThere: test-report@dpdk.org X-Mailman-Version: 2.1.29 Precedence: list List-Id: automatic DPDK test reports List-Unsubscribe: , List-Archive: List-Post: List-Help: List-Subscribe: , Errors-To: test-report-bounces@dpdk.org _Testing issues_ Branch: tags/v22.11 4401486b5e30d43a134f80f9802f60b5f43e74a8 --> testing issues Upstream job id: Generic-VM-Unit-Test-DPDK#28300 Test environment and result as below: +---------------------+----------------+ | Environment | dpdk_unit_test | +=====================+================+ | Debian 12 | FAIL | +---------------------+----------------+ | CentOS Stream 9 | FAIL | +---------------------+----------------+ | Fedora 40 | FAIL | +---------------------+----------------+ | CentOS Stream 10 | PEND | +---------------------+----------------+ | Fedora 40 (Clang) | PEND | +---------------------+----------------+ | Ubuntu 20.04 | PASS | +---------------------+----------------+ | Ubuntu 22.04 | FAIL | +---------------------+----------------+ | Fedora 41 (Clang) | PEND | +---------------------+----------------+ | Ubuntu 24.04 | PEND | +---------------------+----------------+ | RHEL9 | PEND | +---------------------+----------------+ | RHEL8 | PEND | +---------------------+----------------+ | Fedora 41 | PEND | +---------------------+----------------+ | Windows Server 2022 | FAIL | +---------------------+----------------+ ==== Unit test summary for Windows Server 2022 (dpdk_unit_test): ==== Failed to get the unit test results. Displaying the unit test results is not supported for some environments, such as our aarch32 testing, where meson is not used to run the tests. Download the logs available on our CI site. ==== End log output ==== Debian 12 Kernel: Depends on container host Compiler: gcc (Debian 12.2.0-14) 12.2.0 CentOS Stream 9 Kernel: Depends on container host Compiler: gcc 11.5.0 20240719 (Red Hat 11.5.0-2) Fedora 40 Kernel: Depends on container host Compiler: gcc 14.2.1 20240912 (Red Hat 14.2.1-3) CentOS Stream 10 Kernel: Depends on container host Compiler: gcc 14.2.1 20241104 (Red Hat 14.2.1-6) Fedora 40 (Clang) Kernel: Depends on container host Compiler: clang 18.1.8 (Fedora 18.1.8-1.fc40) Ubuntu 20.04 Kernel: Depends on container host Compiler: gcc (Ubuntu 9.4.0-1ubuntu1~20.04.2) 9.4.0 Ubuntu 22.04 Kernel: Depends on container host Compiler: gcc (Ubuntu 11.4.0-1ubuntu1~22.04) 11.4.0 Fedora 41 (Clang) Kernel: Depends on container host Compiler: clang 19.1.5 (Fedora 19.1.5-1.fc41) Ubuntu 24.04 Kernel: Depends on container host Compiler: gcc (Ubuntu 13.3.0-6ubuntu2~24.04) 13.3.0 RHEL9 Kernel: Depends on container host Compiler: gcc 11.5.0 20240719 (Red Hat 11.5.0-2) RHEL8 Kernel: Depends on container host Compiler: gcc 8.5.0 20210514 (Red Hat 8.5.0-22) Fedora 41 Kernel: Depends on container host Compiler: gcc 14.2.1 20240912 (Red Hat 14.2.1-3) Windows Server 2022 Kernel: 10.0.20348.2031 Compiler: clang 15.0.7, gcc 14.1.0 (MinGW), and MSVC VS 19.39.33521 To view detailed results, visit: https://lab.dpdk.org/results/dashboard/tarballs/33421/ UNH-IOL DPDK Community Lab To manage your email subscriptions, visit: https://lab.dpdk.org/results/dashboard/preferences/subscriptions/