From mboxrd@z Thu Jan 1 00:00:00 1970 Return-Path: Received: from mails.dpdk.org (mails.dpdk.org [217.70.189.124]) by inbox.dpdk.org (Postfix) with ESMTP id B96B5466BA for ; Sun, 4 May 2025 08:21:41 +0200 (CEST) Received: from mails.dpdk.org (localhost [127.0.0.1]) by mails.dpdk.org (Postfix) with ESMTP id B51624025D; Sun, 4 May 2025 08:21:41 +0200 (CEST) Received: from mail-pl1-f227.google.com (mail-pl1-f227.google.com [209.85.214.227]) by mails.dpdk.org (Postfix) with ESMTP id E2AAC40156 for ; Sun, 4 May 2025 08:21:40 +0200 (CEST) Received: by mail-pl1-f227.google.com with SMTP id d9443c01a7336-225477548e1so35594625ad.0 for ; Sat, 03 May 2025 23:21:40 -0700 (PDT) DKIM-Signature: v=1; a=rsa-sha256; c=relaxed/relaxed; d=iol.unh.edu; s=unh-iol; t=1746339700; x=1746944500; darn=dpdk.org; h=cc:to:from:subject:message-id:date:from:to:cc:subject:date :message-id:reply-to; bh=l7OKB1Y1z/LerZfyMVU6ifjH8wZseyUSRPjPOdUku1U=; b=KG3uZgb2zjxMQ/r80rrg/rStd1Q/VZKDfn3mzqR4HwclMy+8oMX4jWUYQjGTQd0KIF yz5Gwz3kmzlMO1/fXbbfUz0mQqxdmzgSS/0fq6NLzjo2YIADkbor5IYqrlycP1z39wpC 0hcTiar1xdBEmzDPvkAcgrA8PGRvWruNV+3/E= X-Google-DKIM-Signature: v=1; a=rsa-sha256; c=relaxed/relaxed; d=1e100.net; s=20230601; t=1746339700; x=1746944500; h=cc:to:from:subject:message-id:date:x-gm-message-state:from:to:cc :subject:date:message-id:reply-to; bh=l7OKB1Y1z/LerZfyMVU6ifjH8wZseyUSRPjPOdUku1U=; b=MNt0jLfI+7SB3ze7dKQH0JBAQ451Qh3C3np/ZVI6hZiQjwSy52z4Azyw6KxxAlK/eN JKwew4oJVWflDEet++spoPSHZBHUVtiqyEqw/aR3ZLNFAO6HcmBtl58xf6dQvJA++Jqx xgrKQDCMFgGH5WwNYhZxA6OJT3JkfrGmax1Qt+HDIK2AhUMOq98FYzXXt7G4D1cHwiRw c0jepNb/a/XCObmLLjopCpxVMV04ni3aM+7WBhWMxH4US4q3WFxJTmvTKzAnoCIjiPhf lypO2V/a9irRiHuox+YTKsXkkSCLJuzA12NpjgW/RsYw0W4IsaoiaYTDW99pRRioLig2 QQPg== X-Gm-Message-State: AOJu0Yx5yNuiu+4otNhkLCUGq+rKI9Tdy5SujZgWz9Mznw9Suv65qTOF 1rKIcqq+dxv1AGBsjmHYBwGwRKlLXQdU47X3UO5m5kE3kf5h8LL8eERjZHJwzhUFNDXI1NM9m/7 L2r6S2LUQ+nZaty2xEAoosfwF+Bxftb8tIrjDjX4tkYFdSdPX X-Gm-Gg: ASbGncs/iwb5IC92IQ8CQ8QNUfF1PGi76xYuKYHM4or0gznfHLSLpGADdXrwWtZu0qt AkLpKD+c/ahc7ZwTI1rpyGOPd73Y5yZwRa3U/z/qNLs10mp2HN18XTYPLYEQkqOpCGgkuHWS7+7 5MK9woWR84TExoQT89e2TFaimTL44Zm949aYxK7zinrWS4GS5Xp/noSzhFg7C1sWTa5cXfzI4gm xiH0YPHKOewKhpG60lkAdTXoIpBS0pBq5lQSkk1hr5FZgXz8vuGZp2M33SeEqfdJsw530duEpns mZ+9nRl9bvqdgM+X7WA6tsu9EXYd651rXWti X-Google-Smtp-Source: AGHT+IFiDm12vHjMQaZtnA2y9LAQKxGXEWC3j63Dg/Z9u0X6tLmM1NnIZG1fRBGDsTgTg9fwYeVWszcui4ox X-Received: by 2002:a17:902:fc43:b0:223:4816:3e9e with SMTP id d9443c01a7336-22e1e8e8bcemr38653175ad.13.1746339699802; Sat, 03 May 2025 23:21:39 -0700 (PDT) Received: from postal.iol.unh.edu (postal.iol.unh.edu. [2606:4100:3880:1234::84]) by smtp-relay.gmail.com with ESMTPS id d9443c01a7336-22e150eaf5fsm9195435ad.2.2025.05.03.23.21.39 (version=TLS1_2 cipher=ECDHE-ECDSA-AES128-GCM-SHA256 bits=128/128); Sat, 03 May 2025 23:21:39 -0700 (PDT) X-Relaying-Domain: iol.unh.edu Date: Sat, 03 May 2025 23:21:39 -0700 (PDT) Message-ID: <68170773.170a0220.2bcf27.a891SMTPIN_ADDED_MISSING@mx.google.com> Received: from [172.21.0.6] (unknown [172.18.0.240]) by postal.iol.unh.edu (Postfix) with ESMTP id 938D96052471; Sun, 4 May 2025 02:21:38 -0400 (EDT) Subject: |FAILURE| [GIT MASTER] 4401486b5e30d43a134f80f9802f60b5f43e74a8 From: dpdklab@iol.unh.edu To: Test Report Cc: dpdk-test-reports@iol.unh.edu, Xueming Li , Christian Ehrhardt , Kevin Traynor , Luca Boccassi Content-Type: text/plain X-BeenThere: test-report@dpdk.org X-Mailman-Version: 2.1.29 Precedence: list List-Id: automatic DPDK test reports List-Unsubscribe: , List-Archive: List-Post: List-Help: List-Subscribe: , Errors-To: test-report-bounces@dpdk.org _Testing issues_ Branch: tags/v22.11 4401486b5e30d43a134f80f9802f60b5f43e74a8 --> testing issues Upstream job id: Generic-Unit-Test-DPDK#335020 Test environment and result as below: +---------------------+----------------+ | Environment | dpdk_unit_test | +=====================+================+ | Debian 12 | FAIL | +---------------------+----------------+ | CentOS Stream 9 | FAIL | +---------------------+----------------+ | Fedora 40 | FAIL | +---------------------+----------------+ | CentOS Stream 10 | PEND | +---------------------+----------------+ | Fedora 40 (Clang) | FAIL | +---------------------+----------------+ | Ubuntu 20.04 | PASS | +---------------------+----------------+ | Ubuntu 22.04 | FAIL | +---------------------+----------------+ | Fedora 41 (Clang) | PEND | +---------------------+----------------+ | Ubuntu 24.04 | PEND | +---------------------+----------------+ | RHEL9 | PEND | +---------------------+----------------+ | RHEL8 | PEND | +---------------------+----------------+ | Fedora 41 | PEND | +---------------------+----------------+ | Windows Server 2022 | FAIL | +---------------------+----------------+ ==== Unit test summary for Windows Server 2022 (dpdk_unit_test): ==== Failed to get the unit test results. Displaying the unit test results is not supported for some environments, such as our aarch32 testing, where meson is not used to run the tests. Download the logs available on our CI site. ==== End log output ==== Debian 12 Kernel: Depends on container host Compiler: gcc (Debian 12.2.0-14) 12.2.0 CentOS Stream 9 Kernel: Depends on container host Compiler: gcc 11.5.0 20240719 (Red Hat 11.5.0-2) Fedora 40 Kernel: Depends on container host Compiler: gcc 14.2.1 20240912 (Red Hat 14.2.1-3) CentOS Stream 10 Kernel: Depends on container host Compiler: gcc 14.2.1 20241104 (Red Hat 14.2.1-6) Fedora 40 (Clang) Kernel: Depends on container host Compiler: clang 18.1.8 (Fedora 18.1.8-1.fc40) Ubuntu 20.04 Kernel: Depends on container host Compiler: gcc (Ubuntu 9.4.0-1ubuntu1~20.04.2) 9.4.0 Ubuntu 22.04 Kernel: Depends on container host Compiler: gcc (Ubuntu 11.4.0-1ubuntu1~22.04) 11.4.0 Fedora 41 (Clang) Kernel: Depends on container host Compiler: clang 19.1.5 (Fedora 19.1.5-1.fc41) Ubuntu 24.04 Kernel: Depends on container host Compiler: gcc (Ubuntu 13.3.0-6ubuntu2~24.04) 13.3.0 RHEL9 Kernel: Depends on container host Compiler: gcc 11.5.0 20240719 (Red Hat 11.5.0-2) RHEL8 Kernel: Depends on container host Compiler: gcc 8.5.0 20210514 (Red Hat 8.5.0-22) Fedora 41 Kernel: Depends on container host Compiler: gcc 14.2.1 20240912 (Red Hat 14.2.1-3) Windows Server 2022 Kernel: 10.0.20348.2031 Compiler: clang 15.0.7, gcc 14.1.0 (MinGW), and MSVC VS 19.39.33521 To view detailed results, visit: https://lab.dpdk.org/results/dashboard/tarballs/33421/ UNH-IOL DPDK Community Lab To manage your email subscriptions, visit: https://lab.dpdk.org/results/dashboard/preferences/subscriptions/