From mboxrd@z Thu Jan 1 00:00:00 1970 Return-Path: Received: from mails.dpdk.org (mails.dpdk.org [217.70.189.124]) by inbox.dpdk.org (Postfix) with ESMTP id 60ED7466BA for ; Sun, 4 May 2025 08:45:10 +0200 (CEST) Received: from mails.dpdk.org (localhost [127.0.0.1]) by mails.dpdk.org (Postfix) with ESMTP id 5DC1F4025D; Sun, 4 May 2025 08:45:10 +0200 (CEST) Received: from mail-il1-f225.google.com (mail-il1-f225.google.com [209.85.166.225]) by mails.dpdk.org (Postfix) with ESMTP id 8DEA740156 for ; Sun, 4 May 2025 08:45:09 +0200 (CEST) Received: by mail-il1-f225.google.com with SMTP id e9e14a558f8ab-3d93c060279so12664705ab.3 for ; Sat, 03 May 2025 23:45:09 -0700 (PDT) DKIM-Signature: v=1; a=rsa-sha256; c=relaxed/relaxed; d=iol.unh.edu; s=unh-iol; t=1746341109; x=1746945909; darn=dpdk.org; h=cc:to:from:subject:message-id:date:from:to:cc:subject:date :message-id:reply-to; bh=pjWe8l4tDY0oOJg1JRD5bZr+8qHyABUyXKGwjlGn62s=; b=hRkiaF3AKDjDiNRe7EXFsPBdYAo5Iy4Xosx+ViE0CZ60TFE62OdAnGPlhvtFc/AqMC WbPOCVmB6GsEGQIl8Pnme8oTbRBANzEAPQzR2DnVb/hdeSAVpy0pdkN/zmpKMHRo4cFi aX9hPDlycUKhVK/J819vc1QrdsnZMYJM6dLxY= X-Google-DKIM-Signature: v=1; a=rsa-sha256; c=relaxed/relaxed; d=1e100.net; s=20230601; t=1746341109; x=1746945909; h=cc:to:from:subject:message-id:date:x-gm-message-state:from:to:cc :subject:date:message-id:reply-to; bh=pjWe8l4tDY0oOJg1JRD5bZr+8qHyABUyXKGwjlGn62s=; b=Z4hD6eosjD4sVjrNYACYZ5WtkWiI80rfgQglwKgJSuN3CMnI4nUYjN8vQYVarsDlcy GD5w70AxCqDBFVWX01vW7kgmsfVCfYFtBEBgCXb/wcgGKQHeuVloQFSkrz0SYX8RIAFm VR9yeYlUHVCO1xa382YcOZ3c6DvSK7XSC0/47eputNVS+v5VQZYL/6wO2nDjYPfhW5PD P7qQxEGMwTs3RYJQ5HUdD+Qu07+FVt3lAQMSyP6PjnsqsB0kxw9IzgXSwVN3sMSeMqbc fUHBw3N++ln1bYn4bmOMuTNNU2055VGucObAudeORaqhjHnIveiivq9M24V6dbxIIkJX UGpA== X-Gm-Message-State: AOJu0Yx60SrO558DyZnVxW1hH9thFu7iKW/JEV576b0JvMYeX/ARDmvf dfPQzTK/iZ3kBP/u2QzCPoosfClflwzXbyFGM7rsnItpDbPVcygKkNqI3f9mSP7JpDcds6/bazU VFpGh87xAJvF1XFHBCE6NQf+EjgLlW+iZfKtRG+D6mNO0pnNg X-Gm-Gg: ASbGncsXVhYMauV6LGmGV1liiQuYfsPJ32gEOEk9yO8OsfNQ5F4sBs2FBy6pImbqg23 0PJ3SNZqT2flmzNvEsL1WiH0B/Jimzn0H2bYBn6xZBM4Do8dS/qDk0R/cMz8XtcFL4d/x+xHHH8 dpfj90kvGlFReR9uLH9P3zuIcA8cZPGd4KUx91EDFu+zyayljMDS3otC0AjGc+EDJMDmpQvra4A /1pPittnJ178LrxTkL/k3JtJgjX1Tg9jYVN3kgIFAOUZ5ae18US71BoWRCT4sQcwKCQ9jJp1rYx v2G9S1y+OiXvMU6bIskNB74N08sODPHxTJDY X-Google-Smtp-Source: AGHT+IFEQrRwthNteroMs70mn7jpnjGd9IsaU5paEL8P9cXC0pO1D5GCzmXUhFxmcmloXtbOpWWF7sjUIHjl X-Received: by 2002:a05:6e02:198e:b0:3d2:6768:c4fa with SMTP id e9e14a558f8ab-3da5b3493f0mr28055905ab.21.1746341108930; Sat, 03 May 2025 23:45:08 -0700 (PDT) Received: from postal.iol.unh.edu (postal.iol.unh.edu. [2606:4100:3880:1234::84]) by smtp-relay.gmail.com with ESMTPS id 8926c6da1cb9f-4f88a94065esm1230008173.41.2025.05.03.23.45.08 (version=TLS1_2 cipher=ECDHE-ECDSA-AES128-GCM-SHA256 bits=128/128); Sat, 03 May 2025 23:45:08 -0700 (PDT) X-Relaying-Domain: iol.unh.edu Date: Sat, 03 May 2025 23:45:08 -0700 (PDT) Message-ID: <68170cf4.050a0220.1a2e8a.cea8SMTPIN_ADDED_MISSING@mx.google.com> Received: from [172.21.0.16] (unknown [172.18.0.240]) by postal.iol.unh.edu (Postfix) with ESMTP id 7621B6052471; Sun, 4 May 2025 02:45:08 -0400 (EDT) Subject: |FAILURE| [GIT MASTER] 4401486b5e30d43a134f80f9802f60b5f43e74a8 From: dpdklab@iol.unh.edu To: Test Report Cc: dpdk-test-reports@iol.unh.edu, Xueming Li , Christian Ehrhardt , Kevin Traynor , Luca Boccassi Content-Type: text/plain X-BeenThere: test-report@dpdk.org X-Mailman-Version: 2.1.29 Precedence: list List-Id: automatic DPDK test reports List-Unsubscribe: , List-Archive: List-Post: List-Help: List-Subscribe: , Errors-To: test-report-bounces@dpdk.org _Testing issues_ Branch: tags/v22.11 4401486b5e30d43a134f80f9802f60b5f43e74a8 --> testing issues Upstream job id: Generic-Unit-Test-DPDK#335022 Test environment and result as below: +---------------------+----------------+ | Environment | dpdk_unit_test | +=====================+================+ | Debian 12 | FAIL | +---------------------+----------------+ | CentOS Stream 9 | FAIL | +---------------------+----------------+ | Fedora 40 | FAIL | +---------------------+----------------+ | CentOS Stream 10 | FAIL | +---------------------+----------------+ | Fedora 40 (Clang) | FAIL | +---------------------+----------------+ | Ubuntu 20.04 | PASS | +---------------------+----------------+ | Ubuntu 22.04 | FAIL | +---------------------+----------------+ | Fedora 41 (Clang) | FAIL | +---------------------+----------------+ | Ubuntu 24.04 | PEND | +---------------------+----------------+ | RHEL9 | FAIL | +---------------------+----------------+ | RHEL8 | PEND | +---------------------+----------------+ | Fedora 41 | PEND | +---------------------+----------------+ | Windows Server 2022 | FAIL | +---------------------+----------------+ ==== Unit test summary for Windows Server 2022 (dpdk_unit_test): ==== Failed to get the unit test results. Displaying the unit test results is not supported for some environments, such as our aarch32 testing, where meson is not used to run the tests. Download the logs available on our CI site. ==== End log output ==== Debian 12 Kernel: Depends on container host Compiler: gcc (Debian 12.2.0-14) 12.2.0 CentOS Stream 9 Kernel: Depends on container host Compiler: gcc 11.5.0 20240719 (Red Hat 11.5.0-2) Fedora 40 Kernel: Depends on container host Compiler: gcc 14.2.1 20240912 (Red Hat 14.2.1-3) CentOS Stream 10 Kernel: Depends on container host Compiler: gcc 14.2.1 20241104 (Red Hat 14.2.1-6) Fedora 40 (Clang) Kernel: Depends on container host Compiler: clang 18.1.8 (Fedora 18.1.8-1.fc40) Ubuntu 20.04 Kernel: Depends on container host Compiler: gcc (Ubuntu 9.4.0-1ubuntu1~20.04.2) 9.4.0 Ubuntu 22.04 Kernel: Depends on container host Compiler: gcc (Ubuntu 11.4.0-1ubuntu1~22.04) 11.4.0 Fedora 41 (Clang) Kernel: Depends on container host Compiler: clang 19.1.5 (Fedora 19.1.5-1.fc41) Ubuntu 24.04 Kernel: Depends on container host Compiler: gcc (Ubuntu 13.3.0-6ubuntu2~24.04) 13.3.0 RHEL9 Kernel: Depends on container host Compiler: gcc 11.5.0 20240719 (Red Hat 11.5.0-2) RHEL8 Kernel: Depends on container host Compiler: gcc 8.5.0 20210514 (Red Hat 8.5.0-22) Fedora 41 Kernel: Depends on container host Compiler: gcc 14.2.1 20240912 (Red Hat 14.2.1-3) Windows Server 2022 Kernel: 10.0.20348.2031 Compiler: clang 15.0.7, gcc 14.1.0 (MinGW), and MSVC VS 19.39.33521 To view detailed results, visit: https://lab.dpdk.org/results/dashboard/tarballs/33421/ UNH-IOL DPDK Community Lab To manage your email subscriptions, visit: https://lab.dpdk.org/results/dashboard/preferences/subscriptions/