From mboxrd@z Thu Jan 1 00:00:00 1970 Return-Path: Received: from mails.dpdk.org (mails.dpdk.org [217.70.189.124]) by inbox.dpdk.org (Postfix) with ESMTP id 0249A466BA for ; Sun, 4 May 2025 09:00:06 +0200 (CEST) Received: from mails.dpdk.org (localhost [127.0.0.1]) by mails.dpdk.org (Postfix) with ESMTP id F15894025D; Sun, 4 May 2025 09:00:05 +0200 (CEST) Received: from mail-pl1-f226.google.com (mail-pl1-f226.google.com [209.85.214.226]) by mails.dpdk.org (Postfix) with ESMTP id 6570D40156 for ; Sun, 4 May 2025 09:00:04 +0200 (CEST) Received: by mail-pl1-f226.google.com with SMTP id d9443c01a7336-224100e9a5cso47792995ad.2 for ; Sun, 04 May 2025 00:00:04 -0700 (PDT) DKIM-Signature: v=1; a=rsa-sha256; c=relaxed/relaxed; d=iol.unh.edu; s=unh-iol; t=1746342003; x=1746946803; darn=dpdk.org; h=cc:to:from:subject:message-id:date:from:to:cc:subject:date :message-id:reply-to; bh=DWaN99+k3JYMq5DNebZ5vfk0kgN8A3adGaPRLizUdPA=; b=T3PyTXSc9cREP2CdFPqzMcPd1b5O/BA0oE/mpHk8Z/USAd1wqM5Cy1dTPPi9Moh/Ra bT1qxpIWtQvq5nJjpNPaa2x3F3OcGKuDRuGazYwjqmiu7IzFcgxlyzqJWy01YEbGfLJD IEq+ObcMDpVw53jyOrwwI+C9Popqm/xEbxWTU= X-Google-DKIM-Signature: v=1; a=rsa-sha256; c=relaxed/relaxed; d=1e100.net; s=20230601; t=1746342003; x=1746946803; h=cc:to:from:subject:message-id:date:x-gm-message-state:from:to:cc :subject:date:message-id:reply-to; bh=DWaN99+k3JYMq5DNebZ5vfk0kgN8A3adGaPRLizUdPA=; b=omvZOurBxZmTs/pjwq0ZD8MhF4jAnWHHqV4OJIczd52wdQcZ2ad8QFdVu43ygMceS4 EURkDiNWpTyNgUxxNnwrKLaTNiyxgEMrs2yfpGuTH04jd6xrJES0TdpsZJPD+0Q1QKAB pM4X8t+Ykeb+/IAyM/4OmRheCJtTN+A5U1g0yw4nNBsAJDHjgfiUQKBYwwDY0tHbHAWQ WfcPUBoHKueekqixnaYmnhVpplF6nJL7TNeIBtf4/vp5K7nuG5/duH+P65TCCmna9UaF ASZRIDem8QTOg03fYlAVlWWOSk3gmnCcysP58fabIIasyUcfuHdrIUY0Ou6vOI7LP6Rf XGGg== X-Gm-Message-State: AOJu0YzBnLZ8jxszfUTzCsxmxqwciPPP+7Q0xQkJaZoy8Ad4N8P8SAtv dudMx6+Mdw9Iq6JLCnXJPWUABpV/lhWMh5VaHeHrOhRizgA/glf619zXCjPsoFtfAs4EsDXcp8X vMmhMbQwwytIBaUFasBmxuPkQgv6RWMwT X-Gm-Gg: ASbGncsb54u2heJpHdlGebFDZLL2h9dc7labSRaJFXmxkHsEPGIGYn3adxH2N+Uf3E9 vzrHn6JVrUe7+hbz7QnXJ8Et549XoZDyMAwTnbu2nE0/hecBst3VYXe1CvfkWySq48KaiThlTO9 p09ocKNtGQ/6TnlF2JByUkXS2lqzd0FAi+NmAmLataIYJSp3NQZoVj0ZlI1P49pujTPT0fGBwxr 6hdrUA2buUdGgNyYMuKVwYRlF71OJLB4llWZemAemcC+n18u4ZHDGDW/PhbG2M9ygkBd+Ib5Ojn e4Q4RZidcXmiFc7k/Phpk421Ep/IR4hDd7Xp9fy+ixXf4dact//Psv6b3/o= X-Google-Smtp-Source: AGHT+IHENH88Ryjk52IrZhTd0yT0Nyp3/CiVIkMZgkmpDx8tVMJUly+lgEaAKAL1hX3BphXN1V2fdecgsHC2 X-Received: by 2002:a17:902:d48c:b0:223:f9a4:3f9c with SMTP id d9443c01a7336-22e1e8d3097mr43572915ad.9.1746342002947; Sun, 04 May 2025 00:00:02 -0700 (PDT) Received: from postal.iol.unh.edu (postal.iol.unh.edu. [132.177.123.84]) by smtp-relay.gmail.com with ESMTPS id d9443c01a7336-22e151e97b6sm9736125ad.34.2025.05.04.00.00.02 (version=TLS1_2 cipher=ECDHE-ECDSA-AES128-GCM-SHA256 bits=128/128); Sun, 04 May 2025 00:00:02 -0700 (PDT) X-Relaying-Domain: iol.unh.edu Date: Sun, 04 May 2025 00:00:02 -0700 (PDT) Message-ID: <68171072.170a0220.2feb39.b72fSMTPIN_ADDED_MISSING@mx.google.com> Received: from [172.21.0.5] (unknown [172.18.0.240]) by postal.iol.unh.edu (Postfix) with ESMTP id 2A6E16052471; Sun, 4 May 2025 03:00:02 -0400 (EDT) Subject: |FAILURE| [GIT MASTER] 4401486b5e30d43a134f80f9802f60b5f43e74a8 From: dpdklab@iol.unh.edu To: Test Report Cc: dpdk-test-reports@iol.unh.edu, Xueming Li , Christian Ehrhardt , Kevin Traynor , Luca Boccassi Content-Type: text/plain X-BeenThere: test-report@dpdk.org X-Mailman-Version: 2.1.29 Precedence: list List-Id: automatic DPDK test reports List-Unsubscribe: , List-Archive: List-Post: List-Help: List-Subscribe: , Errors-To: test-report-bounces@dpdk.org _Testing issues_ Branch: tags/v22.11 4401486b5e30d43a134f80f9802f60b5f43e74a8 --> testing issues Upstream job id: Generic-Unit-Test-DPDK#335027 Test environment and result as below: +---------------------+----------------+ | Environment | dpdk_unit_test | +=====================+================+ | Debian 12 | FAIL | +---------------------+----------------+ | CentOS Stream 9 | FAIL | +---------------------+----------------+ | Fedora 40 | FAIL | +---------------------+----------------+ | CentOS Stream 10 | FAIL | +---------------------+----------------+ | Fedora 40 (Clang) | FAIL | +---------------------+----------------+ | Ubuntu 20.04 | PASS | +---------------------+----------------+ | Ubuntu 22.04 | FAIL | +---------------------+----------------+ | Fedora 41 (Clang) | FAIL | +---------------------+----------------+ | Ubuntu 24.04 | FAIL | +---------------------+----------------+ | RHEL9 | FAIL | +---------------------+----------------+ | RHEL8 | PEND | +---------------------+----------------+ | Fedora 41 | PEND | +---------------------+----------------+ | Windows Server 2022 | FAIL | +---------------------+----------------+ ==== Unit test summary for Windows Server 2022 (dpdk_unit_test): ==== Failed to get the unit test results. Displaying the unit test results is not supported for some environments, such as our aarch32 testing, where meson is not used to run the tests. Download the logs available on our CI site. ==== End log output ==== Debian 12 Kernel: Depends on container host Compiler: gcc (Debian 12.2.0-14) 12.2.0 CentOS Stream 9 Kernel: Depends on container host Compiler: gcc 11.5.0 20240719 (Red Hat 11.5.0-2) Fedora 40 Kernel: Depends on container host Compiler: gcc 14.2.1 20240912 (Red Hat 14.2.1-3) CentOS Stream 10 Kernel: Depends on container host Compiler: gcc 14.2.1 20241104 (Red Hat 14.2.1-6) Fedora 40 (Clang) Kernel: Depends on container host Compiler: clang 18.1.8 (Fedora 18.1.8-1.fc40) Ubuntu 20.04 Kernel: Depends on container host Compiler: gcc (Ubuntu 9.4.0-1ubuntu1~20.04.2) 9.4.0 Ubuntu 22.04 Kernel: Depends on container host Compiler: gcc (Ubuntu 11.4.0-1ubuntu1~22.04) 11.4.0 Fedora 41 (Clang) Kernel: Depends on container host Compiler: clang 19.1.5 (Fedora 19.1.5-1.fc41) Ubuntu 24.04 Kernel: Depends on container host Compiler: gcc (Ubuntu 13.3.0-6ubuntu2~24.04) 13.3.0 RHEL9 Kernel: Depends on container host Compiler: gcc 11.5.0 20240719 (Red Hat 11.5.0-2) RHEL8 Kernel: Depends on container host Compiler: gcc 8.5.0 20210514 (Red Hat 8.5.0-22) Fedora 41 Kernel: Depends on container host Compiler: gcc 14.2.1 20240912 (Red Hat 14.2.1-3) Windows Server 2022 Kernel: 10.0.20348.2031 Compiler: clang 15.0.7, gcc 14.1.0 (MinGW), and MSVC VS 19.39.33521 To view detailed results, visit: https://lab.dpdk.org/results/dashboard/tarballs/33421/ UNH-IOL DPDK Community Lab To manage your email subscriptions, visit: https://lab.dpdk.org/results/dashboard/preferences/subscriptions/