From mboxrd@z Thu Jan 1 00:00:00 1970 Return-Path: Received: from mails.dpdk.org (mails.dpdk.org [217.70.189.124]) by inbox.dpdk.org (Postfix) with ESMTP id 5CE53466BA for ; Sun, 4 May 2025 09:01:55 +0200 (CEST) Received: from mails.dpdk.org (localhost [127.0.0.1]) by mails.dpdk.org (Postfix) with ESMTP id 379AE4025D; Sun, 4 May 2025 09:01:55 +0200 (CEST) Received: from mail-oa1-f100.google.com (mail-oa1-f100.google.com [209.85.160.100]) by mails.dpdk.org (Postfix) with ESMTP id 56DB640156 for ; Sun, 4 May 2025 09:01:54 +0200 (CEST) Received: by mail-oa1-f100.google.com with SMTP id 586e51a60fabf-2cc36b39545so1688769fac.1 for ; Sun, 04 May 2025 00:01:54 -0700 (PDT) DKIM-Signature: v=1; a=rsa-sha256; c=relaxed/relaxed; d=iol.unh.edu; s=unh-iol; t=1746342113; x=1746946913; darn=dpdk.org; h=cc:to:from:subject:message-id:date:from:to:cc:subject:date :message-id:reply-to; bh=kPEX8CRBFpDJ4RdknJCf2KuR/575BXWb1awtIYwi+C0=; b=Kt3kB/76rT9MGgZSU0xuq8+Vny4fmJ6QlF571qxYLPZzpMr1Asb/L6Fh2J2g9mrpZH ruLvBe1+cMOi74BHdoTcIxRfgGt5L+RL7sq2MZILOhTISbp/SnZP9ylaR+BYj8EZCjN2 Wv3IUhhuNXLFqJ3qNcASDczrPUg+TBUy98XQQ= X-Google-DKIM-Signature: v=1; a=rsa-sha256; c=relaxed/relaxed; d=1e100.net; s=20230601; t=1746342113; x=1746946913; h=cc:to:from:subject:message-id:date:x-gm-message-state:from:to:cc :subject:date:message-id:reply-to; bh=kPEX8CRBFpDJ4RdknJCf2KuR/575BXWb1awtIYwi+C0=; b=YeDJbK7RFYr9CslGS0rWQz+l9mzRIL4Ng7bJgntksQRWhp9rEhCohJg/E569wCl4mi C+PkDO50BalIIMA3CwumnPLguwg9b2n8LnwG/PnAAqqb3SbQBySBr54fwm35izY27GIA JFGEPa+kbMzCtOlxqhC8VfjaM/KkUpRB3RyJkdmED+OlC5t1iWY9x6PNiyQ5VJJW9xrx rwy+FSWAWdqZyKI0YyYhHAinDPvaOjVDohlM6p8YH2ZImCHeSFiRKzTxgH7L3RR/TmuR /QjXWkLK2Wcr4X7m/Qd3RvRWng6aEL8aGL/MONah3ZVl7G5VWxsnPdNuAqpEwAxDbY2o lIGQ== X-Gm-Message-State: AOJu0YyuHZq6tUwYf6aW0PDLwnfTmjcs2aloTkrubKgRhAYZG/yBIUP5 mMUtBhJ7jFiEIiPaCdJkc5DWRImDdXGZV0SzV2GeOyXLvk0SPO2mT+y6eGUKvsd2Cr28AuKJuTR PngO4VVnJM9+TfNJkU0qQaTE3CXNFUyV3wWcjVLdQ5BDRP+Ak X-Gm-Gg: ASbGncto+anbD462PQn2wnV3Fx/iBod9mkFme88kM06jnNN2Dj1qRL8NbhXxgS5rtWb +VhrHu/CqLPDCT8d1fY083NwornBnQg/HTbGid8YxfQEdG8b+R8SzgL1WP3SiwRfsYNntwDzVOT 6NGyBsgfvylcAfFCL120tydXRibGwispXo4sdPSDJIFhm/FsaT8z44bSo0IasYkwv+CmU3yV1I0 66n9UzJsxlS6Lvg1eyPXyZ547T384IU1MAYIhtc+8MaZ+zXypvZQOJD252az8DYg+gQctvBoGGZ DiJrJiNhylXAnhqEmxyEHBqmVAWxVWmg90Cb X-Google-Smtp-Source: AGHT+IEdpcDjx8kRqTPyaeXLEfdO94JEOU1J0GjFrWw+OV63ohx02vPc+UjCREA+pZvFvJMG6C6g8wwkNiHx X-Received: by 2002:a05:6870:4e0c:b0:2d4:e8ce:7bcc with SMTP id 586e51a60fabf-2da93a08e8fmr6620096fac.8.1746342113346; Sun, 04 May 2025 00:01:53 -0700 (PDT) Received: from postal.iol.unh.edu (postal.iol.unh.edu. [2606:4100:3880:1234::84]) by smtp-relay.gmail.com with ESMTPS id 586e51a60fabf-2daa11a830bsm1474494fac.27.2025.05.04.00.01.53 (version=TLS1_2 cipher=ECDHE-ECDSA-AES128-GCM-SHA256 bits=128/128); Sun, 04 May 2025 00:01:53 -0700 (PDT) X-Relaying-Domain: iol.unh.edu Date: Sun, 04 May 2025 00:01:53 -0700 (PDT) Message-ID: <681710e1.050a0220.1c04ac.004cSMTPIN_ADDED_MISSING@mx.google.com> Received: from [172.21.0.9] (unknown [172.18.0.240]) by postal.iol.unh.edu (Postfix) with ESMTP id C8B2C6052471; Sun, 4 May 2025 03:01:52 -0400 (EDT) Subject: |FAILURE| [GIT MASTER] 4401486b5e30d43a134f80f9802f60b5f43e74a8 From: dpdklab@iol.unh.edu To: Test Report Cc: dpdk-test-reports@iol.unh.edu, Xueming Li , Christian Ehrhardt , Kevin Traynor , Luca Boccassi Content-Type: text/plain X-BeenThere: test-report@dpdk.org X-Mailman-Version: 2.1.29 Precedence: list List-Id: automatic DPDK test reports List-Unsubscribe: , List-Archive: List-Post: List-Help: List-Subscribe: , Errors-To: test-report-bounces@dpdk.org _Testing issues_ Branch: tags/v22.11 4401486b5e30d43a134f80f9802f60b5f43e74a8 --> testing issues Upstream job id: Generic-Unit-Test-DPDK#335023 Test environment and result as below: +---------------------+----------------+ | Environment | dpdk_unit_test | +=====================+================+ | Debian 12 | FAIL | +---------------------+----------------+ | CentOS Stream 9 | FAIL | +---------------------+----------------+ | Fedora 40 | FAIL | +---------------------+----------------+ | CentOS Stream 10 | FAIL | +---------------------+----------------+ | Fedora 40 (Clang) | FAIL | +---------------------+----------------+ | Ubuntu 20.04 | PASS | +---------------------+----------------+ | Ubuntu 22.04 | FAIL | +---------------------+----------------+ | Fedora 41 (Clang) | FAIL | +---------------------+----------------+ | Ubuntu 24.04 | FAIL | +---------------------+----------------+ | RHEL9 | FAIL | +---------------------+----------------+ | RHEL8 | FAIL | +---------------------+----------------+ | Fedora 41 | PEND | +---------------------+----------------+ | Windows Server 2022 | FAIL | +---------------------+----------------+ ==== Unit test summary for Windows Server 2022 (dpdk_unit_test): ==== Failed to get the unit test results. Displaying the unit test results is not supported for some environments, such as our aarch32 testing, where meson is not used to run the tests. Download the logs available on our CI site. ==== End log output ==== Debian 12 Kernel: Depends on container host Compiler: gcc (Debian 12.2.0-14) 12.2.0 CentOS Stream 9 Kernel: Depends on container host Compiler: gcc 11.5.0 20240719 (Red Hat 11.5.0-2) Fedora 40 Kernel: Depends on container host Compiler: gcc 14.2.1 20240912 (Red Hat 14.2.1-3) CentOS Stream 10 Kernel: Depends on container host Compiler: gcc 14.2.1 20241104 (Red Hat 14.2.1-6) Fedora 40 (Clang) Kernel: Depends on container host Compiler: clang 18.1.8 (Fedora 18.1.8-1.fc40) Ubuntu 20.04 Kernel: Depends on container host Compiler: gcc (Ubuntu 9.4.0-1ubuntu1~20.04.2) 9.4.0 Ubuntu 22.04 Kernel: Depends on container host Compiler: gcc (Ubuntu 11.4.0-1ubuntu1~22.04) 11.4.0 Fedora 41 (Clang) Kernel: Depends on container host Compiler: clang 19.1.5 (Fedora 19.1.5-1.fc41) Ubuntu 24.04 Kernel: Depends on container host Compiler: gcc (Ubuntu 13.3.0-6ubuntu2~24.04) 13.3.0 RHEL9 Kernel: Depends on container host Compiler: gcc 11.5.0 20240719 (Red Hat 11.5.0-2) RHEL8 Kernel: Depends on container host Compiler: gcc 8.5.0 20210514 (Red Hat 8.5.0-22) Fedora 41 Kernel: Depends on container host Compiler: gcc 14.2.1 20240912 (Red Hat 14.2.1-3) Windows Server 2022 Kernel: 10.0.20348.2031 Compiler: clang 15.0.7, gcc 14.1.0 (MinGW), and MSVC VS 19.39.33521 To view detailed results, visit: https://lab.dpdk.org/results/dashboard/tarballs/33421/ UNH-IOL DPDK Community Lab To manage your email subscriptions, visit: https://lab.dpdk.org/results/dashboard/preferences/subscriptions/