From mboxrd@z Thu Jan 1 00:00:00 1970 Return-Path: Received: from mails.dpdk.org (mails.dpdk.org [217.70.189.124]) by inbox.dpdk.org (Postfix) with ESMTP id 600C7466BA for ; Sun, 4 May 2025 09:20:42 +0200 (CEST) Received: from mails.dpdk.org (localhost [127.0.0.1]) by mails.dpdk.org (Postfix) with ESMTP id 57A824025D; Sun, 4 May 2025 09:20:42 +0200 (CEST) Received: from mail-yb1-f225.google.com (mail-yb1-f225.google.com [209.85.219.225]) by mails.dpdk.org (Postfix) with ESMTP id 1101140156 for ; Sun, 4 May 2025 09:20:41 +0200 (CEST) Received: by mail-yb1-f225.google.com with SMTP id 3f1490d57ef6-e733cd55f9eso3046816276.1 for ; Sun, 04 May 2025 00:20:41 -0700 (PDT) DKIM-Signature: v=1; a=rsa-sha256; c=relaxed/relaxed; d=iol.unh.edu; s=unh-iol; t=1746343240; x=1746948040; darn=dpdk.org; h=cc:to:from:subject:message-id:date:from:to:cc:subject:date :message-id:reply-to; bh=pO63QVxs18Ga6y+AHr54tYZA/yYmElguUB7816/fk2s=; b=PQNB6A33FwVupWjrutFkNYkIlTMi5/AlnN+o61WnyPVHICJwxJbZK8vBIucvQOyXec 2CVTREx9c7mKVDh8cYb1CuSnUOeBJwIoOi6X4NJBQrXx+aCAOVXV/oEVw/HPchBqdyW/ dduNf5EcQncoNCKM/dHDUM+L9W4Hrgb/wEZOw= X-Google-DKIM-Signature: v=1; a=rsa-sha256; c=relaxed/relaxed; d=1e100.net; s=20230601; t=1746343240; x=1746948040; h=cc:to:from:subject:message-id:date:x-gm-message-state:from:to:cc :subject:date:message-id:reply-to; bh=pO63QVxs18Ga6y+AHr54tYZA/yYmElguUB7816/fk2s=; b=Hvr7RWpxiWskgovZkVnuduaa4cOyBpxxbKMeNWoeKMiTFl/Z46cZ+c+LwekGP0pRHF d0bs+MVff+JhpwtspTbhT9J3nUMTsUp/jPNUDeI83plWumGaVReFWPrRzx8fEzuMtDgc 6kybKJyMKWIWAH4w1U7bBjgPf2qzqTU0HnxrHtjSdKX4GG2R3fEIs3HoVG0xHtQ/Guw1 esGlwwmHTMOx2YStBX4XksmCanySOre89mjR+lb3ksNBhVD4Su8tmyk6QcSQtlwIC9Wj uQ1LGzPlpGSRvSzB5M+PV3dt4Fdkumqjx85PldMgG3kUnE9oimZi9KZnOX00pC5YtnuP Ur8Q== X-Gm-Message-State: AOJu0Yy51uzyB1LZh58g9eUZJF0sgaAIE98yH2nmyRQPE0U+zQYlNSyG F601E5QDmUKpQOgGFoz1qX2Y3230OOo2/03BJrk5P4JQCcKZZelfXb3mnoNQCAvM/TZnwP5bT1Y +Ig7Foc8poiTGDmAPShNCE6ZJB6yEXlDb X-Gm-Gg: ASbGncs2I2Ym7C2vm8RFkB//ns45hQ6nZsn78Hk3ibXnSnP1k4RYeC9uQ4xB1GpuRom zddatC9czzcUWezz0F5zxJlonqe7wBKTHUDMjkUMBP0+mmoc8oadtkkyBUNxZ0qfBMJEXCdmO55 yZe2GHMSc7qybTSpw369zsHytOGKv7J77c9c4WYxijDkYHkZI/gTc7bPhuWOmbdxUTSq6oZsMI/ zB8tNKwV+6ED976IB6RcVsI7qAU90FMy9EplrGCMPC7HeOCQJmXfNQJS2v1PBTSpgh9RrhK/tEN zZ/h1B0hCqmBe2fhBzleenrf775mHK9vFosc/tNS/qLulbj2gwFOS5THQiY= X-Google-Smtp-Source: AGHT+IFlNU+11OhKiWBMi8jsrRLEcf9iGS/Qv3MRyvLIsV/273E9bskwsu1sWhzAS2zF0xE3xJZ3wXwRmoSy X-Received: by 2002:a05:6902:18c1:b0:e6b:7216:43d3 with SMTP id 3f1490d57ef6-e7565408c7dmr10856472276.0.1746343240405; Sun, 04 May 2025 00:20:40 -0700 (PDT) Received: from postal.iol.unh.edu (postal.iol.unh.edu. [132.177.123.84]) by smtp-relay.gmail.com with ESMTPS id 3f1490d57ef6-e755e716c04sm1229943276.18.2025.05.04.00.20.40 (version=TLS1_2 cipher=ECDHE-ECDSA-AES128-GCM-SHA256 bits=128/128); Sun, 04 May 2025 00:20:40 -0700 (PDT) X-Relaying-Domain: iol.unh.edu Date: Sun, 04 May 2025 00:20:40 -0700 (PDT) Message-ID: <68171548.250a0220.afee5.37e1SMTPIN_ADDED_MISSING@mx.google.com> Received: from [172.21.0.5] (unknown [172.18.0.240]) by postal.iol.unh.edu (Postfix) with ESMTP id 15C586052471; Sun, 4 May 2025 03:20:40 -0400 (EDT) Subject: |FAILURE| [GIT MASTER] 4401486b5e30d43a134f80f9802f60b5f43e74a8 From: dpdklab@iol.unh.edu To: Test Report Cc: dpdk-test-reports@iol.unh.edu, Xueming Li , Christian Ehrhardt , Kevin Traynor , Luca Boccassi Content-Type: text/plain X-BeenThere: test-report@dpdk.org X-Mailman-Version: 2.1.29 Precedence: list List-Id: automatic DPDK test reports List-Unsubscribe: , List-Archive: List-Post: List-Help: List-Subscribe: , Errors-To: test-report-bounces@dpdk.org _Testing issues_ Branch: tags/v22.11 4401486b5e30d43a134f80f9802f60b5f43e74a8 --> testing issues Upstream job id: Generic-Unit-Test-DPDK#335021 Test environment and result as below: +---------------------+----------------+ | Environment | dpdk_unit_test | +=====================+================+ | Debian 12 | FAIL | +---------------------+----------------+ | CentOS Stream 9 | FAIL | +---------------------+----------------+ | Fedora 40 | FAIL | +---------------------+----------------+ | CentOS Stream 10 | FAIL | +---------------------+----------------+ | Fedora 40 (Clang) | FAIL | +---------------------+----------------+ | Ubuntu 20.04 | PASS | +---------------------+----------------+ | Ubuntu 22.04 | FAIL | +---------------------+----------------+ | Fedora 41 (Clang) | FAIL | +---------------------+----------------+ | Ubuntu 24.04 | FAIL | +---------------------+----------------+ | RHEL9 | FAIL | +---------------------+----------------+ | RHEL8 | FAIL | +---------------------+----------------+ | Fedora 41 | FAIL | +---------------------+----------------+ | Windows Server 2022 | FAIL | +---------------------+----------------+ ==== Unit test summary for Windows Server 2022 (dpdk_unit_test): ==== Failed to get the unit test results. Displaying the unit test results is not supported for some environments, such as our aarch32 testing, where meson is not used to run the tests. Download the logs available on our CI site. ==== End log output ==== Debian 12 Kernel: Depends on container host Compiler: gcc (Debian 12.2.0-14) 12.2.0 CentOS Stream 9 Kernel: Depends on container host Compiler: gcc 11.5.0 20240719 (Red Hat 11.5.0-2) Fedora 40 Kernel: Depends on container host Compiler: gcc 14.2.1 20240912 (Red Hat 14.2.1-3) CentOS Stream 10 Kernel: Depends on container host Compiler: gcc 14.2.1 20241104 (Red Hat 14.2.1-6) Fedora 40 (Clang) Kernel: Depends on container host Compiler: clang 18.1.8 (Fedora 18.1.8-1.fc40) Ubuntu 20.04 Kernel: Depends on container host Compiler: gcc (Ubuntu 9.4.0-1ubuntu1~20.04.2) 9.4.0 Ubuntu 22.04 Kernel: Depends on container host Compiler: gcc (Ubuntu 11.4.0-1ubuntu1~22.04) 11.4.0 Fedora 41 (Clang) Kernel: Depends on container host Compiler: clang 19.1.5 (Fedora 19.1.5-1.fc41) Ubuntu 24.04 Kernel: Depends on container host Compiler: gcc (Ubuntu 13.3.0-6ubuntu2~24.04) 13.3.0 RHEL9 Kernel: Depends on container host Compiler: gcc 11.5.0 20240719 (Red Hat 11.5.0-2) RHEL8 Kernel: Depends on container host Compiler: gcc 8.5.0 20210514 (Red Hat 8.5.0-22) Fedora 41 Kernel: Depends on container host Compiler: gcc 14.2.1 20240912 (Red Hat 14.2.1-3) Windows Server 2022 Kernel: 10.0.20348.2031 Compiler: clang 15.0.7, gcc 14.1.0 (MinGW), and MSVC VS 19.39.33521 To view detailed results, visit: https://lab.dpdk.org/results/dashboard/tarballs/33421/ UNH-IOL DPDK Community Lab To manage your email subscriptions, visit: https://lab.dpdk.org/results/dashboard/preferences/subscriptions/