From mboxrd@z Thu Jan  1 00:00:00 1970
Return-Path: <test-report-bounces@dpdk.org>
Received: from mails.dpdk.org (mails.dpdk.org [217.70.189.124])
	by inbox.dpdk.org (Postfix) with ESMTP id AE20F466BA
	for <public@inbox.dpdk.org>; Sun,  4 May 2025 09:33:25 +0200 (CEST)
Received: from mails.dpdk.org (localhost [127.0.0.1])
	by mails.dpdk.org (Postfix) with ESMTP id 909834025D;
	Sun,  4 May 2025 09:33:25 +0200 (CEST)
Received: from mail-pl1-f225.google.com (mail-pl1-f225.google.com
 [209.85.214.225])
 by mails.dpdk.org (Postfix) with ESMTP id DE11140156
 for <test-report@dpdk.org>; Sun,  4 May 2025 09:33:24 +0200 (CEST)
Received: by mail-pl1-f225.google.com with SMTP id
 d9443c01a7336-2260c91576aso30708595ad.3
 for <test-report@dpdk.org>; Sun, 04 May 2025 00:33:24 -0700 (PDT)
DKIM-Signature: v=1; a=rsa-sha256; c=relaxed/relaxed;
 d=iol.unh.edu; s=unh-iol; t=1746344003; x=1746948803; darn=dpdk.org;
 h=cc:to:from:subject:message-id:date:from:to:cc:subject:date
 :message-id:reply-to;
 bh=GecyRhbgA5iGKp0CWAGIgqTOmOA0zmkDCh29eP5b8V0=;
 b=H9Pe3s1a4YrSg2BgTJui1yAerhjpi5MzwirzK0vSJbMpLn116Qnd/rb7IS3poECL4T
 JHutLUoWYAxl5ct5qDUAq4THtm/sFCz3jyrCDgEjSTqf6o+FWQt/4dZgJprI8NgUKMQ9
 wZ/cauNBnmQd4uNoEPLHK/jD0ZwRNii6Ejgq0=
X-Google-DKIM-Signature: v=1; a=rsa-sha256; c=relaxed/relaxed;
 d=1e100.net; s=20230601; t=1746344003; x=1746948803;
 h=cc:to:from:subject:message-id:date:x-gm-message-state:from:to:cc
 :subject:date:message-id:reply-to;
 bh=GecyRhbgA5iGKp0CWAGIgqTOmOA0zmkDCh29eP5b8V0=;
 b=EYJkKCL4EIKtIjEeYrpxmidl2BaIRlc8h9fqy30Giju9B3BF68oMhKt2MsdnUIpHUz
 fjDI+FZ4qHSdK3hChDRcU52RjDynzPc0J4tq2Pc/TSHxIV35VImzMb1nkteMhMNYW6nE
 kKhj+wcvGTHQDHSHrrfDRatanAQLn62o4cD/n6kjTKobVGgxobIrvGotaltJ7l3B5r/h
 E20+8uQPC/4gC7Lf91Vo4r98w+nr0KU1318QpHB/ClrxJ4p0wIH2dzTreXg84Qtu6sT+
 wi3AvPoeMwlRzPV//8SH2ZyllPRdJZzColJ4O1hdH/t0zIPfky66wSQwGxdqZcipzfKk
 wBcw==
X-Gm-Message-State: AOJu0Yw6O6C2N7Huz0RCRP7G4YPIXXAxmda7RqDdY6mFSaSxuhDbDuIF
 UEoRS2GRJRzo1mu4ZSh89D90rcL+R8sW0z/O6ZGzmVGvLsJAjpF2qHu3G22/uGlCHKSZgB2gj7X
 y9jJKFCl5P/16CqS99SoQgmaWX9YAAvzGyeHgcGS5bewj2Qkn
X-Gm-Gg: ASbGnctSBnYWD1TcZ5mX/mEiRbpbdCV5NsnXnXWqaU9sRZnxZrF78LxTS2+hlj03FpJ
 5mPufxEeuBh1wfWRb8iirKh0O8TJmsPzuAAB3Pvb70m8AWQrYx40Md3uLEX9ZZG4HOovHlyqpgD
 qLMydS1M3JW2vNWzf4roCQ1YuTqi0UtDf58qlEntBYjz0STTCEdn34/gJK9wZlX0uaoemOvv0FV
 qXJb8aiMVoMl2N6X/PaANEp1RWWHkCSqjcR5y1Vlrzn9ZDVxVeT8apT5sGe9Gn0Jfwxu50FSUEJ
 xbT6Er4zHDnFGwyW/ay1VEzMVASzoleuigz3
X-Google-Smtp-Source: AGHT+IH5qCCw3SAgS8FjjPsaXGIfcInk1YwUlzTfkozeLbVZfM2y0EEHw17YcgNWMR25B8Iu5YdfypfYGuZN
X-Received: by 2002:a17:902:f682:b0:22d:e57a:27a2 with SMTP id
 d9443c01a7336-22e1ea7f0a4mr43021685ad.23.1746344003526; 
 Sun, 04 May 2025 00:33:23 -0700 (PDT)
Received: from postal.iol.unh.edu (postal.iol.unh.edu.
 [2606:4100:3880:1234::84]) by smtp-relay.gmail.com with ESMTPS id
 d9443c01a7336-22e1523ce4dsm9863195ad.127.2025.05.04.00.33.23
 (version=TLS1_2 cipher=ECDHE-ECDSA-AES128-GCM-SHA256 bits=128/128);
 Sun, 04 May 2025 00:33:23 -0700 (PDT)
X-Relaying-Domain: iol.unh.edu
Date: Sun, 04 May 2025 00:33:23 -0700 (PDT)
Message-ID: <68171843.170a0220.33a350.b464SMTPIN_ADDED_MISSING@mx.google.com>
Received: from [172.21.0.5] (unknown [172.18.0.240])
 by postal.iol.unh.edu (Postfix) with ESMTP id B43C06052471;
 Sun,  4 May 2025 03:33:22 -0400 (EDT)
Subject: |WARNING| [GIT MASTER] 4401486b5e30d43a134f80f9802f60b5f43e74a8
From: dpdklab@iol.unh.edu
To: Test Report <test-report@dpdk.org>
Cc: dpdk-test-reports@iol.unh.edu, Xueming Li <xuemingl@nvidia.com>,
 Christian Ehrhardt <christian.ehrhardt@canonical.com>,
 Kevin Traynor <ktraynor@redhat.com>, Luca Boccassi <bluca@debian.org>
Content-Type: text/plain
X-BeenThere: test-report@dpdk.org
X-Mailman-Version: 2.1.29
Precedence: list
List-Id: automatic DPDK test reports <test-report.dpdk.org>
List-Unsubscribe: <https://mails.dpdk.org/options/test-report>,
 <mailto:test-report-request@dpdk.org?subject=unsubscribe>
List-Archive: <http://mails.dpdk.org/archives/test-report/>
List-Post: <mailto:test-report@dpdk.org>
List-Help: <mailto:test-report-request@dpdk.org?subject=help>
List-Subscribe: <https://mails.dpdk.org/listinfo/test-report>,
 <mailto:test-report-request@dpdk.org?subject=subscribe>
Errors-To: test-report-bounces@dpdk.org

_Testing issues_

Branch: tags/v22.11

4401486b5e30d43a134f80f9802f60b5f43e74a8 --> testing issues

Upstream job id: Generic-Unit-Test-DPDK#335028

Test environment and result as below:

+-----------------------------+--------------+------------------------------+---------------------------+----------------+
|         Environment         | lpm_autotest | cryptodev_sw_snow3g_autotest | cryptodev_sw_zuc_autotest | dpdk_unit_test |
+=============================+==============+==============================+===========================+================+
| Ubuntu 20.04 ARM SVE        | FAIL         | SKIPPED                      | SKIPPED                   | SKIPPED        |
+-----------------------------+--------------+------------------------------+---------------------------+----------------+
| Debian 12 (arm)             | SKIPPED      | PASS                         | PASS                      | SKIPPED        |
+-----------------------------+--------------+------------------------------+---------------------------+----------------+
| 32-bit Ubuntu 22.04.4 (ARM) | SKIPPED      | SKIPPED                      | SKIPPED                   | PASS           |
+-----------------------------+--------------+------------------------------+---------------------------+----------------+

==== 20 line log output for Ubuntu 20.04 ARM SVE (lpm_autotest): ====
[671/690] Compiling C object 'app/test/3062f5d@@dpdk-test@exe/test_threads.c.o'.
[672/690] Compiling C object 'app/test/3062f5d@@dpdk-test@exe/test_thash_perf.c.o'.
[673/690] Compiling C object 'app/test/3062f5d@@dpdk-test@exe/test_thash.c.o'.
[674/690] Compiling C object 'app/test/3062f5d@@dpdk-test@exe/test_timer_perf.c.o'.
[675/690] Compiling C object 'app/test/3062f5d@@dpdk-test@exe/test_timer.c.o'.
[676/690] Compiling C object 'app/test/3062f5d@@dpdk-test@exe/test_timer_racecond.c.o'.
[677/690] Compiling C object 'app/test/3062f5d@@dpdk-test@exe/test_timer_secondary.c.o'.
[678/690] Compiling C object 'app/test/3062f5d@@dpdk-test@exe/test_ticketlock.c.o'.
[679/690] Compiling C object 'app/test/3062f5d@@dpdk-test@exe/test_trace.c.o'.
[680/690] Compiling C object 'app/test/3062f5d@@dpdk-test@exe/test_trace_register.c.o'.
[681/690] Compiling C object 'app/test/3062f5d@@dpdk-test@exe/test_version.c.o'.
[682/690] Compiling C object 'app/test/3062f5d@@dpdk-test@exe/test_telemetry_json.c.o'.
[683/690] Compiling C object 'app/test/3062f5d@@dpdk-test@exe/test_telemetry_data.c.o'.
[684/690] Compiling C object 'app/test/3062f5d@@dpdk-test@exe/test_ring.c.o'.
[685/690] Compiling C object 'app/test/3062f5d@@dpdk-test@exe/virtual_pmd.c.o'.
[686/690] Compiling C object 'app/test/3062f5d@@dpdk-test@exe/test_pcapng.c.o'.
[687/690] Compiling C object 'app/test/3062f5d@@dpdk-test@exe/test_bpf.c.o'.
[688/690] Compiling C object 'app/test/3062f5d@@dpdk-test@exe/test_compressdev.c.o'.
[689/690] Compiling C object 'app/test/3062f5d@@dpdk-test@exe/test_trace_perf.c.o'.
[690/690] Linking target app/test/dpdk-test.
==== End log output ====

Ubuntu 20.04 ARM SVE
	Kernel: Depends on container host
	Compiler: gcc (Ubuntu 10.5.0-1ubuntu1~20.04) 10.5.0

Debian 12 (arm)
	Kernel: Depends on container host
	Compiler: gcc (Debian 12.2.0-14) 12.2.0

32-bit Ubuntu 22.04.4 (ARM)
	Kernel: 5.15.83+ aarch64
	Compiler: gcc (Ubuntu 11.4.0-1ubuntu1~22.04) 11.4.0

To view detailed results, visit:
https://lab.dpdk.org/results/dashboard/tarballs/33421/

UNH-IOL DPDK Community Lab

To manage your email subscriptions, visit: 
https://lab.dpdk.org/results/dashboard/preferences/subscriptions/