From mboxrd@z Thu Jan 1 00:00:00 1970 Return-Path: Received: from mails.dpdk.org (mails.dpdk.org [217.70.189.124]) by inbox.dpdk.org (Postfix) with ESMTP id A790E466BA for ; Sun, 4 May 2025 09:33:37 +0200 (CEST) Received: from mails.dpdk.org (localhost [127.0.0.1]) by mails.dpdk.org (Postfix) with ESMTP id A3EE14025D; Sun, 4 May 2025 09:33:37 +0200 (CEST) Received: from mail-il1-f228.google.com (mail-il1-f228.google.com [209.85.166.228]) by mails.dpdk.org (Postfix) with ESMTP id 13F7F40156 for ; Sun, 4 May 2025 09:33:36 +0200 (CEST) Received: by mail-il1-f228.google.com with SMTP id e9e14a558f8ab-3d96d16b369so32581395ab.0 for ; Sun, 04 May 2025 00:33:36 -0700 (PDT) DKIM-Signature: v=1; a=rsa-sha256; c=relaxed/relaxed; d=iol.unh.edu; s=unh-iol; t=1746344015; x=1746948815; darn=dpdk.org; h=cc:to:from:subject:message-id:date:from:to:cc:subject:date :message-id:reply-to; bh=sCtduMttK4ZuCM5efBfhO5Vbq4K0G4wm1MCizDoQ0yY=; b=Ftlh/YwocGVx34V2NqIUcCrbhtLCgnzLe/cNhPRhEQeegyCzaS8GuSTDlm+F2i9tnF 7Oq/Qw16kZMy3Mu7SdzejUb5jua+qu2RKWcYaxNawboWnNksFA9YIvRqlAYwhM6KPOX8 jJpGiv0jv1bsglmFR8X01HRkJ1KxIhrTFUmHE= X-Google-DKIM-Signature: v=1; a=rsa-sha256; c=relaxed/relaxed; d=1e100.net; s=20230601; t=1746344015; x=1746948815; h=cc:to:from:subject:message-id:date:x-gm-message-state:from:to:cc :subject:date:message-id:reply-to; bh=sCtduMttK4ZuCM5efBfhO5Vbq4K0G4wm1MCizDoQ0yY=; b=SiBxvfLy21p0vEL2TxrsQqZZy6f/rGMtivA8qiw8cLfb0ZEuFJD1phEgpo7iNLpFjq nY9VgtgeGGCpS+pGIr0zyFpfgt5XqUihYOHi6iStgctedRnoIXpv71QOmLKlfaUCPHEX eo0JBAfhcoTG/clNQhbxYIfvr6Ks7GdfHcXYYqd+K9KdMoifYL/1Wvq1LBouNueWY+5q t4l6YP2m8I85dkglecVvxGV/lyhJCNEXqBbN+1CXMJrAMbtIXNh/yXvL172Dg5z75YD7 3mKuyH20crrbyyYu7frl/nuBZHWPKotuT65oD0Qb/ihdf1yTFSQa5UagNkyrAGHES4uQ 1uOw== X-Gm-Message-State: AOJu0YwmLKNvNvFdEL5tUn5ctURQpB4TEAm6XWK4GhZ98fKSqIUVbDJK Rw+pzHMCSNESnK/wmgCXPpCEFDz611Xdgl0TjEoWHiULP7pdKE9Ah7CDqcfdiso5BrXY4/hpV88 2+cCqcg7F0f/9tf5VZGl9I7pEpAO7yTr9ulciE3ZFZ4WwEIKW X-Gm-Gg: ASbGncvcq2KobNMhJIaHz4HVMvgb1e/Q5PGccBy50MTi99DY11iG7y3FTBTqdZ2AOQg b3luSEAR6mT+QPM30RB23fvbGu8D534unuy+Gga9A/pCehTr2yyBzUbhw9ig3EGHN7DLoUPHuNj 7SWDw9PW6KsHP4H2sew1Rp0SzY0O4CoaqXP4RMuZgO1+LovjFZa0qOwgVGvJEObXdMbAWl0cD80 1vTsncVVVQyJGAtt8jgWRkhYwUY0E8Y+JJ11PudDjj1FT+z7HWuPz7MDFDuiVW+RMwpOhqMmpY3 WsrkBXT06gYbbg/hq64aZ8xcTYndhsHVOrgl X-Google-Smtp-Source: AGHT+IE4a2JCciYz861c80wUjDi/9yPHx/cV3RKL1k8TRxIoPpBRW5jPHibkbskFs4o5DNpsoSUc+YQtaMkB X-Received: by 2002:a92:ca4e:0:b0:3d8:8900:9a28 with SMTP id e9e14a558f8ab-3da569f8e6amr44915175ab.20.1746344015295; Sun, 04 May 2025 00:33:35 -0700 (PDT) Received: from postal.iol.unh.edu (postal.iol.unh.edu. [2606:4100:3880:1234::84]) by smtp-relay.gmail.com with ESMTPS id 8926c6da1cb9f-4f88aa61e9bsm1262681173.51.2025.05.04.00.33.35 (version=TLS1_2 cipher=ECDHE-ECDSA-AES128-GCM-SHA256 bits=128/128); Sun, 04 May 2025 00:33:35 -0700 (PDT) X-Relaying-Domain: iol.unh.edu Date: Sun, 04 May 2025 00:33:35 -0700 (PDT) Message-ID: <6817184f.050a0220.64bd0.df32SMTPIN_ADDED_MISSING@mx.google.com> Received: from [172.21.0.7] (unknown [172.18.0.240]) by postal.iol.unh.edu (Postfix) with ESMTP id EA2776052471; Sun, 4 May 2025 03:33:34 -0400 (EDT) Subject: |WARNING| [GIT MASTER] 4401486b5e30d43a134f80f9802f60b5f43e74a8 From: dpdklab@iol.unh.edu To: Test Report Cc: dpdk-test-reports@iol.unh.edu, Xueming Li , Christian Ehrhardt , Kevin Traynor , Luca Boccassi Content-Type: text/plain X-BeenThere: test-report@dpdk.org X-Mailman-Version: 2.1.29 Precedence: list List-Id: automatic DPDK test reports List-Unsubscribe: , List-Archive: List-Post: List-Help: List-Subscribe: , Errors-To: test-report-bounces@dpdk.org _Testing issues_ Branch: tags/v22.11 4401486b5e30d43a134f80f9802f60b5f43e74a8 --> testing issues Upstream job id: Generic-DPDK-Compile-ABI#125103 Test environment and result as below: +-------------------+----------+ | Environment | abi_test | +===================+==========+ | CentOS Stream 9 | FAIL | +-------------------+----------+ | CentOS Stream 10 | FAIL | +-------------------+----------+ | Debian 12 | PASS | +-------------------+----------+ | Fedora 40 (Clang) | FAIL | +-------------------+----------+ | Fedora 41 (Clang) | FAIL | +-------------------+----------+ | Fedora 41 | PASS | +-------------------+----------+ | openSUSE Leap 15 | PASS | +-------------------+----------+ | RHEL8 | PASS | +-------------------+----------+ | Ubuntu 22.04 | PASS | +-------------------+----------+ | Ubuntu 24.04 | PASS | +-------------------+----------+ | RHEL9 | PASS | +-------------------+----------+ | Fedora 40 | PASS | +-------------------+----------+ ==== 20 line log output for Fedora 41 (Clang) (abi_test): ==== './librte_regex_cn9k.so.23.0' -> 'dpdk/pmds-23.0/librte_regex_cn9k.so.23.0' './librte_regex_mlx5.so' -> 'dpdk/pmds-23.0/librte_regex_mlx5.so' './librte_regex_mlx5.so.23' -> 'dpdk/pmds-23.0/librte_regex_mlx5.so.23' './librte_regex_mlx5.so.23.0' -> 'dpdk/pmds-23.0/librte_regex_mlx5.so.23.0' './librte_vdpa_ifc.so' -> 'dpdk/pmds-23.0/librte_vdpa_ifc.so' './librte_vdpa_ifc.so.23' -> 'dpdk/pmds-23.0/librte_vdpa_ifc.so.23' './librte_vdpa_ifc.so.23.0' -> 'dpdk/pmds-23.0/librte_vdpa_ifc.so.23.0' './librte_vdpa_mlx5.so' -> 'dpdk/pmds-23.0/librte_vdpa_mlx5.so' './librte_vdpa_mlx5.so.23' -> 'dpdk/pmds-23.0/librte_vdpa_mlx5.so.23' './librte_vdpa_mlx5.so.23.0' -> 'dpdk/pmds-23.0/librte_vdpa_mlx5.so.23.0' './librte_vdpa_sfc.so' -> 'dpdk/pmds-23.0/librte_vdpa_sfc.so' './librte_vdpa_sfc.so.23' -> 'dpdk/pmds-23.0/librte_vdpa_sfc.so.23' './librte_vdpa_sfc.so.23.0' -> 'dpdk/pmds-23.0/librte_vdpa_sfc.so.23.0' Installing /root/workspace/Generic-DPDK-Compile-ABI@4/dpdk/usertools/dpdk-hugepages.py to /root/workspace/Generic-DPDK-Compile-ABI@4/build_install/usr/local/bin Installing /root/workspace/Generic-DPDK-Compile-ABI@4/dpdk/build/rte_build_config.h to /root/workspace/Generic-DPDK-Compile-ABI@4/build_install/usr/local/include Installing /root/workspace/Generic-DPDK-Compile-ABI@4/dpdk/build/meson-private/libdpdk-libs.pc to /root/workspace/Generic-DPDK-Compile-ABI@4/build_install/usr/local/lib64/pkgconfig Installing /root/workspace/Generic-DPDK-Compile-ABI@4/dpdk/build/meson-private/libdpdk.pc to /root/workspace/Generic-DPDK-Compile-ABI@4/build_install/usr/local/lib64/pkgconfig Running custom install script '/bin/sh /root/workspace/Generic-DPDK-Compile-ABI@4/dpdk/config/../buildtools/symlink-drivers-solibs.sh lib64 dpdk/pmds-23.0' ==== Compiled DPDK with debugoptimized bash: /scripts/generate_abi.sh: No such file or directory ==== End log output ==== CentOS Stream 9 Kernel: Depends on container host Compiler: gcc 11.5.0 20240719 (Red Hat 11.5.0-2) CentOS Stream 10 Kernel: Depends on container host Compiler: gcc 14.2.1 20241104 (Red Hat 14.2.1-6) Debian 12 Kernel: Depends on container host Compiler: gcc (Debian 12.2.0-14) 12.2.0 Fedora 40 (Clang) Kernel: Depends on container host Compiler: clang 18.1.8 (Fedora 18.1.8-1.fc40) Fedora 41 (Clang) Kernel: Depends on container host Compiler: clang 19.1.5 (Fedora 19.1.5-1.fc41) Fedora 41 Kernel: Depends on container host Compiler: gcc 14.2.1 20240912 (Red Hat 14.2.1-3) openSUSE Leap 15 Kernel: Depends on container host Compiler: gcc (SUSE Linux) 7.5.0 RHEL8 Kernel: Depends on container host Compiler: gcc 8.5.0 20210514 (Red Hat 8.5.0-22) Ubuntu 22.04 Kernel: Depends on container host Compiler: gcc (Ubuntu 11.4.0-1ubuntu1~22.04) 11.4.0 Ubuntu 24.04 Kernel: Depends on container host Compiler: gcc (Ubuntu 13.3.0-6ubuntu2~24.04) 13.3.0 RHEL9 Kernel: Depends on container host Compiler: gcc 11.5.0 20240719 (Red Hat 11.5.0-2) Fedora 40 Kernel: Depends on container host Compiler: gcc 14.2.1 20240912 (Red Hat 14.2.1-3) To view detailed results, visit: https://lab.dpdk.org/results/dashboard/tarballs/33421/ UNH-IOL DPDK Community Lab To manage your email subscriptions, visit: https://lab.dpdk.org/results/dashboard/preferences/subscriptions/