From mboxrd@z Thu Jan 1 00:00:00 1970 Return-Path: Received: from mails.dpdk.org (mails.dpdk.org [217.70.189.124]) by inbox.dpdk.org (Postfix) with ESMTP id 24D97466BC for ; Sun, 4 May 2025 11:30:19 +0200 (CEST) Received: from mails.dpdk.org (localhost [127.0.0.1]) by mails.dpdk.org (Postfix) with ESMTP id D9D1A4025D; Sun, 4 May 2025 11:30:18 +0200 (CEST) Received: from mail-pj1-f100.google.com (mail-pj1-f100.google.com [209.85.216.100]) by mails.dpdk.org (Postfix) with ESMTP id 0795B40156 for ; Sun, 4 May 2025 11:30:17 +0200 (CEST) Received: by mail-pj1-f100.google.com with SMTP id 98e67ed59e1d1-3014678689aso2704638a91.0 for ; Sun, 04 May 2025 02:30:17 -0700 (PDT) DKIM-Signature: v=1; a=rsa-sha256; c=relaxed/relaxed; d=iol.unh.edu; s=unh-iol; t=1746351017; x=1746955817; darn=dpdk.org; h=cc:to:from:subject:message-id:date:from:to:cc:subject:date :message-id:reply-to; bh=soRIID9xq5op8xGHBQUXSKk2yE2AU/A03mo5npPka8k=; b=IWMZuQ+2gY8TNuEkVsdstFQVBmjtIyaOsE2bxcQJIYfiP8JYULruhLePJ1ikQidrKm plQmY6hIcVP/SBp24ZoLLCqt0q4m3XeoB5q69D8wQC0wnzdvodH4vmN3q2U47ocWO8zF PvpQa6VXINyzqPnImq087YoJwiex7iKgpo7XA= X-Google-DKIM-Signature: v=1; a=rsa-sha256; c=relaxed/relaxed; d=1e100.net; s=20230601; t=1746351017; x=1746955817; h=cc:to:from:subject:message-id:date:x-gm-message-state:from:to:cc :subject:date:message-id:reply-to; bh=soRIID9xq5op8xGHBQUXSKk2yE2AU/A03mo5npPka8k=; b=Rr6JMdbm/ovL9mSwtoF/BX9S8qC3DLoEBiaFA5omKS7JRf+qRNfpq4afbqiitm6Obj 9Ohx2SEVm9EjKOCdPujpwdI+JCTAuVKnYNn+kB65ySiGqMpM84O+vUhXBw5MKJYcXiZ1 9QM6ETR40Dywc85Ykv5FtC0lptMie36acTfmy2tErDiPCwQl+qKUO+C/MwYLihHuo52G AMAS9oyMUvrwxcilCzcn0PCzVM/pGSF79+m9QGI+H8gX/u++0YtVhVEVQH+IKloHh0je Dj4HNAbu1kxwUAiWshPw23rT9jJQR/FAOsm3TF46SS0DsdaxdW5XTySbh7VbdswQZ4AD k6xA== X-Gm-Message-State: AOJu0YzoRy7sv2tOuBWPj84okxa/OC43d6LtI6PtyeOb+56hnbJ4B+1T mRZeizLS25rO0JIEtdnBkPy2ls7KHaGEi4K3opxYa8pF71hJfuuQFQADRACumiiI1ZWmnC8nBGE Hk2BP5OYxfKiApC9POdB5TsSl4hzfGwYB X-Gm-Gg: ASbGncuFv/d6sPZyF2j4E93qVzYKv6UZMLneTu2WGTDY4NBLOdhF9nqYAOZ/bqn+qr3 rQDCLgtHOb9w1iLF8Uk3OVTFwZ34Ev8lT3hkGtDU5hV52oad1XSN9wHhsDr+wbnIWLaejKv5ge4 MAH7SqXUMfkx1l/gMRqaNk0gmzVTYJDBmJDp2sHkN/FUoZRsE9LMoAfNNdJtJXTooEHxXQNRnJA jRP8Bg3VPyIrKKIs6qtegeDBpm4vHbxUA57BSlTcxUHaFgKO0Y457qgRFni/G9JB+iF8U2KLVt1 7/gbkdsv+fE4JOw8RRSqkGqwxoz2OhOy3+7R8KSz8KHsHahBCh+spCedhf8= X-Google-Smtp-Source: AGHT+IHaqrssZ58TvF+CY1pwgLHd4aPC05ZHst5IxJxEG+SAgDX9t0SMJGjrAdBOlRrC1oDDTkqHIIiscQBx X-Received: by 2002:a17:90a:d448:b0:301:c5cb:7b13 with SMTP id 98e67ed59e1d1-30a61960c27mr4565708a91.3.1746351017075; Sun, 04 May 2025 02:30:17 -0700 (PDT) Received: from postal.iol.unh.edu (postal.iol.unh.edu. [132.177.123.84]) by smtp-relay.gmail.com with ESMTPS id 98e67ed59e1d1-30a4765c4ddsm1848520a91.15.2025.05.04.02.30.16 (version=TLS1_2 cipher=ECDHE-ECDSA-AES128-GCM-SHA256 bits=128/128); Sun, 04 May 2025 02:30:17 -0700 (PDT) X-Relaying-Domain: iol.unh.edu Date: Sun, 04 May 2025 02:30:17 -0700 (PDT) Message-ID: <681733a9.170a0220.1dcc6c.33beSMTPIN_ADDED_MISSING@mx.google.com> Received: from [172.21.0.5] (unknown [172.18.0.240]) by postal.iol.unh.edu (Postfix) with ESMTP id 2D9C36052471; Sun, 4 May 2025 05:30:16 -0400 (EDT) Subject: |WARNING| [GIT MASTER] 4401486b5e30d43a134f80f9802f60b5f43e74a8 From: dpdklab@iol.unh.edu To: Test Report Cc: dpdk-test-reports@iol.unh.edu, Xueming Li , Christian Ehrhardt , Kevin Traynor , Luca Boccassi Content-Type: text/plain X-BeenThere: test-report@dpdk.org X-Mailman-Version: 2.1.29 Precedence: list List-Id: automatic DPDK test reports List-Unsubscribe: , List-Archive: List-Post: List-Help: List-Subscribe: , Errors-To: test-report-bounces@dpdk.org _Testing issues_ Branch: tags/v22.11 4401486b5e30d43a134f80f9802f60b5f43e74a8 --> testing issues Upstream job id: Generic-DPDK-Compile-Meson#384734 Test environment and result as below: +---------------------+--------------------+-------------------------+----------------------+ | Environment | dpdk_meson_compile | dpdk_llvm_clang_compile | dpdk_mingw64_compile | +=====================+====================+=========================+======================+ | Fedora 41 (Clang) | PASS | SKIPPED | SKIPPED | +---------------------+--------------------+-------------------------+----------------------+ | Fedora 41 | PASS | SKIPPED | SKIPPED | +---------------------+--------------------+-------------------------+----------------------+ | RHEL8 | PASS | SKIPPED | SKIPPED | +---------------------+--------------------+-------------------------+----------------------+ | Debian 12 | PASS | SKIPPED | SKIPPED | +---------------------+--------------------+-------------------------+----------------------+ | CentOS Stream 10 | PASS | SKIPPED | SKIPPED | +---------------------+--------------------+-------------------------+----------------------+ | Fedora 40 (Clang) | PASS | SKIPPED | SKIPPED | +---------------------+--------------------+-------------------------+----------------------+ | Fedora 40 | PASS | SKIPPED | SKIPPED | +---------------------+--------------------+-------------------------+----------------------+ | CentOS Stream 9 | PASS | SKIPPED | SKIPPED | +---------------------+--------------------+-------------------------+----------------------+ | openSUSE Leap 15 | PASS | SKIPPED | SKIPPED | +---------------------+--------------------+-------------------------+----------------------+ | Ubuntu 22.04 | PASS | SKIPPED | SKIPPED | +---------------------+--------------------+-------------------------+----------------------+ | RHEL9 | PASS | SKIPPED | SKIPPED | +---------------------+--------------------+-------------------------+----------------------+ | Ubuntu 20.04 | PASS | SKIPPED | SKIPPED | +---------------------+--------------------+-------------------------+----------------------+ | FreeBSD 13.5 | PASS | SKIPPED | SKIPPED | +---------------------+--------------------+-------------------------+----------------------+ | Ubuntu 24.04 | PASS | SKIPPED | SKIPPED | +---------------------+--------------------+-------------------------+----------------------+ | FreeBSD 14.2 | PASS | SKIPPED | SKIPPED | +---------------------+--------------------+-------------------------+----------------------+ | Windows Server 2022 | SKIPPED | FAIL | PASS | +---------------------+--------------------+-------------------------+----------------------+ ==== 20 line log output for Windows Server 2022 (dpdk_llvm_clang_compile): ==== ..\lib\eal\include/rte_common.h:850:32: note: expanded from macro 'RTE_FMT_TAIL' #define RTE_FMT_TAIL(fmt, ...) __VA_ARGS__ ^~~~~~~~~~~ ..\lib\eal\include/rte_common.h:848:39: note: expanded from macro 'RTE_FMT' #define RTE_FMT(fmt, ...) fmt "%.0s", __VA_ARGS__ "" ^~~~~~~~~~~ ../drivers/crypto/mlx5/mlx5_crypto.c:463:18: note: forward declaration of 'struct mlx5_err_cqe' volatile struct mlx5_err_cqe *cqe = (volatile struct mlx5_err_cqe *) ^ 3 errors generated. [619/788] Linking static target drivers/libtmp_rte_net_octeon_ep.a [620/788] Compiling C object drivers/libtmp_rte_net_vmxnet3.a.p/net_vmxnet3_vmxnet3_rxtx.c.obj [621/788] Compiling C object app/dpdk-testpmd.exe.p/test-pmd_cmdline_flow.c.obj [622/788] Compiling C object app/dpdk-testpmd.exe.p/test-pmd_5tswap.c.obj [623/788] Compiling C object app/dpdk-testpmd.exe.p/test-pmd_config.c.obj [624/788] Compiling C object app/dpdk-testpmd.exe.p/test-pmd_csumonly.c.obj [625/788] Compiling C object drivers/libtmp_rte_net_mlx5.a.p/net_mlx5_mlx5_tx_empw.c.obj [626/788] Compiling C object drivers/libtmp_rte_net_mlx5.a.p/net_mlx5_mlx5_tx_nompw.c.obj [627/788] Compiling C object drivers/libtmp_rte_net_mlx5.a.p/net_mlx5_mlx5_tx_txpp.c.obj ninja: build stopped: subcommand failed. ==== End log output ==== Fedora 41 (Clang) Kernel: Depends on container host Compiler: clang 19.1.5 (Fedora 19.1.5-1.fc41) Fedora 41 Kernel: Depends on container host Compiler: gcc 14.2.1 20240912 (Red Hat 14.2.1-3) RHEL8 Kernel: Depends on container host Compiler: gcc 8.5.0 20210514 (Red Hat 8.5.0-22) Debian 12 Kernel: Depends on container host Compiler: gcc (Debian 12.2.0-14) 12.2.0 CentOS Stream 10 Kernel: Depends on container host Compiler: gcc 14.2.1 20241104 (Red Hat 14.2.1-6) Fedora 40 (Clang) Kernel: Depends on container host Compiler: clang 18.1.8 (Fedora 18.1.8-1.fc40) Fedora 40 Kernel: Depends on container host Compiler: gcc 14.2.1 20240912 (Red Hat 14.2.1-3) CentOS Stream 9 Kernel: Depends on container host Compiler: gcc 11.5.0 20240719 (Red Hat 11.5.0-2) openSUSE Leap 15 Kernel: Depends on container host Compiler: gcc (SUSE Linux) 7.5.0 Ubuntu 22.04 Kernel: Depends on container host Compiler: gcc (Ubuntu 11.4.0-1ubuntu1~22.04) 11.4.0 RHEL9 Kernel: Depends on container host Compiler: gcc 11.5.0 20240719 (Red Hat 11.5.0-2) Ubuntu 20.04 Kernel: 4.19.325-0419325-generic Compiler: gcc (Ubuntu 9.4.0-1ubuntu1~20.04.2) 9.4.0 FreeBSD 13.5 Kernel: 13.5-RELEASE Compiler: clang 19.1.7 Ubuntu 24.04 Kernel: Depends on container host Compiler: gcc (Ubuntu 13.3.0-6ubuntu2~24.04) 13.3.0 FreeBSD 14.2 Kernel: 14.2-RELEASE Compiler: clang 18.1.6 Windows Server 2022 Kernel: 10.0.20348.2031 Compiler: clang 15.0.7, gcc 14.1.0 (MinGW), and MSVC VS 19.39.33521 To view detailed results, visit: https://lab.dpdk.org/results/dashboard/tarballs/33421/ UNH-IOL DPDK Community Lab To manage your email subscriptions, visit: https://lab.dpdk.org/results/dashboard/preferences/subscriptions/