automatic DPDK test reports
 help / color / mirror / Atom feed
From: dpdklab@iol.unh.edu
To: Test Report <test-report@dpdk.org>
Cc: dpdk-test-reports@iol.unh.edu
Subject: |SUCCESS| pw153228 [PATCH] net/ice: update log message
Date: Sun, 04 May 2025 03:21:40 -0700 (PDT)	[thread overview]
Message-ID: <68173fb4.050a0220.81b6.dafbSMTPIN_ADDED_MISSING@mx.google.com> (raw)
In-Reply-To: <20250502152601.699443-1-dhanya.r.pillai@intel.com>

Test-Label: iol-unit-arm64-testing
Test-Status: SUCCESS
http://dpdk.org/patch/153228

_Testing PASS_

Submitter: Pillai, Dhanya R <dhanya.r.pillai@intel.com>
Date: Friday, May 02 2025 15:25:59 
DPDK git baseline: Repo:dpdk
  Branch: master
  CommitID:2665bfb9838fec7ea6c3b2be5831f93ee087b288

153228 --> testing pass

Upstream job id: Generic-Unit-Test-DPDK#335083

Test environment and result as below:

+-----------------------------+--------------+------------------------------+---------------------------+----------------+
|         Environment         | lpm_autotest | cryptodev_sw_snow3g_autotest | cryptodev_sw_zuc_autotest | dpdk_unit_test |
+=============================+==============+==============================+===========================+================+
| Ubuntu 20.04 ARM SVE        | PASS         | SKIPPED                      | SKIPPED                   | SKIPPED        |
+-----------------------------+--------------+------------------------------+---------------------------+----------------+
| Debian 12 (arm)             | SKIPPED      | PASS                         | PASS                      | PASS           |
+-----------------------------+--------------+------------------------------+---------------------------+----------------+
| CentOS Stream 9 (ARM)       | SKIPPED      | SKIPPED                      | SKIPPED                   | PASS           |
+-----------------------------+--------------+------------------------------+---------------------------+----------------+
| Ubuntu 24.04 (ARM)          | SKIPPED      | SKIPPED                      | SKIPPED                   | PASS           |
+-----------------------------+--------------+------------------------------+---------------------------+----------------+
| CentOS Stream 10 (ARM)      | SKIPPED      | SKIPPED                      | SKIPPED                   | PASS           |
+-----------------------------+--------------+------------------------------+---------------------------+----------------+
| Fedora 40 (ARM)             | SKIPPED      | SKIPPED                      | SKIPPED                   | PASS           |
+-----------------------------+--------------+------------------------------+---------------------------+----------------+
| RHEL9 (ARM)                 | SKIPPED      | SKIPPED                      | SKIPPED                   | PASS           |
+-----------------------------+--------------+------------------------------+---------------------------+----------------+
| Ubuntu 22.04 (ARM)          | SKIPPED      | SKIPPED                      | SKIPPED                   | PASS           |
+-----------------------------+--------------+------------------------------+---------------------------+----------------+
| Ubuntu 20.04 (ARM)          | SKIPPED      | SKIPPED                      | SKIPPED                   | PASS           |
+-----------------------------+--------------+------------------------------+---------------------------+----------------+
| Fedora 40 (ARM Clang)       | SKIPPED      | SKIPPED                      | SKIPPED                   | PASS           |
+-----------------------------+--------------+------------------------------+---------------------------+----------------+
| Fedora 41 (ARM)             | SKIPPED      | SKIPPED                      | SKIPPED                   | PASS           |
+-----------------------------+--------------+------------------------------+---------------------------+----------------+
| Fedora 41 (ARM Clang)       | SKIPPED      | SKIPPED                      | SKIPPED                   | PASS           |
+-----------------------------+--------------+------------------------------+---------------------------+----------------+
| 32-bit Ubuntu 22.04.4 (ARM) | SKIPPED      | SKIPPED                      | SKIPPED                   | PASS           |
+-----------------------------+--------------+------------------------------+---------------------------+----------------+


Ubuntu 20.04 ARM SVE
	Kernel: Depends on container host
	Compiler: gcc (Ubuntu 10.5.0-1ubuntu1~20.04) 10.5.0

Debian 12 (arm)
	Kernel: Depends on container host
	Compiler: gcc (Debian 12.2.0-14) 12.2.0

CentOS Stream 9 (ARM)
	Kernel: Depends on container host
	Compiler: gcc 11.5.0 20240719 (Red Hat 11.5.0-2)

Ubuntu 24.04 (ARM)
	Kernel: Depends on container host
	Compiler: gcc (Ubuntu 13.3.0-6ubuntu2~24.04) 13.3.0

CentOS Stream 10 (ARM)
	Kernel: Depends on container host
	Compiler: gcc 14.2.1 20241104 (Red Hat 14.2.1-6)

Fedora 40 (ARM)
	Kernel: Depends on container host
	Compiler: gcc 14.2.1 20240912 (Red Hat 14.2.1-3)

RHEL9 (ARM)
	Kernel: Depends on container host
	Compiler: gcc 11.5.0 20240719 (Red Hat 11.5.0-2)

Ubuntu 22.04 (ARM)
	Kernel: Depends on container host
	Compiler: gcc (Ubuntu 11.4.0-1ubuntu1~22.04) 11.4.0

Ubuntu 20.04 (ARM)
	Kernel: Depends on container host
	Compiler: gcc (Ubuntu 9.4.0-1ubuntu1~20.04.2) 9.4.0

Fedora 40 (ARM Clang)
	Kernel: Depends on container host
	Compiler: clang 18.1.8 (Fedora 18.1.8-1.fc40)

Fedora 41 (ARM)
	Kernel: Depends on container host
	Compiler: gcc 14.2.1 20240912 (Red Hat 14.2.1-3)

Fedora 41 (ARM Clang)
	Kernel: Depends on container host
	Compiler: clang 19.1.5 (Fedora 19.1.5-1.fc41)

32-bit Ubuntu 22.04.4 (ARM)
	Kernel: 5.15.83+ aarch64
	Compiler: gcc (Ubuntu 11.4.0-1ubuntu1~22.04) 11.4.0

To view detailed results, visit:
https://lab.dpdk.org/results/dashboard/patchsets/33098/

UNH-IOL DPDK Community Lab

To manage your email subscriptions, visit: 
https://lab.dpdk.org/results/dashboard/preferences/subscriptions/

  parent reply	other threads:[~2025-05-04 10:21 UTC|newest]

Thread overview: 50+ messages / expand[flat|nested]  mbox.gz  Atom feed  top
     [not found] <20250502152601.699443-1-dhanya.r.pillai@intel.com>
2025-05-02 14:52 ` qemudev
2025-05-02 14:57 ` qemudev
2025-05-02 15:27 ` checkpatch
2025-05-02 16:46 ` 0-day Robot
2025-05-04  6:29 ` dpdklab
2025-05-04  6:46 ` dpdklab
2025-05-04  6:48 ` dpdklab
2025-05-04  6:49 ` dpdklab
2025-05-04  6:52 ` dpdklab
2025-05-04  6:57 ` |PENDING| " dpdklab
2025-05-04  6:59 ` |SUCCESS| " dpdklab
2025-05-04  7:02 ` dpdklab
2025-05-04  7:08 ` dpdklab
2025-05-04  7:10 ` dpdklab
2025-05-04  7:16 ` dpdklab
2025-05-04  7:18 ` dpdklab
2025-05-04  7:22 ` dpdklab
2025-05-04  7:25 ` |PENDING| " dpdklab
2025-05-04  7:33 ` |SUCCESS| " dpdklab
2025-05-04  7:45 ` |PENDING| " dpdklab
2025-05-04  7:46 ` |SUCCESS| " dpdklab
2025-05-04  7:51 ` dpdklab
2025-05-04  7:55 ` dpdklab
2025-05-04  7:58 ` dpdklab
2025-05-04  8:00 ` |PENDING| " dpdklab
2025-05-04  8:01 ` |SUCCESS| " dpdklab
2025-05-04  8:05 ` |PENDING| " dpdklab
2025-05-04  8:08 ` |SUCCESS| " dpdklab
2025-05-04  8:14 ` dpdklab
2025-05-04  8:39 ` dpdklab
2025-05-04  8:42 ` dpdklab
2025-05-04  8:42 ` dpdklab
2025-05-04  8:46 ` dpdklab
2025-05-04  8:54 ` dpdklab
2025-05-04  9:03 ` |PENDING| " dpdklab
2025-05-04  9:06 ` |SUCCESS| " dpdklab
2025-05-04  9:43 ` |PENDING| " dpdklab
2025-05-04 10:07 ` dpdklab
2025-05-04 10:21 ` dpdklab [this message]
2025-05-04 11:12 ` |SUCCESS| " dpdklab
2025-05-04 11:16 ` dpdklab
2025-05-04 11:40 ` |FAILURE| " dpdklab
2025-05-04 11:50 ` |SUCCESS| " dpdklab
2025-05-04 12:32 ` dpdklab
2025-05-04 12:52 ` dpdklab
2025-05-04 13:28 ` dpdklab
2025-05-04 13:29 ` dpdklab
2025-05-04 13:36 ` dpdklab
2025-05-04 14:07 ` dpdklab
2025-05-04 14:33 ` dpdklab

Reply instructions:

You may reply publicly to this message via plain-text email
using any one of the following methods:

* Save the following mbox file, import it into your mail client,
  and reply-to-all from there: mbox

  Avoid top-posting and favor interleaved quoting:
  https://en.wikipedia.org/wiki/Posting_style#Interleaved_style

* Reply using the --to, --cc, and --in-reply-to
  switches of git-send-email(1):

  git send-email \
    --in-reply-to=68173fb4.050a0220.81b6.dafbSMTPIN_ADDED_MISSING@mx.google.com \
    --to=dpdklab@iol.unh.edu \
    --cc=dpdk-test-reports@iol.unh.edu \
    --cc=test-report@dpdk.org \
    /path/to/YOUR_REPLY

  https://kernel.org/pub/software/scm/git/docs/git-send-email.html

* If your mail client supports setting the In-Reply-To header
  via mailto: links, try the mailto: link
Be sure your reply has a Subject: header at the top and a blank line before the message body.
This is a public inbox, see mirroring instructions
for how to clone and mirror all data and code used for this inbox;
as well as URLs for NNTP newsgroup(s).