From mboxrd@z Thu Jan 1 00:00:00 1970 Return-Path: Received: from mails.dpdk.org (mails.dpdk.org [217.70.189.124]) by inbox.dpdk.org (Postfix) with ESMTP id 50B11466BD for ; Sun, 4 May 2025 13:40:19 +0200 (CEST) Received: from mails.dpdk.org (localhost [127.0.0.1]) by mails.dpdk.org (Postfix) with ESMTP id 1F0714025D; Sun, 4 May 2025 13:40:19 +0200 (CEST) Received: from mail-qt1-f225.google.com (mail-qt1-f225.google.com [209.85.160.225]) by mails.dpdk.org (Postfix) with ESMTP id 7B6D940156 for ; Sun, 4 May 2025 13:40:18 +0200 (CEST) Received: by mail-qt1-f225.google.com with SMTP id d75a77b69052e-47691d82bfbso1413871cf.0 for ; Sun, 04 May 2025 04:40:18 -0700 (PDT) DKIM-Signature: v=1; a=rsa-sha256; c=relaxed/relaxed; d=iol.unh.edu; s=unh-iol; t=1746358817; x=1746963617; darn=dpdk.org; h=references:in-reply-to:cc:to:from:subject:message-id:date:from:to :cc:subject:date:message-id:reply-to; bh=ks9/E14z43PxVy13Hf0Q4x2c4XXU6ScKvCO8xWMm7w4=; b=eU7tQJAC7TmpUXXaUYMjVqVBwbp4xOTh/SZPM//INLQgBqNZveoaIXFhWft/LxvmUn aoMs8U3TbcUOzBhm2H/uh9pLm0LzDpokUkp8jqZWm193Iae6MjBr4w+mZX3IIJgQhTN6 YxxO5s4x9D/yuXZQafoOysVFfCly6oR5aMycY= X-Google-DKIM-Signature: v=1; a=rsa-sha256; c=relaxed/relaxed; d=1e100.net; s=20230601; t=1746358817; x=1746963617; h=references:in-reply-to:cc:to:from:subject:message-id:date :x-gm-message-state:from:to:cc:subject:date:message-id:reply-to; bh=ks9/E14z43PxVy13Hf0Q4x2c4XXU6ScKvCO8xWMm7w4=; b=d+cv7/RL1QvdDkFpMXIqcPbE7joiHjAYqKQcfbk39fBbQTvUjmr3W/0ugYkPI0jkqe Afhzplwf7T5mlwElDWxJHJSZkBsH5yHqZ9d2V72SXk/h/XC5DqI8KQdn3rd1u8Ing/Y8 Be24pfvxhhfC2dH6tx3OERVoqq+pm1GCD40PKiEgUNuoE1IW9HCC97KitHHHrxHKwDNp qy6nIfgrDQ/M1cSyZ+wn7kvwLjgaSuRE6gIrPxpc731gYohixHYIteqPvCSzWWXjN644 Z8nWMRWMM8lJmL+j5P7S2VNAfsU59hSj0Gcak1iogtA1lYApeJ+t9UMaQI1FjCRRB+wu EAmg== X-Gm-Message-State: AOJu0YyB5xJn1vpGAP53rkTLev5Ku/FGDDlNf/QFxlKMVhGptjgMmpoG A9YDJZSgQ3EvPxCcsHz1qGk/Wd1L1azTSWxgG4mXYSQs258X7ivG9CqrGBCNdm5pVNA3MXT3zBS CB6nfNLGlrmGlQF8WwXFdg1TC+dC7nBcDYYv+TDuyOrgkeSeEskV6+D+j X-Gm-Gg: ASbGncuKD7coyqs2+Xqx3rjYdFKKDey7IOImkLHzfZcALduS677pachlztB6zwGgIsZ FHwHfvyPQaH4jg2y+bDLjRtc/mn54DfMyQ9u3bbUP4UYnj25TCjL8yvJOV9y/VRecJ7FVfNdabg lJAV+ndgMbyzZyitp5DbxwPYu/pMQDcXeBFSOn5z4waBmjTzAeia3EScYIiPlG6MBnmC8Q38NAV z5npASoCBn4xsk9WZsdENH1BgiOLW77ovCclefZy2Iuh3/LkkeTGIgflouhrE171w9h8Oi4pRdy H+iZWrQh29QtKED447/iQIcPvdTqeNThLuNN X-Google-Smtp-Source: AGHT+IE0+8J3U1M4OZZwy29za3mL2ekmL5wOYvfMLmKvy716rylwpWHRQD3xxiCeIksgZ/apW176KVx9Fg9w X-Received: by 2002:a05:6214:5099:b0:6f4:cdca:2a6e with SMTP id 6a1803df08f44-6f528d33ebamr55262046d6.45.1746358817698; Sun, 04 May 2025 04:40:17 -0700 (PDT) Received: from postal.iol.unh.edu (postal.iol.unh.edu. [2606:4100:3880:1234::84]) by smtp-relay.gmail.com with ESMTPS id 6a1803df08f44-6f50f3ad8afsm16007716d6.11.2025.05.04.04.40.17 (version=TLS1_2 cipher=ECDHE-ECDSA-AES128-GCM-SHA256 bits=128/128); Sun, 04 May 2025 04:40:17 -0700 (PDT) X-Relaying-Domain: iol.unh.edu Date: Sun, 04 May 2025 04:40:17 -0700 (PDT) Message-ID: <68175221.050a0220.34ffe6.f05bSMTPIN_ADDED_MISSING@mx.google.com> Received: from [172.21.0.6] (unknown [172.18.0.240]) by postal.iol.unh.edu (Postfix) with ESMTP id 21B5C6052471; Sun, 4 May 2025 07:40:17 -0400 (EDT) Subject: |FAILURE| pw153228 [PATCH] net/ice: update log message From: dpdklab@iol.unh.edu To: Test Report Cc: dpdk-test-reports@iol.unh.edu, "Pillai, Dhanya R" In-Reply-To: <20250502152601.699443-1-dhanya.r.pillai@intel.com> References: <20250502152601.699443-1-dhanya.r.pillai@intel.com> Content-Type: text/plain X-BeenThere: test-report@dpdk.org X-Mailman-Version: 2.1.29 Precedence: list List-Id: automatic DPDK test reports List-Unsubscribe: , List-Archive: List-Post: List-Help: List-Subscribe: , Errors-To: test-report-bounces@dpdk.org Test-Label: iol-unit-amd64-testing Test-Status: FAILURE http://dpdk.org/patch/153228 _Testing issues_ Submitter: Pillai, Dhanya R Date: Friday, May 02 2025 15:25:59 DPDK git baseline: Repo:dpdk Branch: master CommitID:2665bfb9838fec7ea6c3b2be5831f93ee087b288 153228 --> testing issues Upstream job id: Generic-Unit-Test-DPDK#335131 Test environment and result as below: +---------------------+----------------+ | Environment | dpdk_unit_test | +=====================+================+ | CentOS Stream 9 | PASS | +---------------------+----------------+ | Debian 12 | PASS | +---------------------+----------------+ | CentOS Stream 10 | PASS | +---------------------+----------------+ | Fedora 40 (Clang) | FAIL | +---------------------+----------------+ | Fedora 41 (Clang) | PASS | +---------------------+----------------+ | Ubuntu 20.04 | PASS | +---------------------+----------------+ | RHEL8 | PASS | +---------------------+----------------+ | Ubuntu 24.04 | PASS | +---------------------+----------------+ | Fedora 40 | PASS | +---------------------+----------------+ | Ubuntu 22.04 | PASS | +---------------------+----------------+ | RHEL9 | PASS | +---------------------+----------------+ | Fedora 41 | PASS | +---------------------+----------------+ | Windows Server 2022 | PASS | +---------------------+----------------+ ==== Unit test summary for Fedora 40 (Clang) (dpdk_unit_test): ==== ninja: Entering directory `/root/workspace/Generic-Unit-Test-DPDK/dpdk/build' ninja: no work to do. 1/119 DPDK:fast-tests / acl_autotest OK 2.94s 2/119 DPDK:fast-tests / alarm_autotest OK 1.35s 3/119 DPDK:fast-tests / argparse_autotest OK 0.18s 4/119 DPDK:fast-tests / atomic_autotest OK 0.40s 5/119 DPDK:fast-tests / bitcount_autotest OK 0.18s 6/119 DPDK:fast-tests / bitmap_autotest OK 0.17s 7/119 DPDK:fast-tests / bitops_autotest OK 2.02s 8/119 DPDK:fast-tests / bitratestats_autotest OK 0.17s 9/119 DPDK:fast-tests / bitset_autotest OK 1.49s 10/119 DPDK:fast-tests / bpf_autotest OK 0.17s 11/119 DPDK:fast-tests / bpf_convert_autotest OK 0.17s 12/119 DPDK:fast-tests / byteorder_autotest OK 0.17s 13/119 DPDK:fast-tests / cfgfile_autotest OK 0.18s 14/119 DPDK:fast-tests / cksum_autotest OK 0.24s 15/119 DPDK:fast-tests / cmdline_autotest OK 0.17s 16/119 DPDK:fast-tests / common_autotest OK 0.38s 17/119 DPDK:fast-tests / compressdev_autotest SKIP 0.16s exit status 77 18/119 DPDK:fast-tests / cpuflags_autotest OK 0.18s 19/119 DPDK:fast-tests / crc_autotest OK 0.17s 20/119 DPDK:fast-tests / user_delay_us OK 0.17s 21/119 DPDK:fast-tests / debug_autotest OK 0.38s 22/119 DPDK:fast-tests / devargs_autotest OK 0.35s 23/119 DPDK:fast-tests / dispatcher_autotest SKIP 0.14s exit status 77 24/119 DPDK:fast-tests / distributor_autotest OK 1.04s 25/119 DPDK:fast-tests / eal_flags_c_opt_autotest OK 0.86s 26/119 DPDK:fast-tests / eal_flags_main_opt_autotest OK 0.29s 27/119 DPDK:fast-tests / eal_flags_n_opt_autotest OK 0.62s 28/119 DPDK:fast-tests / eal_flags_hpet_autotest OK 0.20s 29/119 DPDK:fast-tests / eal_flags_no_huge_autotest OK 0.51s 30/119 DPDK:fast-tests / eal_flags_a_opt_autotest OK 0.38s 31/119 DPDK:fast-tests / eal_flags_b_opt_autotest OK 0.31s 32/119 DPDK:fast-tests / eal_flags_vdev_opt_autotest OK 0.60s 33/119 DPDK:fast-tests / eal_flags_r_opt_autotest OK 0.48s 34/119 DPDK:fast-tests / eal_flags_mem_autotest OK 0.84s 35/119 DPDK:fast-tests / eal_flags_file_prefix_autotest OK 2.06s 36/119 DPDK:fast-tests / eal_flags_misc_autotest FAIL 2.85s killed by signal 11 SIGSEGV >>> DPDK_TEST=eal_flags_misc_autotest MALLOC_PERTURB_=88 /root/workspace/Generic-Unit-Test-DPDK/dpdk/build/app/dpdk-test 37/119 DPDK:fast-tests / eal_fs_autotest OK 0.19s 38/119 DPDK:fast-tests / errno_autotest OK 0.17s 39/119 DPDK:fast-tests / ethdev_link_status OK 0.17s 40/119 DPDK:fast-tests / event_eth_tx_adapter_autotest OK 0.58s 41/119 DPDK:fast-tests / event_ring_autotest OK 0.17s 42/119 DPDK:fast-tests / eventdev_common_autotest OK 0.17s 43/119 DPDK:fast-tests / eventdev_selftest_sw OK 0.20s 44/119 DPDK:fast-tests / fbarray_autotest OK 0.17s 45/119 DPDK:fast-tests / fib_autotest OK 0.69s 46/119 DPDK:fast-tests / fib6_autotest OK 0.65s 47/119 DPDK:fast-tests / func_reentrancy_autotest OK 0.77s 48/119 DPDK:fast-tests / graph_autotest OK 0.33s 49/119 DPDK:fast-tests / node_list_dump OK 0.17s 50/119 DPDK:fast-tests / hash_autotest OK 0.40s 51/119 DPDK:fast-tests / hash_readwrite_func_autotest SKIP 0.15s exit status 77 52/119 DPDK:fast-tests / interrupt_autotest OK 1.51s 53/119 DPDK:fast-tests / ipfrag_autotest OK 0.32s 54/119 DPDK:fast-tests / ipsec_autotest SKIP 0.17s exit status 77 55/119 DPDK:fast-tests / kvargs_autotest OK 0.16s 56/119 DPDK:fast-tests / latencystats_autotest OK 0.17s 57/119 DPDK:fast-tests / lcore_var_autotest OK 0.29s 58/119 DPDK:fast-tests / lcores_autotest OK 2.21s 59/119 DPDK:fast-tests / logs_autotest OK 0.25s 60/119 DPDK:fast-tests / lpm_autotest OK 3.83s 61/119 DPDK:fast-tests / lpm6_autotest OK 5.92s 62/119 DPDK:fast-tests / malloc_autotest OK 0.52s 63/119 DPDK:fast-tests / mbuf_autotest OK 0.20s 64/119 DPDK:fast-tests / mcslock_autotest OK 0.80s 65/119 DPDK:fast-tests / member_autotest OK 1.58s 66/119 DPDK:fast-tests / memcpy_autotest OK 2.88s 67/119 DPDK:fast-tests / memory_autotest OK 0.15s 68/119 DPDK:fast-tests / mempool_autotest OK 0.47s 69/119 DPDK:fast-tests / memzone_autotest OK 0.18s 70/119 DPDK:fast-tests / meter_autotest OK 0.34s 71/119 DPDK:fast-tests / metrics_autotest OK 0.20s 72/119 DPDK:fast-tests / multiprocess_autotest OK 0.70s 73/119 DPDK:fast-tests / net_ether_autotest OK 0.98s 74/119 DPDK:fast-tests / net_ipv6_autotest OK 0.24s 75/119 DPDK:fast-tests / pcapng_autotest OK 6.85s 76/119 DPDK:fast-tests / pdcp_autotest SKIP 0.14s exit status 77 77/119 DPDK:fast-tests / pdump_autotest OK 0.52s 78/119 DPDK:fast-tests / per_lcore_autotest OK 0.46s 79/119 DPDK:fast-tests / pflock_autotest OK 0.40s 80/119 DPDK:fast-tests / pie_autotest OK 0.19s 81/119 DPDK:fast-tests / ring_pmd_autotest OK 0.18s 82/119 DPDK:fast-tests / power_autotest OK 0.22s 83/119 DPDK:fast-tests / power_cpufreq_autotest SKIP 0.15s exit status 77 84/119 DPDK:fast-tests / power_intel_uncore_autotest SKIP 0.21s exit status 77 85/119 DPDK:fast-tests / power_kvm_vm_autotest SKIP 0.14s exit status 77 86/119 DPDK:fast-tests / prefetch_autotest OK 0.22s 87/119 DPDK:fast-tests / ptr_compress_autotest OK 0.21s 88/119 DPDK:fast-tests / rawdev_autotest OK 0.18s 89/119 DPDK:fast-tests / rcu_qsbr_autotest OK 0.61s 90/119 DPDK:fast-tests / reorder_autotest OK 0.44s 91/119 DPDK:fast-tests / rib_autotest OK 7.43s 92/119 DPDK:fast-tests / rib6_autotest OK 6.46s 93/119 DPDK:fast-tests / ring_autotest OK 0.18s 94/119 DPDK:fast-tests / rwlock_test1_autotest OK 0.27s 95/119 DPDK:fast-tests / rwlock_rda_autotest OK 5.34s 96/119 DPDK:fast-tests / rwlock_rds_wrm_autotest OK 5.23s 97/119 DPDK:fast-tests / rwlock_rde_wro_autotest OK 5.17s 98/119 DPDK:fast-tests / sched_autotest OK 0.27s 99/119 DPDK:fast-tests / security_autotest OK 0.22s 100/119 DPDK:fast-tests / seqlock_autotest SKIP 0.18s exit status 77 101/119 DPDK:fast-tests / service_autotest OK 0.30s 102/119 DPDK:fast-tests / soring_autotest OK 0.24s 103/119 DPDK:fast-tests / spinlock_autotest OK 0.27s 104/119 DPDK:fast-tests / stack_autotest OK 0.18s 105/119 DPDK:fast-tests / stack_lf_autotest OK 0.37s 106/119 DPDK:fast-tests / string_autotest OK 0.18s 107/119 DPDK:fast-tests / table_autotest OK 6.73s 108/119 DPDK:fast-tests / tailq_autotest OK 0.17s 109/119 DPDK:fast-tests / telemetry_data_autotest OK 0.17s 110/119 DPDK:fast-tests / telemetry_json_autotest OK 0.24s 111/119 DPDK:fast-tests / thash_autotest OK 0.18s 112/119 DPDK:fast-tests / threads_autotest OK 0.39s 113/119 DPDK:fast-tests / ticketlock_autotest OK 0.27s 114/119 DPDK:fast-tests / timer_autotest OK 2.71s 115/119 DPDK:fast-tests / trace_autotest OK 0.18s 116/119 DPDK:fast-tests / trace_autotest_with_traces OK 0.24s 117/119 DPDK:fast-tests / vdev_autotest OK 0.24s 118/119 DPDK:fast-tests / version_autotest OK 0.17s 119/119 DPDK:fast-tests / telemetry_all SKIP 0.01s exit status 77 Ok: 108 Expected Fail: 0 Fail: 1 Unexpected Pass: 0 Skipped: 10 Timeout: 0 Full log written to /root/workspace/Generic-Unit-Test-DPDK/dpdk/build/meson-logs/testlog.txt Test log output from the failed test eal_flags_misc_autotest: Sorry, we were not able to find the logs for this test. Download the log output from the CI site for this test run. ==== End log output ==== CentOS Stream 9 Kernel: Depends on container host Compiler: gcc 11.5.0 20240719 (Red Hat 11.5.0-2) Debian 12 Kernel: Depends on container host Compiler: gcc (Debian 12.2.0-14) 12.2.0 CentOS Stream 10 Kernel: Depends on container host Compiler: gcc 14.2.1 20241104 (Red Hat 14.2.1-6) Fedora 40 (Clang) Kernel: Depends on container host Compiler: clang 18.1.8 (Fedora 18.1.8-1.fc40) Fedora 41 (Clang) Kernel: Depends on container host Compiler: clang 19.1.5 (Fedora 19.1.5-1.fc41) Ubuntu 20.04 Kernel: Depends on container host Compiler: gcc (Ubuntu 9.4.0-1ubuntu1~20.04.2) 9.4.0 RHEL8 Kernel: Depends on container host Compiler: gcc 8.5.0 20210514 (Red Hat 8.5.0-22) Ubuntu 24.04 Kernel: Depends on container host Compiler: gcc (Ubuntu 13.3.0-6ubuntu2~24.04) 13.3.0 Fedora 40 Kernel: Depends on container host Compiler: gcc 14.2.1 20240912 (Red Hat 14.2.1-3) Ubuntu 22.04 Kernel: Depends on container host Compiler: gcc (Ubuntu 11.4.0-1ubuntu1~22.04) 11.4.0 RHEL9 Kernel: Depends on container host Compiler: gcc 11.5.0 20240719 (Red Hat 11.5.0-2) Fedora 41 Kernel: Depends on container host Compiler: gcc 14.2.1 20240912 (Red Hat 14.2.1-3) Windows Server 2022 Kernel: 10.0.20348.2031 Compiler: clang 15.0.7, gcc 14.1.0 (MinGW), and MSVC VS 19.39.33521 To view detailed results, visit: https://lab.dpdk.org/results/dashboard/patchsets/33098/ UNH-IOL DPDK Community Lab To manage your email subscriptions, visit: https://lab.dpdk.org/results/dashboard/preferences/subscriptions/