From mboxrd@z Thu Jan 1 00:00:00 1970 Return-Path: Received: from mails.dpdk.org (mails.dpdk.org [217.70.189.124]) by inbox.dpdk.org (Postfix) with ESMTP id 018AB466C5 for ; Mon, 5 May 2025 06:52:28 +0200 (CEST) Received: from mails.dpdk.org (localhost [127.0.0.1]) by mails.dpdk.org (Postfix) with ESMTP id D414A4025D; Mon, 5 May 2025 06:52:28 +0200 (CEST) Received: from mail-yw1-f226.google.com (mail-yw1-f226.google.com [209.85.128.226]) by mails.dpdk.org (Postfix) with ESMTP id 9545940156 for ; Mon, 5 May 2025 06:52:27 +0200 (CEST) Received: by mail-yw1-f226.google.com with SMTP id 00721157ae682-702599fa7c5so39063547b3.1 for ; Sun, 04 May 2025 21:52:27 -0700 (PDT) DKIM-Signature: v=1; a=rsa-sha256; c=relaxed/relaxed; d=iol.unh.edu; s=unh-iol; t=1746420747; x=1747025547; darn=dpdk.org; h=cc:to:from:subject:message-id:date:from:to:cc:subject:date :message-id:reply-to; bh=S3H5qJA29nOq1P87VAqhyx1nDDPULgfRV1RIzlTBK7E=; b=Z0Tm+aGG4pdGiosSFOHvQ95d8Kj4++TAsIA8XAn862mVZuwfoU+lI5SevPslik0Hqx 6ixPEFnRBMR+9BrsiLrft4Bco2se6mUJLOnUsJ/98imAQ+/6IEpgcik/pMJMYgMoxaVT PXgwyV+EEjeYAJDg7D0MFzCS6sXMe6pzJYjU4= X-Google-DKIM-Signature: v=1; a=rsa-sha256; c=relaxed/relaxed; d=1e100.net; s=20230601; t=1746420747; x=1747025547; h=cc:to:from:subject:message-id:date:x-gm-message-state:from:to:cc :subject:date:message-id:reply-to; bh=S3H5qJA29nOq1P87VAqhyx1nDDPULgfRV1RIzlTBK7E=; b=V3RTrZKXUX7u1PkNxKy/J/nh8AcVOf75eJ26DFZ0jU0jbFY4yAfA8DHrauM3Atc0qA yizYH2NdhYCoDXCMZv9SnDlb9DoK+K+A1buL/13HwzpCG1kUv2a5NaD0W0XkFL2qUYvS ohNc1iam/XOVFiTV6QR7C9Z47JXwyAqy99FU8BJlKbMXbxxi5NqtBKLFoDf7mDbvAGqa +vRbzHf+XPiwCO3EjP4reFl7vBK8d05ujd0l7gUFbVG0YygXMVQuZu9LUIufWPd7pVK8 +XJJjY8BIIKV88d4e8M/218XrgRRV4mcxLwJrtMLt3+AwdNIM0oCxRpLJNCdPwfHxCAq YMbA== X-Gm-Message-State: AOJu0Yz4foxjDsMJ1qUZTNgyaDalZGQvWGhLwRX2NnMpf1HJOzrsRwEO RJ8L6Dxp9ASkmU/AZm9tojeqrBxZyTM9v5S3w+sBd4io3bkElzIVc2d/GPdEgGYTLc4ZRkJKmcs 6Dg+Z+5HB6wROHJ1GpDW4/hSSIzuvgJLoeLLPrlNCOadVo0Gl X-Gm-Gg: ASbGnctJsk5/s/Z1J2W2YQQgg02n2JuwKavSjvlfRFQh3nLd1J2RHNUQfPjl0j93RMP EuqBT9qy1qartHaCyrrvMOb9OWoEdL9B8dMNaxEoHCEgmfG5qAKkwfJr0iS+TUBCZU5HKy8mHjZ UnYV6rf5Jj2I7xJUZobfPNWVQEdMoB9pF9FMqLCVCHQNHmxYEzwVWvp0NHOEV/teCDZGFoyfFU6 75hLRdGgmdiePP4752xkuJ2VQKJkul+AJIfKSVCfIbLV+iOA3RGtvu+kPQgkW/JAKtr/t8bJzhx T7W6+X5Zb9Mb0DulkIEQoi0iCIhCzvqkoI+o X-Google-Smtp-Source: AGHT+IHCJPKdymcc5g6TsOdPLKrbn/2aD4X8xBjl3pb0OMKJyivvocYrTIrxO3u1n65l3lV1wLt3AWMlrJHs X-Received: by 2002:a05:690c:490e:b0:6fb:9445:d28e with SMTP id 00721157ae682-708ced7060amr154704977b3.10.1746420746840; Sun, 04 May 2025 21:52:26 -0700 (PDT) Received: from postal.iol.unh.edu (postal.iol.unh.edu. [2606:4100:3880:1234::84]) by smtp-relay.gmail.com with ESMTPS id 00721157ae682-708c412c865sm20748957b3.19.2025.05.04.21.52.26 (version=TLS1_2 cipher=ECDHE-ECDSA-AES128-GCM-SHA256 bits=128/128); Sun, 04 May 2025 21:52:26 -0700 (PDT) X-Relaying-Domain: iol.unh.edu Date: Sun, 04 May 2025 21:52:26 -0700 (PDT) Message-ID: <6818440a.0d0a0220.16ad4c.cb2fSMTPIN_ADDED_MISSING@mx.google.com> Received: from [172.21.0.6] (unknown [172.18.0.240]) by postal.iol.unh.edu (Postfix) with ESMTP id 787BF6052471; Mon, 5 May 2025 00:52:26 -0400 (EDT) Subject: |WARNING| [GIT MASTER] 4401486b5e30d43a134f80f9802f60b5f43e74a8 From: dpdklab@iol.unh.edu To: Test Report Cc: dpdk-test-reports@iol.unh.edu, Xueming Li , Christian Ehrhardt , Kevin Traynor , Luca Boccassi Content-Type: text/plain X-BeenThere: test-report@dpdk.org X-Mailman-Version: 2.1.29 Precedence: list List-Id: automatic DPDK test reports List-Unsubscribe: , List-Archive: List-Post: List-Help: List-Subscribe: , Errors-To: test-report-bounces@dpdk.org _Testing issues_ Branch: tags/v22.11 4401486b5e30d43a134f80f9802f60b5f43e74a8 --> testing issues Upstream job id: Generic-DPDK-Compile-ABI#125171 Test environment and result as below: +-------------------+----------+ | Environment | abi_test | +===================+==========+ | CentOS Stream 9 | FAIL | +-------------------+----------+ | CentOS Stream 10 | PEND | +-------------------+----------+ | Debian 12 | PEND | +-------------------+----------+ | Fedora 40 (Clang) | FAIL | +-------------------+----------+ | Fedora 40 | PEND | +-------------------+----------+ | Fedora 41 (Clang) | PEND | +-------------------+----------+ | Fedora 41 | PEND | +-------------------+----------+ | openSUSE Leap 15 | PEND | +-------------------+----------+ | Ubuntu 22.04 | PEND | +-------------------+----------+ | RHEL9 | PASS | +-------------------+----------+ | RHEL8 | PEND | +-------------------+----------+ | Ubuntu 24.04 | PEND | +-------------------+----------+ ==== 20 line log output for Fedora 40 (Clang) (abi_test): ==== './librte_regex_cn9k.so.23.0' -> 'dpdk/pmds-23.0/librte_regex_cn9k.so.23.0' './librte_regex_mlx5.so' -> 'dpdk/pmds-23.0/librte_regex_mlx5.so' './librte_regex_mlx5.so.23' -> 'dpdk/pmds-23.0/librte_regex_mlx5.so.23' './librte_regex_mlx5.so.23.0' -> 'dpdk/pmds-23.0/librte_regex_mlx5.so.23.0' './librte_vdpa_ifc.so' -> 'dpdk/pmds-23.0/librte_vdpa_ifc.so' './librte_vdpa_ifc.so.23' -> 'dpdk/pmds-23.0/librte_vdpa_ifc.so.23' './librte_vdpa_ifc.so.23.0' -> 'dpdk/pmds-23.0/librte_vdpa_ifc.so.23.0' './librte_vdpa_mlx5.so' -> 'dpdk/pmds-23.0/librte_vdpa_mlx5.so' './librte_vdpa_mlx5.so.23' -> 'dpdk/pmds-23.0/librte_vdpa_mlx5.so.23' './librte_vdpa_mlx5.so.23.0' -> 'dpdk/pmds-23.0/librte_vdpa_mlx5.so.23.0' './librte_vdpa_sfc.so' -> 'dpdk/pmds-23.0/librte_vdpa_sfc.so' './librte_vdpa_sfc.so.23' -> 'dpdk/pmds-23.0/librte_vdpa_sfc.so.23' './librte_vdpa_sfc.so.23.0' -> 'dpdk/pmds-23.0/librte_vdpa_sfc.so.23.0' Installing /root/workspace/Generic-DPDK-Compile-ABI@4/dpdk/usertools/dpdk-hugepages.py to /root/workspace/Generic-DPDK-Compile-ABI@4/build_install/usr/local/bin Installing /root/workspace/Generic-DPDK-Compile-ABI@4/dpdk/build/rte_build_config.h to /root/workspace/Generic-DPDK-Compile-ABI@4/build_install/usr/local/include Installing /root/workspace/Generic-DPDK-Compile-ABI@4/dpdk/build/meson-private/libdpdk-libs.pc to /root/workspace/Generic-DPDK-Compile-ABI@4/build_install/usr/local/lib64/pkgconfig Installing /root/workspace/Generic-DPDK-Compile-ABI@4/dpdk/build/meson-private/libdpdk.pc to /root/workspace/Generic-DPDK-Compile-ABI@4/build_install/usr/local/lib64/pkgconfig Running custom install script '/bin/sh /root/workspace/Generic-DPDK-Compile-ABI@4/dpdk/config/../buildtools/symlink-drivers-solibs.sh lib64 dpdk/pmds-23.0' ==== Compiled DPDK with debugoptimized bash: /scripts/generate_abi.sh: No such file or directory ==== End log output ==== CentOS Stream 9 Kernel: Depends on container host Compiler: gcc 11.5.0 20240719 (Red Hat 11.5.0-2) CentOS Stream 10 Kernel: Depends on container host Compiler: gcc 14.2.1 20241104 (Red Hat 14.2.1-6) Debian 12 Kernel: Depends on container host Compiler: gcc (Debian 12.2.0-14) 12.2.0 Fedora 40 (Clang) Kernel: Depends on container host Compiler: clang 18.1.8 (Fedora 18.1.8-1.fc40) Fedora 40 Kernel: Depends on container host Compiler: gcc 14.2.1 20240912 (Red Hat 14.2.1-3) Fedora 41 (Clang) Kernel: Depends on container host Compiler: clang 19.1.5 (Fedora 19.1.5-1.fc41) Fedora 41 Kernel: Depends on container host Compiler: gcc 14.2.1 20240912 (Red Hat 14.2.1-3) openSUSE Leap 15 Kernel: Depends on container host Compiler: gcc (SUSE Linux) 7.5.0 Ubuntu 22.04 Kernel: Depends on container host Compiler: gcc (Ubuntu 11.4.0-1ubuntu1~22.04) 11.4.0 RHEL9 Kernel: Depends on container host Compiler: gcc 11.5.0 20240719 (Red Hat 11.5.0-2) RHEL8 Kernel: Depends on container host Compiler: gcc 8.5.0 20210514 (Red Hat 8.5.0-22) Ubuntu 24.04 Kernel: Depends on container host Compiler: gcc (Ubuntu 13.3.0-6ubuntu2~24.04) 13.3.0 To view detailed results, visit: https://lab.dpdk.org/results/dashboard/tarballs/33426/ UNH-IOL DPDK Community Lab To manage your email subscriptions, visit: https://lab.dpdk.org/results/dashboard/preferences/subscriptions/