From mboxrd@z Thu Jan 1 00:00:00 1970 Return-Path: Received: from mails.dpdk.org (mails.dpdk.org [217.70.189.124]) by inbox.dpdk.org (Postfix) with ESMTP id D286F466C5 for ; Mon, 5 May 2025 07:39:33 +0200 (CEST) Received: from mails.dpdk.org (localhost [127.0.0.1]) by mails.dpdk.org (Postfix) with ESMTP id B1BC44025D; Mon, 5 May 2025 07:39:33 +0200 (CEST) Received: from mail-il1-f226.google.com (mail-il1-f226.google.com [209.85.166.226]) by mails.dpdk.org (Postfix) with ESMTP id AE8EC40156 for ; Mon, 5 May 2025 07:39:32 +0200 (CEST) Received: by mail-il1-f226.google.com with SMTP id e9e14a558f8ab-3d7f111e9e1so47324635ab.1 for ; Sun, 04 May 2025 22:39:32 -0700 (PDT) DKIM-Signature: v=1; a=rsa-sha256; c=relaxed/relaxed; d=iol.unh.edu; s=unh-iol; t=1746423572; x=1747028372; darn=dpdk.org; h=cc:to:from:subject:message-id:date:from:to:cc:subject:date :message-id:reply-to; bh=+8FSZazCld0LiZqRFUC+DqjdAi8IP3+yyhbPyDyqUgQ=; b=Z/8ioTsrBmkbAQbXaQEAavA53u/ZLVWEoc+1AUNHhKAwY3P7Xs2c61nDSvHtq2OUMU vjBysteTCMn473xUllwAAkLwUNqg4pmPErQjjoBc8H5aHnD5UGw60iKrI+xqHWk0ccOg owA37uHrBYcPgpqAUSgiNgcidKxGLsv68pXGk= X-Google-DKIM-Signature: v=1; a=rsa-sha256; c=relaxed/relaxed; d=1e100.net; s=20230601; t=1746423572; x=1747028372; h=cc:to:from:subject:message-id:date:x-gm-message-state:from:to:cc :subject:date:message-id:reply-to; bh=+8FSZazCld0LiZqRFUC+DqjdAi8IP3+yyhbPyDyqUgQ=; b=DWnWLlYTgYUHKNycBgwbc4w/NMtX9jvn9RwL/tthkDIIWduIsq2FBGRybAhblBqNfx xGszg73bSkScEZvbH6ES/rNf1CuvZE+6Rzf7OBdEslBqvTH/YGf8GSQsErIunSrYnsMb w43owYgitu9ohIJQi++uEP5F72BT7uhwC0N1vgZg+EOeVYEgPOxsK5IWp1cDQLiOVXJK 77v0m9BgQAaJXtiIqYAf8VvrhEvWFwjjgp0TdbAGC/cXyHeqIHVCvwqh6ExWfDRUqfoN bS2gvEKedsU7dZ8l6rinHlLYh9F1FWNRH3kIF90CYueES3tugML+MHfzCjyaSz3yyyq7 BVyQ== X-Gm-Message-State: AOJu0YzZp9z6Meh03+Rcr25bWiS1WTARohlzVqHNwivdFFaOsarlfI+J Y6KA5Ka21k0QmkgJBn96qHxaFOvE4K3tU6o/82cvD0fTOWgHBhLjtuJqgF8Np8++mkPu00H1PTH cZ7kaDgG6Pl7kPt6A8+IGnUlluHljzJj1 X-Gm-Gg: ASbGncvewd2djiVLYyY2Zz27Id5Bakk0PLwjbv8CgTql7SlCqPQ4Mt5AR7BUFSNGbT/ 64Q+GxbZpLbehWfMvh5qIWRg/j5mRbstfjwwWC15rlIpZiVtw9o+7cSF0wEIWKhulINlLzf01Xh /4gtFDTXHxv7Jq7CT0JOyolwfzoC/30CF3/DwoowTNNhi94XmxV8gQHjdE5Mjd+7bKLxLhflAiY E1Ybm7APhQUSJ7ksXh9NugHfimSbgj/xGUcWK4gQ5FU4wzwMF0csQfo3bEgq0/icO7WBRzNoI3R 9KpfLTsqT+rz9dqXn9GSfPwaSDWNusGnR8Ow740vasCcSdPUl/ZzFbCgHh0= X-Google-Smtp-Source: AGHT+IG5F3ccnBEqumL9jasTfx3aO0d4Bkp7lrilESSHWxbuNldj3RS/jgNT+lEFYAr0tBsJc/KOBSo/kfGw X-Received: by 2002:a05:6e02:3e02:b0:3d8:1bd0:9a79 with SMTP id e9e14a558f8ab-3da5b34584dmr63927495ab.21.1746423571939; Sun, 04 May 2025 22:39:31 -0700 (PDT) Received: from postal.iol.unh.edu (postal.iol.unh.edu. [132.177.123.84]) by smtp-relay.gmail.com with ESMTPS id e9e14a558f8ab-3d975e34b5fsm19953515ab.9.2025.05.04.22.39.31 (version=TLS1_2 cipher=ECDHE-ECDSA-AES128-GCM-SHA256 bits=128/128); Sun, 04 May 2025 22:39:31 -0700 (PDT) X-Relaying-Domain: iol.unh.edu Date: Sun, 04 May 2025 22:39:31 -0700 (PDT) Message-ID: <68184f13.050a0220.31e9fd.3a59SMTPIN_ADDED_MISSING@mx.google.com> Received: from [172.21.0.6] (unknown [172.18.0.240]) by postal.iol.unh.edu (Postfix) with ESMTP id 73B196052471; Mon, 5 May 2025 01:39:31 -0400 (EDT) Subject: |WARNING| [GIT MASTER] 4401486b5e30d43a134f80f9802f60b5f43e74a8 From: dpdklab@iol.unh.edu To: Test Report Cc: dpdk-test-reports@iol.unh.edu, Xueming Li , Christian Ehrhardt , Kevin Traynor , Luca Boccassi Content-Type: text/plain X-BeenThere: test-report@dpdk.org X-Mailman-Version: 2.1.29 Precedence: list List-Id: automatic DPDK test reports List-Unsubscribe: , List-Archive: List-Post: List-Help: List-Subscribe: , Errors-To: test-report-bounces@dpdk.org _Testing issues_ Branch: tags/v22.11 4401486b5e30d43a134f80f9802f60b5f43e74a8 --> testing issues Upstream job id: Generic-DPDK-Compile-ABI#125180 Test environment and result as below: +-------------------+----------+ | Environment | abi_test | +===================+==========+ | CentOS Stream 9 | FAIL | +-------------------+----------+ | CentOS Stream 10 | FAIL | +-------------------+----------+ | Debian 12 | FAIL | +-------------------+----------+ | Fedora 40 (Clang) | FAIL | +-------------------+----------+ | Fedora 40 | PASS | +-------------------+----------+ | Fedora 41 (Clang) | PASS | +-------------------+----------+ | Fedora 41 | FAIL | +-------------------+----------+ | openSUSE Leap 15 | PASS | +-------------------+----------+ | Ubuntu 22.04 | PASS | +-------------------+----------+ | RHEL9 | PASS | +-------------------+----------+ | RHEL8 | PASS | +-------------------+----------+ | Ubuntu 24.04 | FAIL | +-------------------+----------+ ==== 20 line log output for Ubuntu 24.04 (abi_test): ==== './librte_vdpa_ifc.so.23' -> 'dpdk/pmds-23.0/librte_vdpa_ifc.so.23' './librte_vdpa_ifc.so.23.0' -> 'dpdk/pmds-23.0/librte_vdpa_ifc.so.23.0' './librte_vdpa_mlx5.so' -> 'dpdk/pmds-23.0/librte_vdpa_mlx5.so' './librte_vdpa_mlx5.so.23' -> 'dpdk/pmds-23.0/librte_vdpa_mlx5.so.23' './librte_vdpa_mlx5.so.23.0' -> 'dpdk/pmds-23.0/librte_vdpa_mlx5.so.23.0' './librte_vdpa_sfc.so' -> 'dpdk/pmds-23.0/librte_vdpa_sfc.so' './librte_vdpa_sfc.so.23' -> 'dpdk/pmds-23.0/librte_vdpa_sfc.so.23' './librte_vdpa_sfc.so.23.0' -> 'dpdk/pmds-23.0/librte_vdpa_sfc.so.23.0' Installing /root/workspace/Generic-DPDK-Compile-ABI@4/dpdk/drivers/baseband/fpga_5gnr_fec/rte_pmd_fpga_5gnr_fec.h to /root/workspace/Generic-DPDK-Compile-ABI@4/build_install/usr/local/include Installing /root/workspace/Generic-DPDK-Compile-ABI@4/dpdk/usertools/dpdk-devbind.py to /root/workspace/Generic-DPDK-Compile-ABI@4/build_install/usr/local/bin Installing /root/workspace/Generic-DPDK-Compile-ABI@4/dpdk/usertools/dpdk-pmdinfo.py to /root/workspace/Generic-DPDK-Compile-ABI@4/build_install/usr/local/bin Installing /root/workspace/Generic-DPDK-Compile-ABI@4/dpdk/usertools/dpdk-telemetry.py to /root/workspace/Generic-DPDK-Compile-ABI@4/build_install/usr/local/bin Installing /root/workspace/Generic-DPDK-Compile-ABI@4/dpdk/usertools/dpdk-hugepages.py to /root/workspace/Generic-DPDK-Compile-ABI@4/build_install/usr/local/bin Installing /root/workspace/Generic-DPDK-Compile-ABI@4/dpdk/doc/guides/custom.css to /root/workspace/Generic-DPDK-Compile-ABI@4/build_install/usr/local/share/doc/dpdk/_static/css Installing /root/workspace/Generic-DPDK-Compile-ABI@4/dpdk/build/rte_build_config.h to /root/workspace/Generic-DPDK-Compile-ABI@4/build_install/usr/local/include Installing /root/workspace/Generic-DPDK-Compile-ABI@4/dpdk/build/meson-private/libdpdk-libs.pc to /root/workspace/Generic-DPDK-Compile-ABI@4/build_install/usr/local/lib/x86_64-linux-gnu/pkgconfig Installing /root/workspace/Generic-DPDK-Compile-ABI@4/dpdk/build/meson-private/libdpdk.pc to /root/workspace/Generic-DPDK-Compile-ABI@4/build_install/usr/local/lib/x86_64-linux-gnu/pkgconfig Running custom install script '/bin/sh /root/workspace/Generic-DPDK-Compile-ABI@4/dpdk/config/../buildtools/symlink-drivers-solibs.sh lib/x86_64-linux-gnu dpdk/pmds-23.0' ==== Compiled DPDK with debugoptimized bash: /scripts/generate_abi.sh: No such file or directory ==== End log output ==== CentOS Stream 9 Kernel: Depends on container host Compiler: gcc 11.5.0 20240719 (Red Hat 11.5.0-2) CentOS Stream 10 Kernel: Depends on container host Compiler: gcc 14.2.1 20241104 (Red Hat 14.2.1-6) Debian 12 Kernel: Depends on container host Compiler: gcc (Debian 12.2.0-14) 12.2.0 Fedora 40 (Clang) Kernel: Depends on container host Compiler: clang 18.1.8 (Fedora 18.1.8-1.fc40) Fedora 40 Kernel: Depends on container host Compiler: gcc 14.2.1 20240912 (Red Hat 14.2.1-3) Fedora 41 (Clang) Kernel: Depends on container host Compiler: clang 19.1.5 (Fedora 19.1.5-1.fc41) Fedora 41 Kernel: Depends on container host Compiler: gcc 14.2.1 20240912 (Red Hat 14.2.1-3) openSUSE Leap 15 Kernel: Depends on container host Compiler: gcc (SUSE Linux) 7.5.0 Ubuntu 22.04 Kernel: Depends on container host Compiler: gcc (Ubuntu 11.4.0-1ubuntu1~22.04) 11.4.0 RHEL9 Kernel: Depends on container host Compiler: gcc 11.5.0 20240719 (Red Hat 11.5.0-2) RHEL8 Kernel: Depends on container host Compiler: gcc 8.5.0 20210514 (Red Hat 8.5.0-22) Ubuntu 24.04 Kernel: Depends on container host Compiler: gcc (Ubuntu 13.3.0-6ubuntu2~24.04) 13.3.0 To view detailed results, visit: https://lab.dpdk.org/results/dashboard/tarballs/33426/ UNH-IOL DPDK Community Lab To manage your email subscriptions, visit: https://lab.dpdk.org/results/dashboard/preferences/subscriptions/