From mboxrd@z Thu Jan 1 00:00:00 1970 Return-Path: Received: from mails.dpdk.org (mails.dpdk.org [217.70.189.124]) by inbox.dpdk.org (Postfix) with ESMTP id 1D48A466C8 for ; Mon, 5 May 2025 08:44:08 +0200 (CEST) Received: from mails.dpdk.org (localhost [127.0.0.1]) by mails.dpdk.org (Postfix) with ESMTP id 1899F40650; Mon, 5 May 2025 08:44:08 +0200 (CEST) Received: from mail-pf1-f226.google.com (mail-pf1-f226.google.com [209.85.210.226]) by mails.dpdk.org (Postfix) with ESMTP id 215344025D for ; Mon, 5 May 2025 08:44:07 +0200 (CEST) Received: by mail-pf1-f226.google.com with SMTP id d2e1a72fcca58-7394945d37eso3278625b3a.3 for ; Sun, 04 May 2025 23:44:07 -0700 (PDT) DKIM-Signature: v=1; a=rsa-sha256; c=relaxed/relaxed; d=iol.unh.edu; s=unh-iol; t=1746427446; x=1747032246; darn=dpdk.org; h=cc:to:from:subject:message-id:date:from:to:cc:subject:date :message-id:reply-to; bh=w7Fjp5/9BQTfQTGWB1CEiNahr4PkLhijzii3rJuVOXM=; b=VBTRjMdlHTMp1Lv5s1m9Tk+X9HHuDwzH8U1MqDqavX7xr1ZdB/f9xuASSKeWhWalZD xF+3k4H6ZEkMbV0N1qP/hSBaR41BCDZa17Qeaha7/A2UFL3fUy+jjvfDPBajeXxsiwVn nuQHlvSk0G6rM4AJFnkAQua1Q02asdM2x9JYA= X-Google-DKIM-Signature: v=1; a=rsa-sha256; c=relaxed/relaxed; d=1e100.net; s=20230601; t=1746427446; x=1747032246; h=cc:to:from:subject:message-id:date:x-gm-message-state:from:to:cc :subject:date:message-id:reply-to; bh=w7Fjp5/9BQTfQTGWB1CEiNahr4PkLhijzii3rJuVOXM=; b=w8JCQHHIdqEsHhmoyHGVT9pY042RHxv21My800okAis2QclpoKrBAsBaYojxZMW1JO eTVosQhnjtU3IVWSv/GzU2h7paQly2PAZyB52yxUIauFXZNI285iLXbiynYtyWdwKOFE qAp3NhGkTWvlkeykPhgR+oQHZXUooPSjvpXzi0PT6VIILtf2V7iuvjn9gBxzUchpzji0 E5voyEUgYPD2yabT0xacXZvSMiFJgEN+XpPSMhEGEoDjgc9M7gI/7lE3xHJ/YlHzsfGH KCcDunSIr/LBoN1iMFU0IwRD/prS6Xeohqg1LCLC4pE2EU45bFYx4cqFSwUMVjDHKF1u zP6A== X-Gm-Message-State: AOJu0YyF/4HJbeOSOIt6N3ok6SlZOrLmjRPCnFmdnUwK7u0WmXKxVgGJ 1gLNX0EITYQi395q4IgI5ZH+Wk9mcV091Zmv65cKdGG6s95GA4lHyVhm7beQ+SK/c9kjq539hWj OVpzdk9nSfZV4i+dlMLGtpgXsIviwR01L X-Gm-Gg: ASbGnct3X9n+WnvRsGPajKZ/ssAntc4BcC94tsbuBmd5lDwKsFk9geRYAGlRXFtzaLS 9Q2ThJSv2PFUCD10jWeZQVapbafNujA5Zuwl5jHv5wTz/PVPiT+/0KyDFU3btxwitSgKDRZsvFc /VZpF0MJp0xTbnWsidOfM4d074oCHQ9P5Fa2VxgKibOjnc9+z9tYA86sX4RuKph9/gpMePl7W/Y pA8D+YsHi52e99GRNhw+s2RXmCiChox+aefCcWi9UsT9DB9loQ7g1YmiF5zF70ZcIzdscE6RfJD hrTxlNzb8UmY/0nmGk2ANI2sLPku2AiZs8hcA6FOMuGBpQtdJsf0dzauSt0= X-Google-Smtp-Source: AGHT+IEKlYCGxy/7Rkli2ogqIH3Jy2/4xzKl3Huf0VZsmBqp/bWFRvfMvlsJ1neL54YfGGlcwEHyBtb/iNB+ X-Received: by 2002:a05:6a00:328f:b0:736:5725:59b4 with SMTP id d2e1a72fcca58-7406f089a7dmr8781970b3a.3.1746427445963; Sun, 04 May 2025 23:44:05 -0700 (PDT) Received: from postal.iol.unh.edu (postal.iol.unh.edu. [132.177.123.84]) by smtp-relay.gmail.com with ESMTPS id d2e1a72fcca58-74058d7bf43sm1903666b3a.2.2025.05.04.23.44.05 (version=TLS1_2 cipher=ECDHE-ECDSA-AES128-GCM-SHA256 bits=128/128); Sun, 04 May 2025 23:44:05 -0700 (PDT) X-Relaying-Domain: iol.unh.edu Date: Sun, 04 May 2025 23:44:05 -0700 (PDT) Message-ID: <68185e35.050a0220.fb82.3067SMTPIN_ADDED_MISSING@mx.google.com> Received: from [172.21.0.7] (unknown [172.18.0.240]) by postal.iol.unh.edu (Postfix) with ESMTP id 322B06052471; Mon, 5 May 2025 02:44:05 -0400 (EDT) Subject: |FAILURE| [GIT MASTER] 4401486b5e30d43a134f80f9802f60b5f43e74a8 From: dpdklab@iol.unh.edu To: Test Report Cc: dpdk-test-reports@iol.unh.edu, Xueming Li , Christian Ehrhardt , Kevin Traynor , Luca Boccassi Content-Type: text/plain X-BeenThere: test-report@dpdk.org X-Mailman-Version: 2.1.29 Precedence: list List-Id: automatic DPDK test reports List-Unsubscribe: , List-Archive: List-Post: List-Help: List-Subscribe: , Errors-To: test-report-bounces@dpdk.org _Testing issues_ Branch: tags/v22.11 4401486b5e30d43a134f80f9802f60b5f43e74a8 --> testing issues Upstream job id: Generic-VM-Unit-Test-DPDK#28312 Test environment and result as below: +---------------------+----------------+ | Environment | dpdk_unit_test | +=====================+================+ | CentOS Stream 9 | FAIL | +---------------------+----------------+ | Fedora 40 | FAIL | +---------------------+----------------+ | Fedora 41 (Clang) | FAIL | +---------------------+----------------+ | Fedora 40 (Clang) | FAIL | +---------------------+----------------+ | CentOS Stream 10 | FAIL | +---------------------+----------------+ | Debian 12 | FAIL | +---------------------+----------------+ | Ubuntu 20.04 | PASS | +---------------------+----------------+ | Fedora 41 | PEND | +---------------------+----------------+ | RHEL8 | PEND | +---------------------+----------------+ | RHEL9 | FAIL | +---------------------+----------------+ | Ubuntu 22.04 | PEND | +---------------------+----------------+ | Ubuntu 24.04 | FAIL | +---------------------+----------------+ | Windows Server 2022 | FAIL | +---------------------+----------------+ ==== Unit test summary for Windows Server 2022 (dpdk_unit_test): ==== Failed to get the unit test results. Displaying the unit test results is not supported for some environments, such as our aarch32 testing, where meson is not used to run the tests. Download the logs available on our CI site. ==== End log output ==== CentOS Stream 9 Kernel: Depends on container host Compiler: gcc 11.5.0 20240719 (Red Hat 11.5.0-2) Fedora 40 Kernel: Depends on container host Compiler: gcc 14.2.1 20240912 (Red Hat 14.2.1-3) Fedora 41 (Clang) Kernel: Depends on container host Compiler: clang 19.1.5 (Fedora 19.1.5-1.fc41) Fedora 40 (Clang) Kernel: Depends on container host Compiler: clang 18.1.8 (Fedora 18.1.8-1.fc40) CentOS Stream 10 Kernel: Depends on container host Compiler: gcc 14.2.1 20241104 (Red Hat 14.2.1-6) Debian 12 Kernel: Depends on container host Compiler: gcc (Debian 12.2.0-14) 12.2.0 Ubuntu 20.04 Kernel: Depends on container host Compiler: gcc (Ubuntu 9.4.0-1ubuntu1~20.04.2) 9.4.0 Fedora 41 Kernel: Depends on container host Compiler: gcc 14.2.1 20240912 (Red Hat 14.2.1-3) RHEL8 Kernel: Depends on container host Compiler: gcc 8.5.0 20210514 (Red Hat 8.5.0-22) RHEL9 Kernel: Depends on container host Compiler: gcc 11.5.0 20240719 (Red Hat 11.5.0-2) Ubuntu 22.04 Kernel: Depends on container host Compiler: gcc (Ubuntu 11.4.0-1ubuntu1~22.04) 11.4.0 Ubuntu 24.04 Kernel: Depends on container host Compiler: gcc (Ubuntu 13.3.0-6ubuntu2~24.04) 13.3.0 Windows Server 2022 Kernel: 10.0.20348.2031 Compiler: clang 15.0.7, gcc 14.1.0 (MinGW), and MSVC VS 19.39.33521 To view detailed results, visit: https://lab.dpdk.org/results/dashboard/tarballs/33426/ UNH-IOL DPDK Community Lab To manage your email subscriptions, visit: https://lab.dpdk.org/results/dashboard/preferences/subscriptions/