From mboxrd@z Thu Jan 1 00:00:00 1970 Return-Path: Received: from mails.dpdk.org (mails.dpdk.org [217.70.189.124]) by inbox.dpdk.org (Postfix) with ESMTP id 1424C466C8 for ; Mon, 5 May 2025 08:51:58 +0200 (CEST) Received: from mails.dpdk.org (localhost [127.0.0.1]) by mails.dpdk.org (Postfix) with ESMTP id 1051540650; Mon, 5 May 2025 08:51:58 +0200 (CEST) Received: from mail-il1-f226.google.com (mail-il1-f226.google.com [209.85.166.226]) by mails.dpdk.org (Postfix) with ESMTP id 796D14025D for ; Mon, 5 May 2025 08:51:56 +0200 (CEST) Received: by mail-il1-f226.google.com with SMTP id e9e14a558f8ab-3d9327d0720so34244765ab.3 for ; Sun, 04 May 2025 23:51:56 -0700 (PDT) DKIM-Signature: v=1; a=rsa-sha256; c=relaxed/relaxed; d=iol.unh.edu; s=unh-iol; t=1746427916; x=1747032716; darn=dpdk.org; h=cc:to:from:subject:message-id:date:from:to:cc:subject:date :message-id:reply-to; bh=wYyfKxJoU+D/k5/HlWH8tF+xNHDVPh5h3O+h516Wzak=; b=IAiswv7YIHR2UnI7dLN3Whl/pFfTzyo1G4fZX0aRtiwIloFg/Jrgbw5rqdNqWE/XB8 TWN67Nm9B+i0avgZfGLy1ToHyscIkiIJWbJzqdT/F7nCuC5HkvNAhshCMyUO1IkaNhbz Pdgpeqcj8m0FFUVfUJ14c4wVRQz7HmBXa3Bzg= X-Google-DKIM-Signature: v=1; a=rsa-sha256; c=relaxed/relaxed; d=1e100.net; s=20230601; t=1746427916; x=1747032716; h=cc:to:from:subject:message-id:date:x-gm-message-state:from:to:cc :subject:date:message-id:reply-to; bh=wYyfKxJoU+D/k5/HlWH8tF+xNHDVPh5h3O+h516Wzak=; b=Ck0LYe7likzWc+B2PDeIy9NK3iGWRa8U4R3Yn67tBUCvPc283H96OykASz07/oM98W iMEdnlc/SFe+n4d9DmsX7aFC9YGdP3iaHCnOoGZ0TZo4a4xp4WD2stkIiYpRJZHqmh2N vYq1a3o50yExT7WNfiUHj84kQ9PyWXi/lAGOcpDLXui5WvjqqA65CUGL58j3ULjTuBtl iIDuAKzk7+EGfraVXKi7UbTv2+GsCgabXAZ32gwMn0GPTZLAmNiNCiU56Oi5VtWV7ikv fP4EY9+iUT7ypnzxYRPvY9FutbCrvmMoIneB37dmMDUZatliXZgast24jAFr15cKcIzo GpWQ== X-Gm-Message-State: AOJu0YyOZTo1wqwdOWXQkjXUTmScoehFia9BpuprmsesmgF6nav6HJbK nmosZCLnt80Mpxsln2B3+Ska6JnHjdd5fwsuiHtXz7oPNBZIOvdx3iPriA3KvbdHnmD7AtN+kTj LDNdIU207IJodWYk0KGNPAyySZuXJtf8D X-Gm-Gg: ASbGncsUR2UhsPaKGdQMiyVj9IGQ7PRffzfo+j8dRttPVxWStSpl6IyqkNT5dGmkLLk V5ytngOnHsnyfbP/lLkKBYRdeTfBqfoWog/8FhhzQUqKrNM0psoOc2NkTcMpvcduKkmimZyxdxW Yclx3pZDc+CN2CDtu2BaA+ee44SxDZZyqeBTZQQxaekonKy7CyU1HC9/ra0v4/GwwqiQYlmux8x eGFE5rf7K58nkDtgDKRmbw9EOifOc660xxxDJ3cvAKLRh+fue7h/XAh9ehUBH1aNajlTHCJBWk7 BA7lxKeg0Gfhx4pI//fCptVoHPNoDyz0Lo3eiIXodeisJBRARzs08Co+/hI= X-Google-Smtp-Source: AGHT+IHByL2h9Dxa7YWSMk+DvDTHqU9dXDoph4X9zXukmU4g+LWeS7/i9/NROKFNrBn+SwnrX+8nInOoq+4P X-Received: by 2002:a05:6e02:18c6:b0:3d9:3adb:e589 with SMTP id e9e14a558f8ab-3da56903330mr75999695ab.4.1746427915792; Sun, 04 May 2025 23:51:55 -0700 (PDT) Received: from postal.iol.unh.edu (postal.iol.unh.edu. [132.177.123.84]) by smtp-relay.gmail.com with ESMTPS id e9e14a558f8ab-3d975ecd6a2sm19999505ab.38.2025.05.04.23.51.55 (version=TLS1_2 cipher=ECDHE-ECDSA-AES128-GCM-SHA256 bits=128/128); Sun, 04 May 2025 23:51:55 -0700 (PDT) X-Relaying-Domain: iol.unh.edu Date: Sun, 04 May 2025 23:51:55 -0700 (PDT) Message-ID: <6818600b.920a0220.3a22b5.3255SMTPIN_ADDED_MISSING@mx.google.com> Received: from [172.21.0.5] (unknown [172.18.0.240]) by postal.iol.unh.edu (Postfix) with ESMTP id 51CD56052471; Mon, 5 May 2025 02:51:55 -0400 (EDT) Subject: |FAILURE| [GIT MASTER] 4401486b5e30d43a134f80f9802f60b5f43e74a8 From: dpdklab@iol.unh.edu To: Test Report Cc: dpdk-test-reports@iol.unh.edu, Xueming Li , Christian Ehrhardt , Kevin Traynor , Luca Boccassi Content-Type: text/plain X-BeenThere: test-report@dpdk.org X-Mailman-Version: 2.1.29 Precedence: list List-Id: automatic DPDK test reports List-Unsubscribe: , List-Archive: List-Post: List-Help: List-Subscribe: , Errors-To: test-report-bounces@dpdk.org _Testing issues_ Branch: tags/v22.11 4401486b5e30d43a134f80f9802f60b5f43e74a8 --> testing issues Upstream job id: Generic-Unit-Test-DPDK#335166 Test environment and result as below: +---------------------+----------------+ | Environment | dpdk_unit_test | +=====================+================+ | CentOS Stream 9 | FAIL | +---------------------+----------------+ | Fedora 40 | FAIL | +---------------------+----------------+ | Fedora 41 (Clang) | FAIL | +---------------------+----------------+ | Fedora 40 (Clang) | FAIL | +---------------------+----------------+ | CentOS Stream 10 | FAIL | +---------------------+----------------+ | Debian 12 | FAIL | +---------------------+----------------+ | Ubuntu 20.04 | PASS | +---------------------+----------------+ | Fedora 41 | FAIL | +---------------------+----------------+ | RHEL8 | PEND | +---------------------+----------------+ | RHEL9 | FAIL | +---------------------+----------------+ | Ubuntu 22.04 | PEND | +---------------------+----------------+ | Ubuntu 24.04 | FAIL | +---------------------+----------------+ | Windows Server 2022 | FAIL | +---------------------+----------------+ ==== Unit test summary for Windows Server 2022 (dpdk_unit_test): ==== Failed to get the unit test results. Displaying the unit test results is not supported for some environments, such as our aarch32 testing, where meson is not used to run the tests. Download the logs available on our CI site. ==== End log output ==== CentOS Stream 9 Kernel: Depends on container host Compiler: gcc 11.5.0 20240719 (Red Hat 11.5.0-2) Fedora 40 Kernel: Depends on container host Compiler: gcc 14.2.1 20240912 (Red Hat 14.2.1-3) Fedora 41 (Clang) Kernel: Depends on container host Compiler: clang 19.1.5 (Fedora 19.1.5-1.fc41) Fedora 40 (Clang) Kernel: Depends on container host Compiler: clang 18.1.8 (Fedora 18.1.8-1.fc40) CentOS Stream 10 Kernel: Depends on container host Compiler: gcc 14.2.1 20241104 (Red Hat 14.2.1-6) Debian 12 Kernel: Depends on container host Compiler: gcc (Debian 12.2.0-14) 12.2.0 Ubuntu 20.04 Kernel: Depends on container host Compiler: gcc (Ubuntu 9.4.0-1ubuntu1~20.04.2) 9.4.0 Fedora 41 Kernel: Depends on container host Compiler: gcc 14.2.1 20240912 (Red Hat 14.2.1-3) RHEL8 Kernel: Depends on container host Compiler: gcc 8.5.0 20210514 (Red Hat 8.5.0-22) RHEL9 Kernel: Depends on container host Compiler: gcc 11.5.0 20240719 (Red Hat 11.5.0-2) Ubuntu 22.04 Kernel: Depends on container host Compiler: gcc (Ubuntu 11.4.0-1ubuntu1~22.04) 11.4.0 Ubuntu 24.04 Kernel: Depends on container host Compiler: gcc (Ubuntu 13.3.0-6ubuntu2~24.04) 13.3.0 Windows Server 2022 Kernel: 10.0.20348.2031 Compiler: clang 15.0.7, gcc 14.1.0 (MinGW), and MSVC VS 19.39.33521 To view detailed results, visit: https://lab.dpdk.org/results/dashboard/tarballs/33426/ UNH-IOL DPDK Community Lab To manage your email subscriptions, visit: https://lab.dpdk.org/results/dashboard/preferences/subscriptions/