From mboxrd@z Thu Jan 1 00:00:00 1970 Return-Path: Received: from mails.dpdk.org (mails.dpdk.org [217.70.189.124]) by inbox.dpdk.org (Postfix) with ESMTP id 41692466C8 for ; Mon, 5 May 2025 08:53:34 +0200 (CEST) Received: from mails.dpdk.org (localhost [127.0.0.1]) by mails.dpdk.org (Postfix) with ESMTP id 3D6D240650; Mon, 5 May 2025 08:53:34 +0200 (CEST) Received: from mail-io1-f99.google.com (mail-io1-f99.google.com [209.85.166.99]) by mails.dpdk.org (Postfix) with ESMTP id 35C2A4025D for ; Mon, 5 May 2025 08:53:33 +0200 (CEST) Received: by mail-io1-f99.google.com with SMTP id ca18e2360f4ac-864a22fcdf2so112688839f.0 for ; Sun, 04 May 2025 23:53:33 -0700 (PDT) DKIM-Signature: v=1; a=rsa-sha256; c=relaxed/relaxed; d=iol.unh.edu; s=unh-iol; t=1746428012; x=1747032812; darn=dpdk.org; h=cc:to:from:subject:message-id:date:from:to:cc:subject:date :message-id:reply-to; bh=3CPZDoQBp+QpGn6Ogt7/qTpIKGH2OOwlkmpa3AfiqmQ=; b=P7Jk4r/0FIdW8eT26P4x09UqzJE53F8z/4G24gCwshFND3pJgumfHcbdSec6TUkxIg OOyDXuyZ1oOSqsm83QpIB3x6wMgOz5Oxh9VSKsbUt6xGxAn2biGzH4+QEOkAMjenA1wT 08KwqOHA9aSbIOv4oCrYbAOQu3+CAOm7E/+fI= X-Google-DKIM-Signature: v=1; a=rsa-sha256; c=relaxed/relaxed; d=1e100.net; s=20230601; t=1746428012; x=1747032812; h=cc:to:from:subject:message-id:date:x-gm-message-state:from:to:cc :subject:date:message-id:reply-to; bh=3CPZDoQBp+QpGn6Ogt7/qTpIKGH2OOwlkmpa3AfiqmQ=; b=CNxFAdFWT7fBJ6E5qaap9KV4S0I19Cz3n05X9Rk3H9t/sHfY2Viaa7s1T5PjjFzgu0 AIihTQQX28eilLYjDFK3allFUQeaW8LJLbFg3Wkrc6GhXugh2PYpFPtCTCvrtgQXGGtR PjKBq9c9H1cC/QyopFc++WVcDg1M3SBQENbtvkeuBoAom+VRhrQiD44nPmezih3WAT09 rhjCSYxUTlStbXTEA3cKybsGGF3GuvLvN7rkUakDI75hltakl3UbJWVKA9u6rlIUBZz3 qZ/2OTwuOkdXG1fHE1YtAJhYub1x2ZgO/AQLksn1rOA2fTEIW5c28feqI/3HB368k7tQ mrRg== X-Gm-Message-State: AOJu0YxdbLxXymFcJbbOhoGZMn8N2xmmh89rl5mb1yl5iHUB3TDmblDg wV3ZJjzjh09U7lrMY4YG2u00dyQdugMYDco9YxDA3uEybFSF+fWa7verOYhQgfDrtysI/iqt2L7 PILGtHADIjaIWbNMIsP3r2ntZVnhA8h87QVU0OFRT3bEaobrU X-Gm-Gg: ASbGncupnw3G9Y00ED/6Og58c8eqHgf5zeCwQG/0dPfbPFAn2xmDzeOAilQXrXGaUrJ Tyyv7FQwI4ea/1wsCOqynMOkyXMh9Y2gx8RD8DX/2ZvDQIsm/FkGW6YXNr+23kKZC0rIdnwRTNP f2vjd/QNhcK1OXx1hrHx3KdJhnqbCWxZiBS9n2qjbvW/tGrKtj9r/MRTprES4Tz3h10J2SlhsUx JDDJCJBtC0w/15N0joMiFWoQ6ILczS4NAoCq0k+e97O58D5bnsZONQFBmCvFPf9bY6eYGVBFx4p xvIvAIE45dQkcYom7imI2T9uXj55N207w7hp X-Google-Smtp-Source: AGHT+IGBIawB87BGWJjQzymuUoe3FV3b1NLGIr+BWBTL3Si+eUQ8n2OeVqhLXzHFL9AqpgIdEP0x6tVDrA/G X-Received: by 2002:a05:6602:6e8a:b0:867:15a5:d16 with SMTP id ca18e2360f4ac-86715a540c7mr422846439f.8.1746428012532; Sun, 04 May 2025 23:53:32 -0700 (PDT) Received: from postal.iol.unh.edu (postal.iol.unh.edu. [2606:4100:3880:1234::84]) by smtp-relay.gmail.com with ESMTPS id ca18e2360f4ac-864aa4432edsm197923839f.24.2025.05.04.23.53.32 (version=TLS1_2 cipher=ECDHE-ECDSA-AES128-GCM-SHA256 bits=128/128); Sun, 04 May 2025 23:53:32 -0700 (PDT) X-Relaying-Domain: iol.unh.edu Date: Sun, 04 May 2025 23:53:32 -0700 (PDT) Message-ID: <6818606c.050a0220.211fe.2a0eSMTPIN_ADDED_MISSING@mx.google.com> Received: from [172.21.0.6] (unknown [172.18.0.240]) by postal.iol.unh.edu (Postfix) with ESMTP id 172876052471; Mon, 5 May 2025 02:53:32 -0400 (EDT) Subject: |FAILURE| [GIT MASTER] 4401486b5e30d43a134f80f9802f60b5f43e74a8 From: dpdklab@iol.unh.edu To: Test Report Cc: dpdk-test-reports@iol.unh.edu, Xueming Li , Christian Ehrhardt , Kevin Traynor , Luca Boccassi Content-Type: text/plain X-BeenThere: test-report@dpdk.org X-Mailman-Version: 2.1.29 Precedence: list List-Id: automatic DPDK test reports List-Unsubscribe: , List-Archive: List-Post: List-Help: List-Subscribe: , Errors-To: test-report-bounces@dpdk.org _Testing issues_ Branch: tags/v22.11 4401486b5e30d43a134f80f9802f60b5f43e74a8 --> testing issues Upstream job id: Generic-Unit-Test-DPDK#335171 Test environment and result as below: +---------------------+----------------+ | Environment | dpdk_unit_test | +=====================+================+ | CentOS Stream 9 | FAIL | +---------------------+----------------+ | Fedora 40 | FAIL | +---------------------+----------------+ | Fedora 41 (Clang) | FAIL | +---------------------+----------------+ | Fedora 40 (Clang) | FAIL | +---------------------+----------------+ | CentOS Stream 10 | FAIL | +---------------------+----------------+ | Debian 12 | FAIL | +---------------------+----------------+ | Ubuntu 20.04 | PASS | +---------------------+----------------+ | Fedora 41 | FAIL | +---------------------+----------------+ | RHEL8 | PEND | +---------------------+----------------+ | RHEL9 | FAIL | +---------------------+----------------+ | Ubuntu 22.04 | FAIL | +---------------------+----------------+ | Ubuntu 24.04 | FAIL | +---------------------+----------------+ | Windows Server 2022 | FAIL | +---------------------+----------------+ ==== Unit test summary for Windows Server 2022 (dpdk_unit_test): ==== Failed to get the unit test results. Displaying the unit test results is not supported for some environments, such as our aarch32 testing, where meson is not used to run the tests. Download the logs available on our CI site. ==== End log output ==== CentOS Stream 9 Kernel: Depends on container host Compiler: gcc 11.5.0 20240719 (Red Hat 11.5.0-2) Fedora 40 Kernel: Depends on container host Compiler: gcc 14.2.1 20240912 (Red Hat 14.2.1-3) Fedora 41 (Clang) Kernel: Depends on container host Compiler: clang 19.1.5 (Fedora 19.1.5-1.fc41) Fedora 40 (Clang) Kernel: Depends on container host Compiler: clang 18.1.8 (Fedora 18.1.8-1.fc40) CentOS Stream 10 Kernel: Depends on container host Compiler: gcc 14.2.1 20241104 (Red Hat 14.2.1-6) Debian 12 Kernel: Depends on container host Compiler: gcc (Debian 12.2.0-14) 12.2.0 Ubuntu 20.04 Kernel: Depends on container host Compiler: gcc (Ubuntu 9.4.0-1ubuntu1~20.04.2) 9.4.0 Fedora 41 Kernel: Depends on container host Compiler: gcc 14.2.1 20240912 (Red Hat 14.2.1-3) RHEL8 Kernel: Depends on container host Compiler: gcc 8.5.0 20210514 (Red Hat 8.5.0-22) RHEL9 Kernel: Depends on container host Compiler: gcc 11.5.0 20240719 (Red Hat 11.5.0-2) Ubuntu 22.04 Kernel: Depends on container host Compiler: gcc (Ubuntu 11.4.0-1ubuntu1~22.04) 11.4.0 Ubuntu 24.04 Kernel: Depends on container host Compiler: gcc (Ubuntu 13.3.0-6ubuntu2~24.04) 13.3.0 Windows Server 2022 Kernel: 10.0.20348.2031 Compiler: clang 15.0.7, gcc 14.1.0 (MinGW), and MSVC VS 19.39.33521 To view detailed results, visit: https://lab.dpdk.org/results/dashboard/tarballs/33426/ UNH-IOL DPDK Community Lab To manage your email subscriptions, visit: https://lab.dpdk.org/results/dashboard/preferences/subscriptions/