From mboxrd@z Thu Jan 1 00:00:00 1970 Return-Path: Received: from mails.dpdk.org (mails.dpdk.org [217.70.189.124]) by inbox.dpdk.org (Postfix) with ESMTP id 91232466C8 for ; Mon, 5 May 2025 08:55:22 +0200 (CEST) Received: from mails.dpdk.org (localhost [127.0.0.1]) by mails.dpdk.org (Postfix) with ESMTP id 671DD40650; Mon, 5 May 2025 08:55:22 +0200 (CEST) Received: from mail-pf1-f227.google.com (mail-pf1-f227.google.com [209.85.210.227]) by mails.dpdk.org (Postfix) with ESMTP id 2A4E74025D for ; Mon, 5 May 2025 08:55:20 +0200 (CEST) Received: by mail-pf1-f227.google.com with SMTP id d2e1a72fcca58-736aaeed234so3518291b3a.0 for ; Sun, 04 May 2025 23:55:20 -0700 (PDT) DKIM-Signature: v=1; a=rsa-sha256; c=relaxed/relaxed; d=iol.unh.edu; s=unh-iol; t=1746428119; x=1747032919; darn=dpdk.org; h=cc:to:from:subject:message-id:date:from:to:cc:subject:date :message-id:reply-to; bh=6e6bxVSaalPI/p+o4MtHFGKP4kf7Y1rdnxJAW7FQzbc=; b=FyDdWp5y/ax/0HCe1THtmQGuEtDybbyias3cUWEsHYN1SpqHJpRZuzz+3U/Ori3o8E gO/vOb7IvC5X5wlQBB8T009AURDIxe9+gw/DhHApnfSSC1R9xlUid3i6q9pHGi+aKOK8 TDFQXiKod1SF6nMmS7ZzuN/BDo2km7K0BEq5g= X-Google-DKIM-Signature: v=1; a=rsa-sha256; c=relaxed/relaxed; d=1e100.net; s=20230601; t=1746428119; x=1747032919; h=cc:to:from:subject:message-id:date:x-gm-message-state:from:to:cc :subject:date:message-id:reply-to; bh=6e6bxVSaalPI/p+o4MtHFGKP4kf7Y1rdnxJAW7FQzbc=; b=niv3jKBVhVoAuubnEw0L5EKEh8Mvv9koD3JTPPCKcA7CsYSETHmuO/eKT6eIuqi7B8 ZGXdBPpKGb7p0pux5KuN4mxj2AQE2x54Hq9v+xNA+9u+IOinmL1d3lUXIe4YoICKfARh pMNk/Q0zhBzsG6rr3NLEhQTrj9MhgfKqcyL5dshSANyZYWWFow5HbYFxHS2AB/zqpdRx GUpODgeNeo7lkjKTdt8+DnlOr2uicb2DtBGMjmGXEkA94oV4h7Mvif3WHldKf6E41/db IVP1uiLDEbG5Wfhvlj2x40rqNG7k01hXQ7oI+d3Tuvi6PMJ3OcNuCv+gRz7dCyh0n7vY s8Cg== X-Gm-Message-State: AOJu0Yxk14PGmqU4MQ/1C2jnrtcoLau8x3T6N+3KkGlmTnHnmBMP/7gp o/cFb/dsQaLkCG/oSLisfS7I1Y6/Ythhu0EWkti4ezOrdGNB5y1D8k8SjPiRQwRMIvyEYFPmeJE b1VRsKeRd4Wi8JwWmqLkgX6FUX8ErLeq7FcYIG6hoQGKvS9pz X-Gm-Gg: ASbGncs1l1+jX93c6K5Ge6LPnZEG2YGJ80L95KRxVnsUf6lDlNtBRCWa4ElBq4WnbhK 3wg86qRyqrXJZ8qYIkwKajdcCwu3LGURi0bPVAV1CKpkABSyn9D8RMvfB/KK8bC47z68K5hEEfQ DxBZxlLZ6RTOYEcwUV53nAI6VhJXrsE5A20On/0IS/BEFo+PU2MC9KDU9bfvs4YdsAA1GJgD6U2 QrAjDASChh173gPJR2r3heUJ2hoCdjAVCJhBCDFSIyCUHFZ7p8z8bAvJ8Viq7pHAXDXp1Rz2T6y +tsfMJnlnz8FnoTFfOgVYoOl50tott5DIMCx X-Google-Smtp-Source: AGHT+IEpsFgywbdQHPhY2NVNUHUERGrVfNEuPYctZQHu5rNpckTBQTBhRr7GQRR1Im0kA3kyQMqvF0lVHyRg X-Received: by 2002:a05:6a00:4308:b0:736:41ec:aaad with SMTP id d2e1a72fcca58-7406f0df39bmr8206535b3a.14.1746428119017; Sun, 04 May 2025 23:55:19 -0700 (PDT) Received: from postal.iol.unh.edu (postal.iol.unh.edu. [2606:4100:3880:1234::84]) by smtp-relay.gmail.com with ESMTPS id d2e1a72fcca58-74058d881bfsm1907827b3a.1.2025.05.04.23.55.18 (version=TLS1_2 cipher=ECDHE-ECDSA-AES128-GCM-SHA256 bits=128/128); Sun, 04 May 2025 23:55:19 -0700 (PDT) X-Relaying-Domain: iol.unh.edu Date: Sun, 04 May 2025 23:55:19 -0700 (PDT) Message-ID: <681860d7.050a0220.19d5d2.28f9SMTPIN_ADDED_MISSING@mx.google.com> Received: from [172.21.0.5] (unknown [172.18.0.240]) by postal.iol.unh.edu (Postfix) with ESMTP id 365286052471; Mon, 5 May 2025 02:55:18 -0400 (EDT) Subject: |FAILURE| [GIT MASTER] 4401486b5e30d43a134f80f9802f60b5f43e74a8 From: dpdklab@iol.unh.edu To: Test Report Cc: dpdk-test-reports@iol.unh.edu, Xueming Li , Christian Ehrhardt , Kevin Traynor , Luca Boccassi Content-Type: text/plain X-BeenThere: test-report@dpdk.org X-Mailman-Version: 2.1.29 Precedence: list List-Id: automatic DPDK test reports List-Unsubscribe: , List-Archive: List-Post: List-Help: List-Subscribe: , Errors-To: test-report-bounces@dpdk.org _Testing issues_ Branch: tags/v22.11 4401486b5e30d43a134f80f9802f60b5f43e74a8 --> testing issues Upstream job id: Generic-Unit-Test-DPDK#335168 Test environment and result as below: +---------------------+----------------+ | Environment | dpdk_unit_test | +=====================+================+ | CentOS Stream 9 | FAIL | +---------------------+----------------+ | Fedora 40 | FAIL | +---------------------+----------------+ | Fedora 41 (Clang) | FAIL | +---------------------+----------------+ | Fedora 40 (Clang) | FAIL | +---------------------+----------------+ | CentOS Stream 10 | FAIL | +---------------------+----------------+ | Debian 12 | FAIL | +---------------------+----------------+ | Ubuntu 20.04 | PASS | +---------------------+----------------+ | Fedora 41 | FAIL | +---------------------+----------------+ | RHEL8 | FAIL | +---------------------+----------------+ | RHEL9 | FAIL | +---------------------+----------------+ | Ubuntu 22.04 | FAIL | +---------------------+----------------+ | Ubuntu 24.04 | FAIL | +---------------------+----------------+ | Windows Server 2022 | FAIL | +---------------------+----------------+ ==== Unit test summary for Windows Server 2022 (dpdk_unit_test): ==== Failed to get the unit test results. Displaying the unit test results is not supported for some environments, such as our aarch32 testing, where meson is not used to run the tests. Download the logs available on our CI site. ==== End log output ==== CentOS Stream 9 Kernel: Depends on container host Compiler: gcc 11.5.0 20240719 (Red Hat 11.5.0-2) Fedora 40 Kernel: Depends on container host Compiler: gcc 14.2.1 20240912 (Red Hat 14.2.1-3) Fedora 41 (Clang) Kernel: Depends on container host Compiler: clang 19.1.5 (Fedora 19.1.5-1.fc41) Fedora 40 (Clang) Kernel: Depends on container host Compiler: clang 18.1.8 (Fedora 18.1.8-1.fc40) CentOS Stream 10 Kernel: Depends on container host Compiler: gcc 14.2.1 20241104 (Red Hat 14.2.1-6) Debian 12 Kernel: Depends on container host Compiler: gcc (Debian 12.2.0-14) 12.2.0 Ubuntu 20.04 Kernel: Depends on container host Compiler: gcc (Ubuntu 9.4.0-1ubuntu1~20.04.2) 9.4.0 Fedora 41 Kernel: Depends on container host Compiler: gcc 14.2.1 20240912 (Red Hat 14.2.1-3) RHEL8 Kernel: Depends on container host Compiler: gcc 8.5.0 20210514 (Red Hat 8.5.0-22) RHEL9 Kernel: Depends on container host Compiler: gcc 11.5.0 20240719 (Red Hat 11.5.0-2) Ubuntu 22.04 Kernel: Depends on container host Compiler: gcc (Ubuntu 11.4.0-1ubuntu1~22.04) 11.4.0 Ubuntu 24.04 Kernel: Depends on container host Compiler: gcc (Ubuntu 13.3.0-6ubuntu2~24.04) 13.3.0 Windows Server 2022 Kernel: 10.0.20348.2031 Compiler: clang 15.0.7, gcc 14.1.0 (MinGW), and MSVC VS 19.39.33521 To view detailed results, visit: https://lab.dpdk.org/results/dashboard/tarballs/33426/ UNH-IOL DPDK Community Lab To manage your email subscriptions, visit: https://lab.dpdk.org/results/dashboard/preferences/subscriptions/