From mboxrd@z Thu Jan 1 00:00:00 1970 Return-Path: Received: from mails.dpdk.org (mails.dpdk.org [217.70.189.124]) by inbox.dpdk.org (Postfix) with ESMTP id 1FE8A466CD for ; Mon, 5 May 2025 16:59:17 +0200 (CEST) Received: from mails.dpdk.org (localhost [127.0.0.1]) by mails.dpdk.org (Postfix) with ESMTP id 17E584025D; Mon, 5 May 2025 16:59:17 +0200 (CEST) Received: from mail-ot1-f97.google.com (mail-ot1-f97.google.com [209.85.210.97]) by mails.dpdk.org (Postfix) with ESMTP id E049E4003C for ; Mon, 5 May 2025 16:59:15 +0200 (CEST) Received: by mail-ot1-f97.google.com with SMTP id 46e09a7af769-7301c227512so3156124a34.2 for ; Mon, 05 May 2025 07:59:15 -0700 (PDT) DKIM-Signature: v=1; a=rsa-sha256; c=relaxed/relaxed; d=iol.unh.edu; s=unh-iol; t=1746457155; x=1747061955; darn=dpdk.org; h=references:in-reply-to:cc:to:from:subject:message-id:date:from:to :cc:subject:date:message-id:reply-to; bh=Uga0sZMfizDoSFXlqhPZXaik5WQx79mI4BYsbef493o=; b=UAUtZt7AU0zR/0ilaPB4vz+Re8IVtS+2A4Usvn4JH673e07hX2X9I5h2IantdFud2k 3JNEDXKU/BkcFkb3OItjXTNgr0OoJj2m2TjxdphBIoZrLjbJgF5t3rIEa2SY6wKGhjHH Hw+qyxt+AZF2cbbDMqFE5fC5bNADjuCVeybnE= X-Google-DKIM-Signature: v=1; a=rsa-sha256; c=relaxed/relaxed; d=1e100.net; s=20230601; t=1746457155; x=1747061955; h=references:in-reply-to:cc:to:from:subject:message-id:date :x-gm-message-state:from:to:cc:subject:date:message-id:reply-to; bh=Uga0sZMfizDoSFXlqhPZXaik5WQx79mI4BYsbef493o=; b=ZzEuYrCSd+6oe2CVYyO58+O2JhAbkt0r+vXTN1KDCr/iyRdf8TLgemVLi9nj1wQY9u svhNFg6pCHD6W5Vx4yzozPhMUyAOuZPtCcxszhjUY+QM7y6Iem0pqKNQIZk6qkH5PQx5 AE0seFqD12/gBtW7iMBvGjfTVJCdcuMkPishJb+e1n7YYAoe70yoCZJ21Xx8wnO0PvNG bHZ1AGEEIDmKbRt/e/xxpLZwblJOsDyrriXkAdDqXki5LJWNKwqAtw443yb//Coq/WfX gWIjfRCylXCLAcxih8s/6O99SSN3XrWfbIocOYBF8U55TqUd4hjDNvCOKNmVYe5EZiko 4i8w== X-Gm-Message-State: AOJu0YxSVJ1FARBmTDXXsZoFtDYj6fqa+f6O/ob/hRZtQlJjEUS6x14e bSorOqUXJKVnTb/ys7pZbFvViVIuod1WFN7AIzzwmP1FLPyHz/ulpH1ZStAAh4i7DWhHEXg+rDf 0rs/aOyzqVhgvxIAog62+9K5A6lyeMMzUqYQTZbwu X-Gm-Gg: ASbGnctTZKccZiPBR4vFQaF7aEsK5k8INkvHq77dSUcHmVJJD+TiBzA01m32cr+tC8j 0EY0bO6vElZHwozmlWfic/FCMORWUiIYlPkznNFOS5TrYZw4eeo10crUjuTsyQVinaZa19VkxR9 PbFLDNayiHY9W8cSdbS8U3jRI0XwTfO5vfIzo/NEcMz62aTiZIN2PpZjOO9wd8ut2UdMDo+XPBq 2lOigiDXj7rWYr147tfOs3X/LOs5/XKAX5qsyBhfSrfaCpQj2jA6tgv8D/kQsRd62/Yp1q27txw ObWcKSo3KhcTDe6DUHrViOOlrzU4Z0Kp9YYdulm7PSm9M/o+fc8+k0C21jk= X-Google-Smtp-Source: AGHT+IGdRYqLtPZykbFl/X8eUTpDx8LrO1BnHgL4GNdWPft+3uSCj72YBzXI8oGwcOagf26UXw8gbPaaoJdr X-Received: by 2002:a05:6870:890a:b0:2d6:240:8d6a with SMTP id 586e51a60fabf-2dad6893cbcmr4929063fac.7.1746457154857; Mon, 05 May 2025 07:59:14 -0700 (PDT) Received: from postal.iol.unh.edu (postal.iol.unh.edu. [132.177.123.84]) by smtp-relay.gmail.com with ESMTPS id 586e51a60fabf-2daa0ee61a5sm2119433fac.14.2025.05.05.07.59.14 (version=TLS1_2 cipher=ECDHE-ECDSA-AES128-GCM-SHA256 bits=128/128); Mon, 05 May 2025 07:59:14 -0700 (PDT) X-Relaying-Domain: iol.unh.edu Date: Mon, 05 May 2025 07:59:14 -0700 (PDT) Message-ID: <6818d242.050a0220.15783.3e49SMTPIN_ADDED_MISSING@mx.google.com> Received: from [172.21.0.6] (unknown [172.18.0.240]) by postal.iol.unh.edu (Postfix) with ESMTP id 401556052471; Mon, 5 May 2025 10:59:14 -0400 (EDT) Subject: |WARNING| pw153240-153254 [PATCH] [v2,26/26] net/ntnic: fix operatio From: dpdklab@iol.unh.edu To: Test Report Cc: dpdk-test-reports@iol.unh.edu In-Reply-To: <20250505071309.586015-27-okl-plv@napatech.com> References: <20250505071309.586015-27-okl-plv@napatech.com> Content-Type: text/plain X-BeenThere: test-report@dpdk.org X-Mailman-Version: 2.1.29 Precedence: list List-Id: automatic DPDK test reports List-Unsubscribe: , List-Archive: List-Post: List-Help: List-Subscribe: , Errors-To: test-report-bounces@dpdk.org Test-Label: iol-abi-testing Test-Status: WARNING http://dpdk.org/patch/153254 _Testing issues_ Submitter: Oleksandr Kolomeiets Date: Monday, May 05 2025 07:13:06 DPDK git baseline: Repo:dpdk Branch: master CommitID:ff05ee3e3f8fb4ce958a2ce6461e8141aea959c6 153240-153254 --> testing issues Upstream job id: Generic-DPDK-Compile-ABI#125213 Test environment and result as below: +-------------------+----------+ | Environment | abi_test | +===================+==========+ | CentOS Stream 9 | FAIL | +-------------------+----------+ | CentOS Stream 10 | FAIL | +-------------------+----------+ | Debian 12 | FAIL | +-------------------+----------+ | Fedora 41 (Clang) | FAIL | +-------------------+----------+ | Fedora 41 | FAIL | +-------------------+----------+ | RHEL8 | FAIL | +-------------------+----------+ | Fedora 40 (Clang) | FAIL | +-------------------+----------+ | openSUSE Leap 15 | FAIL | +-------------------+----------+ | Fedora 40 | FAIL | +-------------------+----------+ | Ubuntu 24.04 | FAIL | +-------------------+----------+ | Ubuntu 22.04 | FAIL | +-------------------+----------+ | RHEL9 | FAIL | +-------------------+----------+ ==== 20 line log output for RHEL9 (abi_test): ==== Variables changes summary: 0 Removed, 0 Changed, 0 Added variable Functions changes summary: 0 Removed, 0 Changed (4 filtered out), 0 Added functions Variables changes summary: 0 Removed, 0 Changed, 0 Added variable Functions changes summary: 0 Removed, 0 Changed (5 filtered out), 0 Added functions Variables changes summary: 0 Removed, 0 Changed, 0 Added variable Functions changes summary: 0 Removed, 0 Changed (7 filtered out), 0 Added functions Variables changes summary: 0 Removed, 0 Changed, 0 Added variable Functions changes summary: 0 Removed, 0 Changed (295 filtered out), 0 Added (8 filtered out) functions Variables changes summary: 0 Removed, 0 Changed, 0 Added variable Functions changes summary: 0 Removed, 0 Changed (4 filtered out), 0 Added (1 filtered out) functions Variables changes summary: 0 Removed, 0 Changed (1 filtered out), 0 Added variable Functions changes summary: 0 Removed, 0 Changed (215 filtered out), 0 Added (2 filtered out) functions Variables changes summary: 0 Removed, 0 Changed, 0 Added variable ==== End log output ==== CentOS Stream 9 Kernel: Depends on container host Compiler: gcc 11.5.0 20240719 (Red Hat 11.5.0-2) CentOS Stream 10 Kernel: Depends on container host Compiler: gcc 14.2.1 20241104 (Red Hat 14.2.1-6) Debian 12 Kernel: Depends on container host Compiler: gcc (Debian 12.2.0-14) 12.2.0 Fedora 41 (Clang) Kernel: Depends on container host Compiler: clang 19.1.5 (Fedora 19.1.5-1.fc41) Fedora 41 Kernel: Depends on container host Compiler: gcc 14.2.1 20240912 (Red Hat 14.2.1-3) RHEL8 Kernel: Depends on container host Compiler: gcc 8.5.0 20210514 (Red Hat 8.5.0-22) Fedora 40 (Clang) Kernel: Depends on container host Compiler: clang 18.1.8 (Fedora 18.1.8-1.fc40) openSUSE Leap 15 Kernel: Depends on container host Compiler: gcc (SUSE Linux) 7.5.0 Fedora 40 Kernel: Depends on container host Compiler: gcc 14.2.1 20240912 (Red Hat 14.2.1-3) Ubuntu 24.04 Kernel: Depends on container host Compiler: gcc (Ubuntu 13.3.0-6ubuntu2~24.04) 13.3.0 Ubuntu 22.04 Kernel: Depends on container host Compiler: gcc (Ubuntu 11.4.0-1ubuntu1~22.04) 11.4.0 RHEL9 Kernel: Depends on container host Compiler: gcc 11.5.0 20240719 (Red Hat 11.5.0-2) To view detailed results, visit: https://lab.dpdk.org/results/dashboard/patchsets/33104/ UNH-IOL DPDK Community Lab To manage your email subscriptions, visit: https://lab.dpdk.org/results/dashboard/preferences/subscriptions/