From mboxrd@z Thu Jan 1 00:00:00 1970 Return-Path: Received: from mails.dpdk.org (mails.dpdk.org [217.70.189.124]) by inbox.dpdk.org (Postfix) with ESMTP id 8D296466CF for ; Mon, 5 May 2025 20:15:59 +0200 (CEST) Received: from mails.dpdk.org (localhost [127.0.0.1]) by mails.dpdk.org (Postfix) with ESMTP id 886EE4025D; Mon, 5 May 2025 20:15:59 +0200 (CEST) Received: from mail-pf1-f227.google.com (mail-pf1-f227.google.com [209.85.210.227]) by mails.dpdk.org (Postfix) with ESMTP id 39BA24003C for ; Mon, 5 May 2025 20:15:58 +0200 (CEST) Received: by mail-pf1-f227.google.com with SMTP id d2e1a72fcca58-739b3fe7ce8so4367449b3a.0 for ; Mon, 05 May 2025 11:15:58 -0700 (PDT) DKIM-Signature: v=1; a=rsa-sha256; c=relaxed/relaxed; d=iol.unh.edu; s=unh-iol; t=1746468957; x=1747073757; darn=dpdk.org; h=references:in-reply-to:cc:to:from:subject:message-id:date:from:to :cc:subject:date:message-id:reply-to; bh=dyh42i6aNw/EKG3WC8m1fHcoFZT7IG68p/OKRqHA9qY=; b=NIPP6jBRpX0Xu5fWQi/+INeemPPBmrnFijftinT6uwUNJ66OUZghMJ+TCwvTl6vRWf Z9ADQ+5PwQr4JCji5FRkzV246nEM0rU928LUM9Gu8wW/knoVAPmfF7CwehPJmFSnYMih 0Q6PFfyMlJWvQThJ41KVCo/E6n+MlUwKowVs0= X-Google-DKIM-Signature: v=1; a=rsa-sha256; c=relaxed/relaxed; d=1e100.net; s=20230601; t=1746468957; x=1747073757; h=references:in-reply-to:cc:to:from:subject:message-id:date :x-gm-message-state:from:to:cc:subject:date:message-id:reply-to; bh=dyh42i6aNw/EKG3WC8m1fHcoFZT7IG68p/OKRqHA9qY=; b=WlxfWZQAqovqGHvwm84BsJfk91tafU0c6abSIeFDhNs/9jEcf9Ct7y3BE+3s5rHnix 4FyM06uWZBe6ATbE76L2/wD9XB0bbkz+CKYcVNg5xem4OTUHkK+4ZLiNvPplMwxToIXC cJkSExEzCBHuJMVt+RzGEqyiWQFoaN+w7tdyPIT23pZ9HETMN/uNVG1Ywxt/bUtpvUe2 ZaCxCLZdQhw4Vnv642OxW+naJ+8e+gzCXflawf5U4tJsCkvDnTfmqdbf7s9E4cEkFOgw dsBeXNjTtBIDRMmXDJMVzqB5tZo9APwwxiB/KUL4VEwJ22u3JXCNhFtWWGxrRPY14FtL UnVw== X-Gm-Message-State: AOJu0YzjjuR3HfxNajaTogiUFpWwB3bbPqocF250ZIHTpqjgg9S9ZYyE rNHu+2YMo/OwcQNvsDWZwQ8Z+Lvck3fjL8fF5na1RjTFK4kzOiNLUtroD4AmqqHXYjMMwE2ltRO uLGFifg6KGbibb7IZuFW65qPTtyfAhxga1CAVLasD X-Gm-Gg: ASbGnct3xsm9VzvTMeTDTUuJICsP5z2+CAy6vt445wOvttzzd9j1Wp9VPDUNvlwAps3 PKYBxTyia4VrTP3or6bRttXtG0bADLCjZ928A7Y3KE+TB8o22LIheJ8IMOgOZbGw1kHQOb1U/ys FOVg444eDsVToTFtHvU7kwRR9VAEygYJlDdIxa3+M3ByCZ9Kh5drkIHqK0O8B2bEAN73GPvPHDb G61bO9pOkiBUUWhe0lnxrmmUvRkDM3PL3hy+c9F1BWSZrR7n/CgsqT8o7a/mqUiRUct+h28HUyg BCxTZrjCpjWJ64NI5TJ/E346xCNNZGzuYx7dFpkUsZxlIZL2df4HGlC4L2c= X-Google-Smtp-Source: AGHT+IE/pjRQl6j8kPBAq4yiCxiHiap5JkC/JKVvhdJqNwV1MnIj+kTpk/Mlkg3SzIuyPUjHj7mN9D1v17Os X-Received: by 2002:a05:6a20:9191:b0:1f5:8a1d:38f3 with SMTP id adf61e73a8af0-2118153c094mr210325637.2.1746468957251; Mon, 05 May 2025 11:15:57 -0700 (PDT) Received: from postal.iol.unh.edu (postal.iol.unh.edu. [132.177.123.84]) by smtp-relay.gmail.com with ESMTPS id d2e1a72fcca58-74058e06fa7sm2005061b3a.14.2025.05.05.11.15.57 (version=TLS1_2 cipher=ECDHE-ECDSA-AES128-GCM-SHA256 bits=128/128); Mon, 05 May 2025 11:15:57 -0700 (PDT) X-Relaying-Domain: iol.unh.edu Date: Mon, 05 May 2025 11:15:57 -0700 (PDT) Message-ID: <6819005d.050a0220.3339df.53fbSMTPIN_ADDED_MISSING@mx.google.com> Received: from [172.21.0.5] (unknown [172.18.0.240]) by postal.iol.unh.edu (Postfix) with ESMTP id 735B96052471; Mon, 5 May 2025 14:15:56 -0400 (EDT) Subject: |WARNING| pw153294 [PATCH] [1/1] net/nbl add doc and minimun nbl bui From: dpdklab@iol.unh.edu To: Test Report Cc: dpdk-test-reports@iol.unh.edu In-Reply-To: <20250424114919.10349-1-kyo.liu@nebula-matrix.com> References: <20250424114919.10349-1-kyo.liu@nebula-matrix.com> Content-Type: text/plain X-BeenThere: test-report@dpdk.org X-Mailman-Version: 2.1.29 Precedence: list List-Id: automatic DPDK test reports List-Unsubscribe: , List-Archive: List-Post: List-Help: List-Subscribe: , Errors-To: test-report-bounces@dpdk.org Test-Label: iol-abi-testing Test-Status: WARNING http://dpdk.org/patch/153294 _Testing issues_ Submitter: Kyo Liu Date: Thursday, April 24 2025 11:49:19 DPDK git baseline: Repo:dpdk Branch: master CommitID:ff05ee3e3f8fb4ce958a2ce6461e8141aea959c6 153294 --> testing issues Upstream job id: Generic-DPDK-Compile-ABI#125253 Test environment and result as below: +-------------------+----------+ | Environment | abi_test | +===================+==========+ | CentOS Stream 9 | FAIL | +-------------------+----------+ | Fedora 40 | FAIL | +-------------------+----------+ | Fedora 41 (Clang) | FAIL | +-------------------+----------+ | Debian 12 | FAIL | +-------------------+----------+ | Fedora 40 (Clang) | FAIL | +-------------------+----------+ | Fedora 41 | FAIL | +-------------------+----------+ | CentOS Stream 10 | FAIL | +-------------------+----------+ | openSUSE Leap 15 | FAIL | +-------------------+----------+ | Ubuntu 24.04 | FAIL | +-------------------+----------+ | RHEL8 | FAIL | +-------------------+----------+ | RHEL9 | FAIL | +-------------------+----------+ | Ubuntu 22.04 | FAIL | +-------------------+----------+ ==== 20 line log output for Ubuntu 22.04 (abi_test): ==== Variables changes summary: 0 Removed, 0 Changed, 0 Added variable Functions changes summary: 0 Removed, 0 Changed (4 filtered out), 0 Added (1 filtered out) functions Variables changes summary: 0 Removed, 0 Changed (1 filtered out), 0 Added variable Functions changes summary: 0 Removed, 0 Changed (295 filtered out), 0 Added (8 filtered out) functions Variables changes summary: 0 Removed, 0 Changed, 0 Added variable Functions changes summary: 0 Removed, 0 Changed (2 filtered out), 0 Added functions Variables changes summary: 0 Removed, 0 Changed, 0 Added variable Functions changes summary: 0 Removed, 0 Changed (1 filtered out), 0 Added function Variables changes summary: 0 Removed, 0 Changed, 0 Added variable Functions changes summary: 0 Removed, 0 Changed (15 filtered out), 0 Added (2 filtered out) functions Variables changes summary: 0 Removed, 0 Changed (2 filtered out), 0 Added variables Functions changes summary: 0 Removed, 0 Changed (215 filtered out), 0 Added (2 filtered out) functions Variables changes summary: 0 Removed, 0 Changed, 0 Added variable ==== End log output ==== CentOS Stream 9 Kernel: Depends on container host Compiler: gcc 11.5.0 20240719 (Red Hat 11.5.0-2) Fedora 40 Kernel: Depends on container host Compiler: gcc 14.2.1 20240912 (Red Hat 14.2.1-3) Fedora 41 (Clang) Kernel: Depends on container host Compiler: clang 19.1.5 (Fedora 19.1.5-1.fc41) Debian 12 Kernel: Depends on container host Compiler: gcc (Debian 12.2.0-14) 12.2.0 Fedora 40 (Clang) Kernel: Depends on container host Compiler: clang 18.1.8 (Fedora 18.1.8-1.fc40) Fedora 41 Kernel: Depends on container host Compiler: gcc 14.2.1 20240912 (Red Hat 14.2.1-3) CentOS Stream 10 Kernel: Depends on container host Compiler: gcc 14.2.1 20241104 (Red Hat 14.2.1-6) openSUSE Leap 15 Kernel: Depends on container host Compiler: gcc (SUSE Linux) 7.5.0 Ubuntu 24.04 Kernel: Depends on container host Compiler: gcc (Ubuntu 13.3.0-6ubuntu2~24.04) 13.3.0 RHEL8 Kernel: Depends on container host Compiler: gcc 8.5.0 20210514 (Red Hat 8.5.0-22) RHEL9 Kernel: Depends on container host Compiler: gcc 11.5.0 20240719 (Red Hat 11.5.0-2) Ubuntu 22.04 Kernel: Depends on container host Compiler: gcc (Ubuntu 11.4.0-1ubuntu1~22.04) 11.4.0 To view detailed results, visit: https://lab.dpdk.org/results/dashboard/patchsets/33107/ UNH-IOL DPDK Community Lab To manage your email subscriptions, visit: https://lab.dpdk.org/results/dashboard/preferences/subscriptions/