From: dpdklab@iol.unh.edu
To: Test Report <test-report@dpdk.org>
Cc: dpdk-test-reports@iol.unh.edu,
Andre Muezerie <andremue@linux.microsoft.com>
Subject: |FAILURE| pw153302 [PATCH] [1/1] buildtools: avoid break due to fail
Date: Mon, 05 May 2025 23:35:28 -0700 (PDT) [thread overview]
Message-ID: <6819adb0.170a0220.1487d8.12ceSMTPIN_ADDED_MISSING@mx.google.com> (raw)
In-Reply-To: <1746474405-5056-2-git-send-email-andremue@linux.microsoft.com>
Test-Label: iol-unit-amd64-testing
Test-Status: FAILURE
http://dpdk.org/patch/153302
_Testing issues_
Submitter: Andre Muezerie <andremue@linux.microsoft.com>
Date: Monday, May 05 2025 19:46:45
DPDK git baseline: Repo:dpdk
Branch: master
CommitID:ca1690ebd224f148268285b15b97441ccdbdd07e
153302 --> testing issues
Upstream job id: Generic-VM-Unit-Test-DPDK#28336
Test environment and result as below:
+---------------------+----------------+
| Environment | dpdk_unit_test |
+=====================+================+
| Debian 12 | PASS |
+---------------------+----------------+
| Fedora 40 | PASS |
+---------------------+----------------+
| CentOS Stream 9 | WARN |
+---------------------+----------------+
| CentOS Stream 10 | PASS |
+---------------------+----------------+
| RHEL8 | WARN |
+---------------------+----------------+
| Fedora 41 (Clang) | PASS |
+---------------------+----------------+
| Fedora 40 (Clang) | PASS |
+---------------------+----------------+
| Fedora 41 | PASS |
+---------------------+----------------+
| RHEL9 | WARN |
+---------------------+----------------+
| Ubuntu 22.04 | PASS |
+---------------------+----------------+
| Ubuntu 24.04 | PASS |
+---------------------+----------------+
| Ubuntu 20.04 | FAIL |
+---------------------+----------------+
| Windows Server 2022 | PASS |
+---------------------+----------------+
==== Unit test summary for Ubuntu 20.04 (dpdk_unit_test): ====
Failed to get the unit test results.
Displaying the unit test results is not supported for some environments,
such as our aarch32 testing, where meson is not used to run the tests.
Download the logs available on our CI site.
==== End log output ====
Debian 12
Kernel: Depends on container host
Compiler: gcc (Debian 12.2.0-14) 12.2.0
Fedora 40
Kernel: Depends on container host
Compiler: gcc 14.2.1 20240912 (Red Hat 14.2.1-3)
CentOS Stream 9
Kernel: Depends on container host
Compiler: gcc 11.5.0 20240719 (Red Hat 11.5.0-2)
CentOS Stream 10
Kernel: Depends on container host
Compiler: gcc 14.2.1 20241104 (Red Hat 14.2.1-6)
RHEL8
Kernel: Depends on container host
Compiler: gcc 8.5.0 20210514 (Red Hat 8.5.0-22)
Fedora 41 (Clang)
Kernel: Depends on container host
Compiler: clang 19.1.5 (Fedora 19.1.5-1.fc41)
Fedora 40 (Clang)
Kernel: Depends on container host
Compiler: clang 18.1.8 (Fedora 18.1.8-1.fc40)
Fedora 41
Kernel: Depends on container host
Compiler: gcc 14.2.1 20240912 (Red Hat 14.2.1-3)
RHEL9
Kernel: Depends on container host
Compiler: gcc 11.5.0 20240719 (Red Hat 11.5.0-2)
Ubuntu 22.04
Kernel: Depends on container host
Compiler: gcc (Ubuntu 11.4.0-1ubuntu1~22.04) 11.4.0
Ubuntu 24.04
Kernel: Depends on container host
Compiler: gcc (Ubuntu 13.3.0-6ubuntu2~24.04) 13.3.0
Ubuntu 20.04
Kernel: Depends on container host
Compiler: gcc (Ubuntu 9.4.0-1ubuntu1~20.04.2) 9.4.0
Windows Server 2022
Kernel: 10.0.20348.2031
Compiler: clang 15.0.7, gcc 14.1.0 (MinGW), and MSVC VS 19.39.33521
To view detailed results, visit:
https://lab.dpdk.org/results/dashboard/patchsets/33115/
UNH-IOL DPDK Community Lab
To manage your email subscriptions, visit:
https://lab.dpdk.org/results/dashboard/preferences/subscriptions/
prev parent reply other threads:[~2025-05-06 6:35 UTC|newest]
Thread overview: 22+ messages / expand[flat|nested] mbox.gz Atom feed top
[not found] <1746474405-5056-2-git-send-email-andremue@linux.microsoft.com>
2025-05-05 19:12 ` |FAILURE| pw153302 [PATCH 1/1] buildtools: avoid break due to failure to cleanup temporary directory qemudev
2025-05-05 19:47 ` |SUCCESS| " checkpatch
2025-05-05 20:36 ` |SUCCESS| pw153302 [PATCH] [1/1] buildtools: avoid break due to fail dpdklab
2025-05-05 20:39 ` dpdklab
2025-05-05 20:44 ` |SUCCESS| pw153302 [PATCH 1/1] buildtools: avoid break due to failure to cleanup temporary directory 0-day Robot
2025-05-05 20:52 ` |SUCCESS| pw153302 [PATCH] [1/1] buildtools: avoid break due to fail dpdklab
2025-05-05 20:56 ` |FAILURE| " dpdklab
2025-05-05 21:16 ` |SUCCESS| " dpdklab
2025-05-05 21:20 ` |PENDING| " dpdklab
2025-05-05 21:25 ` |SUCCESS| " dpdklab
2025-05-05 22:28 ` |FAILURE| " dpdklab
2025-05-05 22:33 ` dpdklab
2025-05-05 23:15 ` |WARNING| " dpdklab
2025-05-05 23:54 ` |FAILURE| " dpdklab
2025-05-06 0:11 ` |WARNING| " dpdklab
2025-05-06 0:41 ` dpdklab
2025-05-06 0:42 ` dpdklab
2025-05-06 1:59 ` |FAILURE| " dpdklab
2025-05-06 2:01 ` dpdklab
2025-05-06 2:12 ` dpdklab
2025-05-06 4:47 ` |WARNING| " dpdklab
2025-05-06 6:35 ` dpdklab [this message]
Reply instructions:
You may reply publicly to this message via plain-text email
using any one of the following methods:
* Save the following mbox file, import it into your mail client,
and reply-to-all from there: mbox
Avoid top-posting and favor interleaved quoting:
https://en.wikipedia.org/wiki/Posting_style#Interleaved_style
* Reply using the --to, --cc, and --in-reply-to
switches of git-send-email(1):
git send-email \
--in-reply-to=6819adb0.170a0220.1487d8.12ceSMTPIN_ADDED_MISSING@mx.google.com \
--to=dpdklab@iol.unh.edu \
--cc=andremue@linux.microsoft.com \
--cc=dpdk-test-reports@iol.unh.edu \
--cc=test-report@dpdk.org \
/path/to/YOUR_REPLY
https://kernel.org/pub/software/scm/git/docs/git-send-email.html
* If your mail client supports setting the In-Reply-To header
via mailto: links, try the mailto: link
Be sure your reply has a Subject: header at the top and a blank line
before the message body.
This is a public inbox, see mirroring instructions
for how to clone and mirror all data and code used for this inbox;
as well as URLs for NNTP newsgroup(s).