From mboxrd@z Thu Jan 1 00:00:00 1970 Return-Path: Received: from mails.dpdk.org (mails.dpdk.org [217.70.189.124]) by inbox.dpdk.org (Postfix) with ESMTP id 06B27466D8 for ; Tue, 6 May 2025 11:01:16 +0200 (CEST) Received: from mails.dpdk.org (localhost [127.0.0.1]) by mails.dpdk.org (Postfix) with ESMTP id D216F40269; Tue, 6 May 2025 11:01:15 +0200 (CEST) Received: from mail-pl1-f228.google.com (mail-pl1-f228.google.com [209.85.214.228]) by mails.dpdk.org (Postfix) with ESMTP id 3E09D40150 for ; Tue, 6 May 2025 11:01:15 +0200 (CEST) Received: by mail-pl1-f228.google.com with SMTP id d9443c01a7336-2264aefc45dso84276945ad.0 for ; Tue, 06 May 2025 02:01:15 -0700 (PDT) DKIM-Signature: v=1; a=rsa-sha256; c=relaxed/relaxed; d=iol.unh.edu; s=unh-iol; t=1746522074; x=1747126874; darn=dpdk.org; h=cc:to:from:subject:message-id:date:from:to:cc:subject:date :message-id:reply-to; bh=gALbiVxfKRuhcaRKOpyIi0hOFV7B/zSClfUEHY14EQg=; b=WG77b68fq6IH6vzIXl/c//G0yUivw20bbf6EUy7yiq8kF/Nk64iLJKWdC6N6s2Byho 5FE2YzPmnQkmemUmA8YlxulA2C2p8VTGBAnK+kOT5TE1mWUovRwLyrvr59v3lf+H1DUE T89qoGVThqftm7cIuPuHTQsPx/cTq2k2zWcoc= X-Google-DKIM-Signature: v=1; a=rsa-sha256; c=relaxed/relaxed; d=1e100.net; s=20230601; t=1746522074; x=1747126874; h=cc:to:from:subject:message-id:date:x-gm-message-state:from:to:cc :subject:date:message-id:reply-to; bh=gALbiVxfKRuhcaRKOpyIi0hOFV7B/zSClfUEHY14EQg=; b=oOSHktbfYXR/vtSuoysXDeXLaE4+tnEelQPDbs7hDJFrcFJ4tuHKhM7OJhThahZz9E Hlo0VNokA5F2Fu0i0bC+gFdZ7n9aZCvMNvIj8QPG0V6YHIxVKJA2i7eJOI8T5PhXwHY7 3QbIhL5fFLXu6jsC1Kpcn2b7phSC1EmhPcejBfLx19iZZ/Dg8bOa9ahC80NqA+wShmCx GHJM4P6G8anncJWqV4yAYos8xFxpk7QoY61hLyP9F4V+OLakjAOnKZyBWEigklbmOOb0 HK2z8i4aOvE+xGP9CcBsRQc0Ed7rwD8IaKIqqjJ/15ykSxU/+kbxdiR5+FMsz7PP/TA1 75Yg== X-Gm-Message-State: AOJu0YwP6lPuyZ1jUIfXt7sEmj7BoFhxyGe29XDL7JPq6hSsUHNVxkcZ y7UK+ewUux7TfsYbFmL/lPb8QyhZE/t1X5fQ8wXRjhEZ8IWAn91/vVJm/650EMZHrIZCCplEhVE t0KadnMCzxJM4D9f3pzNnotmNUSFmbR2E X-Gm-Gg: ASbGncv7tiNF0jUyeArYsQ2VoziWRKDXU3tHSD3UgujekeSVoX0F69SHrXKr4h9Sm+x CGD7du2MujdIOZ++zbhrSlVX0RZcBcmmxxFcBZPhwwBMSNUUhLvovw2vhQ88WUuWtgBH8s1DGkv nS6hSW+fPkxMY1KlOFx4S6Gjeo5sPilfqS5ZdErzMzHLcxPr21G/MDfAFf+4TOd93ETHnURYkEo hIeIP5fRbwCIEzoY+hSUbllGXucWZkN/iXgspDQmpK7Gc7Dbe2MZEzvGfvhv/20RvZamLroplfu yFXq3a51bMYVA2cqlkdOMaQY740807aKW1JcVacv+lpGLhCDwAynIU8qL48= X-Google-Smtp-Source: AGHT+IEtq4BUYQUqCMZBdrUl0VKAWL4vd1srFfIYEdokd1Yn6xfVYBILh14WMihkpuBYNvL4kT8hfh3wjaFM X-Received: by 2002:a17:903:1b2f:b0:223:f408:c3f7 with SMTP id d9443c01a7336-22e1ea47acbmr155777355ad.16.1746522074190; Tue, 06 May 2025 02:01:14 -0700 (PDT) Received: from postal.iol.unh.edu (postal.iol.unh.edu. [132.177.123.84]) by smtp-relay.gmail.com with ESMTPS id d9443c01a7336-22e1522b411sm17265675ad.80.2025.05.06.02.01.14 (version=TLS1_2 cipher=ECDHE-ECDSA-AES128-GCM-SHA256 bits=128/128); Tue, 06 May 2025 02:01:14 -0700 (PDT) X-Relaying-Domain: iol.unh.edu Date: Tue, 06 May 2025 02:01:14 -0700 (PDT) Message-ID: <6819cfda.170a0220.101b44.5e40SMTPIN_ADDED_MISSING@mx.google.com> Received: from [172.21.0.11] (unknown [172.18.0.240]) by postal.iol.unh.edu (Postfix) with ESMTP id 315A86052471; Tue, 6 May 2025 05:01:13 -0400 (EDT) Subject: |WARNING| [GIT MASTER] 4401486b5e30d43a134f80f9802f60b5f43e74a8 From: dpdklab@iol.unh.edu To: Test Report Cc: dpdk-test-reports@iol.unh.edu, Xueming Li , Christian Ehrhardt , Kevin Traynor , Luca Boccassi Content-Type: text/plain X-BeenThere: test-report@dpdk.org X-Mailman-Version: 2.1.29 Precedence: list List-Id: automatic DPDK test reports List-Unsubscribe: , List-Archive: List-Post: List-Help: List-Subscribe: , Errors-To: test-report-bounces@dpdk.org _Testing issues_ Branch: tags/v22.11 4401486b5e30d43a134f80f9802f60b5f43e74a8 --> testing issues Upstream job id: Generic-DPDK-Compile-ABI#125407 Test environment and result as below: +-------------------+----------+ | Environment | abi_test | +===================+==========+ | CentOS Stream 9 | FAIL | +-------------------+----------+ | CentOS Stream 10 | PEND | +-------------------+----------+ | Debian 12 | PASS | +-------------------+----------+ | Fedora 40 (Clang) | FAIL | +-------------------+----------+ | Fedora 40 | PEND | +-------------------+----------+ | Fedora 41 (Clang) | PEND | +-------------------+----------+ | Fedora 41 | PEND | +-------------------+----------+ | openSUSE Leap 15 | FAIL | +-------------------+----------+ | RHEL8 | PEND | +-------------------+----------+ | RHEL9 | PEND | +-------------------+----------+ | Ubuntu 22.04 | PEND | +-------------------+----------+ | Ubuntu 24.04 | PEND | +-------------------+----------+ ==== 20 line log output for openSUSE Leap 15 (abi_test): ==== './librte_regex_cn9k.so.23.0' -> 'dpdk/pmds-23.0/librte_regex_cn9k.so.23.0' './librte_regex_mlx5.so' -> 'dpdk/pmds-23.0/librte_regex_mlx5.so' './librte_regex_mlx5.so.23' -> 'dpdk/pmds-23.0/librte_regex_mlx5.so.23' './librte_regex_mlx5.so.23.0' -> 'dpdk/pmds-23.0/librte_regex_mlx5.so.23.0' './librte_vdpa_ifc.so' -> 'dpdk/pmds-23.0/librte_vdpa_ifc.so' './librte_vdpa_ifc.so.23' -> 'dpdk/pmds-23.0/librte_vdpa_ifc.so.23' './librte_vdpa_ifc.so.23.0' -> 'dpdk/pmds-23.0/librte_vdpa_ifc.so.23.0' './librte_vdpa_mlx5.so' -> 'dpdk/pmds-23.0/librte_vdpa_mlx5.so' './librte_vdpa_mlx5.so.23' -> 'dpdk/pmds-23.0/librte_vdpa_mlx5.so.23' './librte_vdpa_mlx5.so.23.0' -> 'dpdk/pmds-23.0/librte_vdpa_mlx5.so.23.0' './librte_vdpa_sfc.so' -> 'dpdk/pmds-23.0/librte_vdpa_sfc.so' './librte_vdpa_sfc.so.23' -> 'dpdk/pmds-23.0/librte_vdpa_sfc.so.23' './librte_vdpa_sfc.so.23.0' -> 'dpdk/pmds-23.0/librte_vdpa_sfc.so.23.0' Installing /root/workspace/Generic-DPDK-Compile-ABI@2/dpdk/build/rte_build_config.h to /root/workspace/Generic-DPDK-Compile-ABI@2/build_install/usr/local/include Installing /root/workspace/Generic-DPDK-Compile-ABI@2/dpdk/build/meson-private/libdpdk-libs.pc to /root/workspace/Generic-DPDK-Compile-ABI@2/build_install/usr/local/lib64/pkgconfig Installing /root/workspace/Generic-DPDK-Compile-ABI@2/dpdk/build/meson-private/libdpdk.pc to /root/workspace/Generic-DPDK-Compile-ABI@2/build_install/usr/local/lib64/pkgconfig Running custom install script '/bin/sh /root/workspace/Generic-DPDK-Compile-ABI@2/dpdk/config/../buildtools/symlink-drivers-solibs.sh lib64 dpdk/pmds-23.0' ==== Compiled DPDK with debugoptimized bash: /scripts/generate_abi.sh: No such file or directory ==== End log output ==== CentOS Stream 9 Kernel: Depends on container host Compiler: gcc 11.5.0 20240719 (Red Hat 11.5.0-2) CentOS Stream 10 Kernel: Depends on container host Compiler: gcc 14.2.1 20241104 (Red Hat 14.2.1-6) Debian 12 Kernel: Depends on container host Compiler: gcc (Debian 12.2.0-14) 12.2.0 Fedora 40 (Clang) Kernel: Depends on container host Compiler: clang 18.1.8 (Fedora 18.1.8-1.fc40) Fedora 40 Kernel: Depends on container host Compiler: gcc 14.2.1 20240912 (Red Hat 14.2.1-3) Fedora 41 (Clang) Kernel: Depends on container host Compiler: clang 19.1.5 (Fedora 19.1.5-1.fc41) Fedora 41 Kernel: Depends on container host Compiler: gcc 14.2.1 20240912 (Red Hat 14.2.1-3) openSUSE Leap 15 Kernel: Depends on container host Compiler: gcc (SUSE Linux) 7.5.0 RHEL8 Kernel: Depends on container host Compiler: gcc 8.5.0 20210514 (Red Hat 8.5.0-22) RHEL9 Kernel: Depends on container host Compiler: gcc 11.5.0 20240719 (Red Hat 11.5.0-2) Ubuntu 22.04 Kernel: Depends on container host Compiler: gcc (Ubuntu 11.4.0-1ubuntu1~22.04) 11.4.0 Ubuntu 24.04 Kernel: Depends on container host Compiler: gcc (Ubuntu 13.3.0-6ubuntu2~24.04) 13.3.0 To view detailed results, visit: https://lab.dpdk.org/results/dashboard/tarballs/33446/ UNH-IOL DPDK Community Lab To manage your email subscriptions, visit: https://lab.dpdk.org/results/dashboard/preferences/subscriptions/