From mboxrd@z Thu Jan 1 00:00:00 1970 Return-Path: Received: from mails.dpdk.org (mails.dpdk.org [217.70.189.124]) by inbox.dpdk.org (Postfix) with ESMTP id 0EEB7466D9 for ; Tue, 6 May 2025 12:05:25 +0200 (CEST) Received: from mails.dpdk.org (localhost [127.0.0.1]) by mails.dpdk.org (Postfix) with ESMTP id E10FB40269; Tue, 6 May 2025 12:05:24 +0200 (CEST) Received: from mail-pj1-f98.google.com (mail-pj1-f98.google.com [209.85.216.98]) by mails.dpdk.org (Postfix) with ESMTP id ECC5840150 for ; Tue, 6 May 2025 12:05:23 +0200 (CEST) Received: by mail-pj1-f98.google.com with SMTP id 98e67ed59e1d1-30a99cff4feso119617a91.0 for ; Tue, 06 May 2025 03:05:23 -0700 (PDT) DKIM-Signature: v=1; a=rsa-sha256; c=relaxed/relaxed; d=iol.unh.edu; s=unh-iol; t=1746525923; x=1747130723; darn=dpdk.org; h=cc:to:from:subject:message-id:date:from:to:cc:subject:date :message-id:reply-to; bh=Ae161M3StUyDk/9AykRUP+P7F1CcsnG+MgxEhSNsCtY=; b=VK1oegLkh5bokE91xrnliaghZoZme4Si3/38S2OgHCTvBNYdkdID0bW5PzyszQ9IBQ XFVuKz77rHer5H8QOpAi0Po45rkyiNACAxvFodf4nHFBnkNLOBHqIHSZ8COozdVwF3aj 60mPYy8Q9bmb/IfTFtPqxuDezL4a1t0OjSAFI= X-Google-DKIM-Signature: v=1; a=rsa-sha256; c=relaxed/relaxed; d=1e100.net; s=20230601; t=1746525923; x=1747130723; h=cc:to:from:subject:message-id:date:x-gm-message-state:from:to:cc :subject:date:message-id:reply-to; bh=Ae161M3StUyDk/9AykRUP+P7F1CcsnG+MgxEhSNsCtY=; b=GdLXScWOCvC1WkQlICE/Xuvh2v50vUzVSjKZw38fYcW/p5rfYAAkb8e5IMXQIlThe7 zntdxi0ht96OmEWERHR4mWTPuAsVGB29MxZRz9ZgWeyd1RN9PgJlFOzc9Xwok9ZJC2Ma BJ6v/f15sJxvud6R9PUvrAngrXPgfVasOqH6iTtZdnhkrkhj5GP6qaAcesTAR2bKM1/4 d56NLKk1z7lpj0aR+Gf6pIX5211UFX/B0A+RnRxj04FialyLMe7q9zIxOmU8qN2VfobM AK/x7Vt1DocgtDkcBX4XntWfTfYiOBSu4/YNrUXus2FQnIvqdxO4ZQqS6t1Z75N749F7 B+AA== X-Gm-Message-State: AOJu0Yx5WE0T23bCymTpKV2EatEtQoqz5uMf0OHbK2Qz1F7Sq+TAmtoD rsDBmL2uh/wyoDQkDEURJgzR9UpO1x+DjRnriAXeMEgsiEJBv0WTDp8F+QJkZdIt2K1bcLWBtr+ uo5pHrHp0d8jmBFxuh3tsXN88p06LEFlIBDhaDbfNt0ExW3Hz X-Gm-Gg: ASbGncvw5asTG+5iSxh+hppXdYwYK2fDqEYw6jmQBj+vIU3UObr3p1WEnPTJfRqTreW chyAVpkOdYIT1SmNv2p+s2EshQM2ogDA/ulUVrA9buZX6sGPtLFcQco7DG28O/s6Gtzbg+frKdp GE4ydaAxPPYzrlDHotiKl/D5eB8x7SGcgysmVDeHUfoxCo+7wsIefSmA90QIh9apxpuTSn5Moxq mQx2afgTucztOh28RiqOEiIJ3oUKpW3OonVUnrTMJsptmF/x5TX+/jKMKzutbv4qThsXj7sxooo +VTwX+cOJCLkrzp2pJ9vG7hcqLXGfqQLvhZM X-Google-Smtp-Source: AGHT+IFaEGz5ksJc1aDYBjomosCIwSQNatlLh/fgFTPSHVAzyXG+mgU5Wfl9pjiM3VkhnsgrKlKrI6+4J57k X-Received: by 2002:a17:90b:2641:b0:2ee:8427:4b02 with SMTP id 98e67ed59e1d1-30a61a50827mr16534748a91.28.1746525922934; Tue, 06 May 2025 03:05:22 -0700 (PDT) Received: from postal.iol.unh.edu (postal.iol.unh.edu. [2606:4100:3880:1234::84]) by smtp-relay.gmail.com with ESMTPS id d9443c01a7336-22e15233572sm17672695ad.111.2025.05.06.03.05.22 (version=TLS1_2 cipher=ECDHE-ECDSA-AES128-GCM-SHA256 bits=128/128); Tue, 06 May 2025 03:05:22 -0700 (PDT) X-Relaying-Domain: iol.unh.edu Date: Tue, 06 May 2025 03:05:22 -0700 (PDT) Message-ID: <6819dee2.170a0220.88af.51ddSMTPIN_ADDED_MISSING@mx.google.com> Received: from [172.21.0.11] (unknown [172.18.0.240]) by postal.iol.unh.edu (Postfix) with ESMTP id 21D816052471; Tue, 6 May 2025 06:05:22 -0400 (EDT) Subject: |WARNING| [GIT MASTER] 4401486b5e30d43a134f80f9802f60b5f43e74a8 From: dpdklab@iol.unh.edu To: Test Report Cc: dpdk-test-reports@iol.unh.edu, Xueming Li , Christian Ehrhardt , Kevin Traynor , Luca Boccassi Content-Type: text/plain X-BeenThere: test-report@dpdk.org X-Mailman-Version: 2.1.29 Precedence: list List-Id: automatic DPDK test reports List-Unsubscribe: , List-Archive: List-Post: List-Help: List-Subscribe: , Errors-To: test-report-bounces@dpdk.org _Testing issues_ Branch: tags/v22.11 4401486b5e30d43a134f80f9802f60b5f43e74a8 --> testing issues Upstream job id: Generic-DPDK-Compile-ABI#125405 Test environment and result as below: +-------------------+----------+ | Environment | abi_test | +===================+==========+ | CentOS Stream 9 | FAIL | +-------------------+----------+ | CentOS Stream 10 | PASS | +-------------------+----------+ | Debian 12 | PASS | +-------------------+----------+ | Fedora 40 (Clang) | FAIL | +-------------------+----------+ | Fedora 40 | PASS | +-------------------+----------+ | Fedora 41 (Clang) | PASS | +-------------------+----------+ | Fedora 41 | PASS | +-------------------+----------+ | openSUSE Leap 15 | FAIL | +-------------------+----------+ | RHEL8 | FAIL | +-------------------+----------+ | RHEL9 | FAIL | +-------------------+----------+ | Ubuntu 22.04 | PASS | +-------------------+----------+ | Ubuntu 24.04 | FAIL | +-------------------+----------+ ==== 20 line log output for Ubuntu 24.04 (abi_test): ==== './librte_vdpa_ifc.so.23' -> 'dpdk/pmds-23.0/librte_vdpa_ifc.so.23' './librte_vdpa_ifc.so.23.0' -> 'dpdk/pmds-23.0/librte_vdpa_ifc.so.23.0' './librte_vdpa_mlx5.so' -> 'dpdk/pmds-23.0/librte_vdpa_mlx5.so' './librte_vdpa_mlx5.so.23' -> 'dpdk/pmds-23.0/librte_vdpa_mlx5.so.23' './librte_vdpa_mlx5.so.23.0' -> 'dpdk/pmds-23.0/librte_vdpa_mlx5.so.23.0' './librte_vdpa_sfc.so' -> 'dpdk/pmds-23.0/librte_vdpa_sfc.so' './librte_vdpa_sfc.so.23' -> 'dpdk/pmds-23.0/librte_vdpa_sfc.so.23' './librte_vdpa_sfc.so.23.0' -> 'dpdk/pmds-23.0/librte_vdpa_sfc.so.23.0' Installing /root/workspace/Generic-DPDK-Compile-ABI@4/dpdk/drivers/baseband/fpga_5gnr_fec/rte_pmd_fpga_5gnr_fec.h to /root/workspace/Generic-DPDK-Compile-ABI@4/build_install/usr/local/include Installing /root/workspace/Generic-DPDK-Compile-ABI@4/dpdk/usertools/dpdk-devbind.py to /root/workspace/Generic-DPDK-Compile-ABI@4/build_install/usr/local/bin Installing /root/workspace/Generic-DPDK-Compile-ABI@4/dpdk/usertools/dpdk-pmdinfo.py to /root/workspace/Generic-DPDK-Compile-ABI@4/build_install/usr/local/bin Installing /root/workspace/Generic-DPDK-Compile-ABI@4/dpdk/usertools/dpdk-telemetry.py to /root/workspace/Generic-DPDK-Compile-ABI@4/build_install/usr/local/bin Installing /root/workspace/Generic-DPDK-Compile-ABI@4/dpdk/usertools/dpdk-hugepages.py to /root/workspace/Generic-DPDK-Compile-ABI@4/build_install/usr/local/bin Installing /root/workspace/Generic-DPDK-Compile-ABI@4/dpdk/doc/guides/custom.css to /root/workspace/Generic-DPDK-Compile-ABI@4/build_install/usr/local/share/doc/dpdk/_static/css Installing /root/workspace/Generic-DPDK-Compile-ABI@4/dpdk/build/rte_build_config.h to /root/workspace/Generic-DPDK-Compile-ABI@4/build_install/usr/local/include Installing /root/workspace/Generic-DPDK-Compile-ABI@4/dpdk/build/meson-private/libdpdk-libs.pc to /root/workspace/Generic-DPDK-Compile-ABI@4/build_install/usr/local/lib/x86_64-linux-gnu/pkgconfig Installing /root/workspace/Generic-DPDK-Compile-ABI@4/dpdk/build/meson-private/libdpdk.pc to /root/workspace/Generic-DPDK-Compile-ABI@4/build_install/usr/local/lib/x86_64-linux-gnu/pkgconfig Running custom install script '/bin/sh /root/workspace/Generic-DPDK-Compile-ABI@4/dpdk/config/../buildtools/symlink-drivers-solibs.sh lib/x86_64-linux-gnu dpdk/pmds-23.0' ==== Compiled DPDK with debugoptimized bash: /scripts/generate_abi.sh: No such file or directory ==== End log output ==== CentOS Stream 9 Kernel: Depends on container host Compiler: gcc 11.5.0 20240719 (Red Hat 11.5.0-2) CentOS Stream 10 Kernel: Depends on container host Compiler: gcc 14.2.1 20241104 (Red Hat 14.2.1-6) Debian 12 Kernel: Depends on container host Compiler: gcc (Debian 12.2.0-14) 12.2.0 Fedora 40 (Clang) Kernel: Depends on container host Compiler: clang 18.1.8 (Fedora 18.1.8-1.fc40) Fedora 40 Kernel: Depends on container host Compiler: gcc 14.2.1 20240912 (Red Hat 14.2.1-3) Fedora 41 (Clang) Kernel: Depends on container host Compiler: clang 19.1.5 (Fedora 19.1.5-1.fc41) Fedora 41 Kernel: Depends on container host Compiler: gcc 14.2.1 20240912 (Red Hat 14.2.1-3) openSUSE Leap 15 Kernel: Depends on container host Compiler: gcc (SUSE Linux) 7.5.0 RHEL8 Kernel: Depends on container host Compiler: gcc 8.5.0 20210514 (Red Hat 8.5.0-22) RHEL9 Kernel: Depends on container host Compiler: gcc 11.5.0 20240719 (Red Hat 11.5.0-2) Ubuntu 22.04 Kernel: Depends on container host Compiler: gcc (Ubuntu 11.4.0-1ubuntu1~22.04) 11.4.0 Ubuntu 24.04 Kernel: Depends on container host Compiler: gcc (Ubuntu 13.3.0-6ubuntu2~24.04) 13.3.0 To view detailed results, visit: https://lab.dpdk.org/results/dashboard/tarballs/33446/ UNH-IOL DPDK Community Lab To manage your email subscriptions, visit: https://lab.dpdk.org/results/dashboard/preferences/subscriptions/