From mboxrd@z Thu Jan  1 00:00:00 1970
Return-Path: <test-report-bounces@dpdk.org>
Received: from mails.dpdk.org (mails.dpdk.org [217.70.189.124])
	by inbox.dpdk.org (Postfix) with ESMTP id 5F10A466DA
	for <public@inbox.dpdk.org>; Tue,  6 May 2025 14:01:35 +0200 (CEST)
Received: from mails.dpdk.org (localhost [127.0.0.1])
	by mails.dpdk.org (Postfix) with ESMTP id 476F740269;
	Tue,  6 May 2025 14:01:35 +0200 (CEST)
Received: from mail-oi1-f228.google.com (mail-oi1-f228.google.com
 [209.85.167.228])
 by mails.dpdk.org (Postfix) with ESMTP id 12F3B40150
 for <test-report@dpdk.org>; Tue,  6 May 2025 14:01:34 +0200 (CEST)
Received: by mail-oi1-f228.google.com with SMTP id
 5614622812f47-3feaedb39e9so1643653b6e.1
 for <test-report@dpdk.org>; Tue, 06 May 2025 05:01:34 -0700 (PDT)
DKIM-Signature: v=1; a=rsa-sha256; c=relaxed/relaxed;
 d=iol.unh.edu; s=unh-iol; t=1746532893; x=1747137693; darn=dpdk.org;
 h=cc:to:from:subject:message-id:date:from:to:cc:subject:date
 :message-id:reply-to;
 bh=pCQottceyui7Gq7npHx317X+RP4wmExw6/df/Bzcu9o=;
 b=ZZZhEA7N335UXBmFuSAL88Vzm/FdpnZr8DkGJcjNlYsgCp6EjpZggPZepDbnz8WvOc
 jAOGbD5HMIfah0xina8CDfY0EZRdqvD/gJ978BCKlvRYqzRKTI/6em6cjbYobyAEf+ZM
 UURS233wYgnDjAcw4LG56WWfvDXWLxAVTU6YY=
X-Google-DKIM-Signature: v=1; a=rsa-sha256; c=relaxed/relaxed;
 d=1e100.net; s=20230601; t=1746532893; x=1747137693;
 h=cc:to:from:subject:message-id:date:x-gm-message-state:from:to:cc
 :subject:date:message-id:reply-to;
 bh=pCQottceyui7Gq7npHx317X+RP4wmExw6/df/Bzcu9o=;
 b=No+tF7Zk6ZUyExNavzsB2wqPpFZOQoEUlEdp7AXB3ZP9YIQqz1XI0ezJmvt5GzdTJo
 2LLuCAYQ1YUJrdAzBQ9L5cvpDg+g48riVMBSSDvPgx/hPpkvCA/iMgfPHZIRh8LUgxxZ
 oX2luHyNueW5y6rISP7C7jEw0yYKm2xtvdjz12yRiU+/p2eWuqVvA2UGSwh8cPEa+bCD
 G9CD4RArnczeMD+4qfWh+ia6MuwMp8oP2VhzY/Un8qNl9TLs9cIZb1nJrdY5Z/PZ6np8
 6yUJ30tCE7Fmx02iAOiQPAQey8zkXwHiR/2sP4jfWlHYdT9fQogYLIRGQpZbPfRRHeCI
 nYXA==
X-Gm-Message-State: AOJu0Yyqd6y9AtlkguAiRBiP+rKcRrDQu93x1s9RrzQh8Jfo0BxIEgX6
 Jwh4uOseynVGpPvTzW0qBuwXKOtScmN5hLs5LSQUw/euq4rxOFYjzkVmum1IRAtQmjv/Avo/eYz
 wVlaoDlaJt/Zhe+R1txAZSQbzcUOqleWz
X-Gm-Gg: ASbGncvc80ohVBuQOEw7+3XwTDG8Ky5k8n2j6qKAQ+VXcO2lqBwWThXsEbC5gkM6pGo
 LFBX7bzqnj9Gc3G4KJFoBMHJzhdsM+XGt1J/VD7LKGo+qYeLEoUnxijDXds/eUEOjAsepk/vW/X
 Z2RxL5n0wkR+JPXeBX9s0P0ExlmiH0D1f2gLVTtOEeErMEsob+rtLqCOOdmwQjHg8wrsk0CYvtH
 /n5CSLZX+N96J/Lld/YP1kHuuyiEoFtM++gP2SvlAjHBVe0f9MzaTu6YEF10t2MsRJAOIvdtcA9
 qIjVKxPnMFlLVndYTfRLCWyji3IGjhCbUa37A27Fw1cKPXa7gBwUPu8Ofok=
X-Google-Smtp-Source: AGHT+IFLhEJxjOQ3jLBEiTADJjgqE183QNWpHuilEVScaY4ddylax+p95PpyhH9bQhF6eFRIcAsiEtDUgrR1
X-Received: by 2002:a05:6808:2f08:b0:401:ea7b:e535 with SMTP id
 5614622812f47-4035a58484emr7527688b6e.22.1746532893051; 
 Tue, 06 May 2025 05:01:33 -0700 (PDT)
Received: from postal.iol.unh.edu (postal.iol.unh.edu. [132.177.123.84])
 by smtp-relay.gmail.com with ESMTPS id
 d75a77b69052e-48b98722366sm18366691cf.16.2025.05.06.05.01.32
 (version=TLS1_2 cipher=ECDHE-ECDSA-AES128-GCM-SHA256 bits=128/128);
 Tue, 06 May 2025 05:01:33 -0700 (PDT)
X-Relaying-Domain: iol.unh.edu
Date: Tue, 06 May 2025 05:01:33 -0700 (PDT)
Message-ID: <6819fa1d.c80a0220.23fa6f.6e14SMTPIN_ADDED_MISSING@mx.google.com>
Received: from [172.21.0.14] (unknown [172.18.0.240])
 by postal.iol.unh.edu (Postfix) with ESMTP id AAA7A6052471;
 Tue,  6 May 2025 08:01:32 -0400 (EDT)
Subject: |WARNING| [GIT MASTER] 4401486b5e30d43a134f80f9802f60b5f43e74a8
From: dpdklab@iol.unh.edu
To: Test Report <test-report@dpdk.org>
Cc: dpdk-test-reports@iol.unh.edu, Xueming Li <xuemingl@nvidia.com>,
 Christian Ehrhardt <christian.ehrhardt@canonical.com>,
 Kevin Traynor <ktraynor@redhat.com>, Luca Boccassi <bluca@debian.org>
Content-Type: text/plain
X-BeenThere: test-report@dpdk.org
X-Mailman-Version: 2.1.29
Precedence: list
List-Id: automatic DPDK test reports <test-report.dpdk.org>
List-Unsubscribe: <https://mails.dpdk.org/options/test-report>,
 <mailto:test-report-request@dpdk.org?subject=unsubscribe>
List-Archive: <http://mails.dpdk.org/archives/test-report/>
List-Post: <mailto:test-report@dpdk.org>
List-Help: <mailto:test-report-request@dpdk.org?subject=help>
List-Subscribe: <https://mails.dpdk.org/listinfo/test-report>,
 <mailto:test-report-request@dpdk.org?subject=subscribe>
Errors-To: test-report-bounces@dpdk.org

_Testing issues_

Branch: tags/v22.11

4401486b5e30d43a134f80f9802f60b5f43e74a8 --> testing issues

Upstream job id: Generic-DPDK-Compile-Meson#385524

Test environment and result as below:

+---------------------+--------------------+-------------------------+----------------------+
|     Environment     | dpdk_meson_compile | dpdk_llvm_clang_compile | dpdk_mingw64_compile |
+=====================+====================+=========================+======================+
| CentOS Stream 9     | PASS               | SKIPPED                 | SKIPPED              |
+---------------------+--------------------+-------------------------+----------------------+
| CentOS Stream 10    | PASS               | SKIPPED                 | SKIPPED              |
+---------------------+--------------------+-------------------------+----------------------+
| Debian 12           | PASS               | SKIPPED                 | SKIPPED              |
+---------------------+--------------------+-------------------------+----------------------+
| Fedora 40 (Clang)   | PASS               | SKIPPED                 | SKIPPED              |
+---------------------+--------------------+-------------------------+----------------------+
| Fedora 40           | PASS               | SKIPPED                 | SKIPPED              |
+---------------------+--------------------+-------------------------+----------------------+
| Fedora 41 (Clang)   | PASS               | SKIPPED                 | SKIPPED              |
+---------------------+--------------------+-------------------------+----------------------+
| Fedora 41           | PASS               | SKIPPED                 | SKIPPED              |
+---------------------+--------------------+-------------------------+----------------------+
| RHEL9               | PASS               | SKIPPED                 | SKIPPED              |
+---------------------+--------------------+-------------------------+----------------------+
| Ubuntu 20.04        | PASS               | SKIPPED                 | SKIPPED              |
+---------------------+--------------------+-------------------------+----------------------+
| RHEL8               | PASS               | SKIPPED                 | SKIPPED              |
+---------------------+--------------------+-------------------------+----------------------+
| openSUSE Leap 15    | PASS               | SKIPPED                 | SKIPPED              |
+---------------------+--------------------+-------------------------+----------------------+
| Ubuntu 22.04        | PASS               | SKIPPED                 | SKIPPED              |
+---------------------+--------------------+-------------------------+----------------------+
| Ubuntu 24.04        | PASS               | SKIPPED                 | SKIPPED              |
+---------------------+--------------------+-------------------------+----------------------+
| FreeBSD 13.5        | PASS               | SKIPPED                 | SKIPPED              |
+---------------------+--------------------+-------------------------+----------------------+
| FreeBSD 14.2        | PASS               | SKIPPED                 | SKIPPED              |
+---------------------+--------------------+-------------------------+----------------------+
| Windows Server 2022 | SKIPPED            | FAIL                    | PASS                 |
+---------------------+--------------------+-------------------------+----------------------+

==== 20 line log output for Windows Server 2022 (dpdk_llvm_clang_compile): ====
..\lib\eal\include/rte_common.h:850:32: note: expanded from macro 'RTE_FMT_TAIL'
#define RTE_FMT_TAIL(fmt, ...) __VA_ARGS__
^~~~~~~~~~~
..\lib\eal\include/rte_common.h:848:39: note: expanded from macro 'RTE_FMT'
#define RTE_FMT(fmt, ...) fmt "%.0s", __VA_ARGS__ ""
^~~~~~~~~~~
../drivers/crypto/mlx5/mlx5_crypto.c:463:18: note: forward declaration of 'struct mlx5_err_cqe'
volatile struct mlx5_err_cqe *cqe = (volatile struct mlx5_err_cqe *)
^
3 errors generated.
[619/788] Linking static target drivers/libtmp_rte_net_octeon_ep.a
[620/788] Compiling C object drivers/libtmp_rte_net_vmxnet3.a.p/net_vmxnet3_vmxnet3_rxtx.c.obj
[621/788] Compiling C object app/dpdk-testpmd.exe.p/test-pmd_cmdline.c.obj
[622/788] Compiling C object app/dpdk-testpmd.exe.p/test-pmd_cmd_flex_item.c.obj
[623/788] Compiling C object app/dpdk-testpmd.exe.p/test-pmd_cmdline_tm.c.obj
[624/788] Compiling C object app/dpdk-testpmd.exe.p/test-pmd_config.c.obj
[625/788] Compiling C object drivers/libtmp_rte_net_mlx5.a.p/net_mlx5_mlx5_tx_nompw.c.obj
[626/788] Compiling C object drivers/libtmp_rte_net_mlx5.a.p/net_mlx5_mlx5_tx_empw.c.obj
[627/788] Compiling C object drivers/libtmp_rte_net_mlx5.a.p/net_mlx5_mlx5_tx_txpp.c.obj
ninja: build stopped: subcommand failed.
==== End log output ====

CentOS Stream 9
	Kernel: Depends on container host
	Compiler: gcc 11.5.0 20240719 (Red Hat 11.5.0-2)

CentOS Stream 10
	Kernel: Depends on container host
	Compiler: gcc 14.2.1 20241104 (Red Hat 14.2.1-6)

Debian 12
	Kernel: Depends on container host
	Compiler: gcc (Debian 12.2.0-14) 12.2.0

Fedora 40 (Clang)
	Kernel: Depends on container host
	Compiler: clang 18.1.8 (Fedora 18.1.8-1.fc40)

Fedora 40
	Kernel: Depends on container host
	Compiler: gcc 14.2.1 20240912 (Red Hat 14.2.1-3)

Fedora 41 (Clang)
	Kernel: Depends on container host
	Compiler: clang 19.1.5 (Fedora 19.1.5-1.fc41)

Fedora 41
	Kernel: Depends on container host
	Compiler: gcc 14.2.1 20240912 (Red Hat 14.2.1-3)

RHEL9
	Kernel: Depends on container host
	Compiler: gcc 11.5.0 20240719 (Red Hat 11.5.0-2)

Ubuntu 20.04
	Kernel: Depends on container host
	Compiler: gcc (Ubuntu 9.4.0-1ubuntu1~20.04.2) 9.4.0

RHEL8
	Kernel: Depends on container host
	Compiler: gcc 8.5.0 20210514 (Red Hat 8.5.0-22)

openSUSE Leap 15
	Kernel: Depends on container host
	Compiler: gcc (SUSE Linux) 7.5.0

Ubuntu 22.04
	Kernel: Depends on container host
	Compiler: gcc (Ubuntu 11.4.0-1ubuntu1~22.04) 11.4.0

Ubuntu 24.04
	Kernel: Depends on container host
	Compiler: gcc (Ubuntu 13.3.0-6ubuntu2~24.04) 13.3.0

FreeBSD 13.5
	Kernel: 13.5-RELEASE
	Compiler: clang 19.1.7

FreeBSD 14.2
	Kernel: 14.2-RELEASE
	Compiler: clang 18.1.6

Windows Server 2022
	Kernel: 10.0.20348.2031
	Compiler: clang 15.0.7, gcc 14.1.0 (MinGW), and MSVC VS 19.39.33521

To view detailed results, visit:
https://lab.dpdk.org/results/dashboard/tarballs/33446/

UNH-IOL DPDK Community Lab

To manage your email subscriptions, visit: 
https://lab.dpdk.org/results/dashboard/preferences/subscriptions/