From mboxrd@z Thu Jan 1 00:00:00 1970 Return-Path: Received: from mails.dpdk.org (mails.dpdk.org [217.70.189.124]) by inbox.dpdk.org (Postfix) with ESMTP id E4980466DA for ; Tue, 6 May 2025 15:05:41 +0200 (CEST) Received: from mails.dpdk.org (localhost [127.0.0.1]) by mails.dpdk.org (Postfix) with ESMTP id C4FF540269; Tue, 6 May 2025 15:05:41 +0200 (CEST) Received: from mail-pl1-f226.google.com (mail-pl1-f226.google.com [209.85.214.226]) by mails.dpdk.org (Postfix) with ESMTP id 0F96940150 for ; Tue, 6 May 2025 15:05:40 +0200 (CEST) Received: by mail-pl1-f226.google.com with SMTP id d9443c01a7336-22e4db05fe8so3286835ad.0 for ; Tue, 06 May 2025 06:05:39 -0700 (PDT) DKIM-Signature: v=1; a=rsa-sha256; c=relaxed/relaxed; d=iol.unh.edu; s=unh-iol; t=1746536739; x=1747141539; darn=dpdk.org; h=cc:to:from:subject:message-id:date:from:to:cc:subject:date :message-id:reply-to; bh=McgQKXVlZjhln6dmxVU+ip73/kxu74cIUfsyuBA0SgQ=; b=ZRN/EVYhe/lts59YrSjWXV0IbI2g13fFLNcHHZN63EDGnVF8lv/eNfgKMWCKQXCI7z PYeVHlWohTC7xkPhCoZeL40GMBFwxzvtcS99MmzGq5ZXIdAAY0NWvOPCBrapBHqv5zGX +m2xdSbb2+ZARUtT+BF5rmEt+8rSIozi0jXq8= X-Google-DKIM-Signature: v=1; a=rsa-sha256; c=relaxed/relaxed; d=1e100.net; s=20230601; t=1746536739; x=1747141539; h=cc:to:from:subject:message-id:date:x-gm-message-state:from:to:cc :subject:date:message-id:reply-to; bh=McgQKXVlZjhln6dmxVU+ip73/kxu74cIUfsyuBA0SgQ=; b=GAcc1yD0lw5/tTuiI3bLAJ7QLkniWlr6UeXEz949h19sXhHYcN26UyxNsJx/csMHIw fZxeUR3nkRUtIiQD1kBwvnKmKwMZIpkWJ/qsp5mjhBHKUSjb8f2lfp/Hh79fWhz/LE7J iUS+9Y+hYuX+oCr8B33Q1OF6e0PFOjxpY0yMS5dF5PANksvCGs1dYVVQ2cXlgjcEyDgb /fqXLykYNOcImakLqK6jNpL9qDWuQS+nL+G8UBz+dqprbWA11eQKkW+QiUBJ/G+aI80H VhOcZZnmw6o3bbOpXO69/pEMhidIEB/mc7bJ5L7JHL5cDVrVf7GgAknt+ME4PIHlOUEx qomw== X-Gm-Message-State: AOJu0YyrLMJwSCEoYRL83Hjvi2wOe2Hb4hKP2MlT5u6JAfb/pdALcKrO Q9k3PyIa2bLG090C+tRX6nRJWukT8I2RLMQhqNHpicaE/7BfT4O/u8N7TrV9YEh8vBAsNZEuXSQ 4oWSvnA3tiO0puRKOkwyPc9n2YLvbZlCr X-Gm-Gg: ASbGncvJ7QC8iqVfMQU5HTnQ4aR3LufwLbcEC6gI/+3wpXwBHv5roMJ/TutyekZXs8B Vbhuqo936MnADRjg9Ab5o3Qk1ly8Spr7Kqa9YX7KqxKiqV8/k7awZSTy8JRer2HJifnS6D/Twg6 DllYdsFZiGuSR1Q/93JsJrnBwBx6nm99QX0zfDI1MvbXAO7wi3jGHzkVRFBvERzQ82PGitJF84r x7hJDuKmKlrUTJ0ZefvNkI+RBp9sWhXTY3i+A3JNaMaKJrRiOdLzKmKRyiQN7EQAENuFgPCplsd X6EjM7cRoe2SRO6qJS3ckbQp9LoeuYOC+yWmdj+NlunJmSW7H20tHnXXpPM= X-Google-Smtp-Source: AGHT+IHgl1mi5UkX0md+Mu08lThCY2yEsdfhzWrF6c1EyJQ+/YuTeGqZh/ftsaWIT9VONLhHZO0HMUVzGiYu X-Received: by 2002:a17:903:3c2e:b0:223:5a6e:b2c with SMTP id d9443c01a7336-22e1ea66deemr199575825ad.17.1746536738904; Tue, 06 May 2025 06:05:38 -0700 (PDT) Received: from postal.iol.unh.edu (postal.iol.unh.edu. [132.177.123.84]) by smtp-relay.gmail.com with ESMTPS id d9443c01a7336-22e1523272esm17763575ad.96.2025.05.06.06.05.38 (version=TLS1_2 cipher=ECDHE-ECDSA-AES128-GCM-SHA256 bits=128/128); Tue, 06 May 2025 06:05:38 -0700 (PDT) X-Relaying-Domain: iol.unh.edu Date: Tue, 06 May 2025 06:05:38 -0700 (PDT) Message-ID: <681a0922.170a0220.31462b.66dcSMTPIN_ADDED_MISSING@mx.google.com> Received: from [172.17.0.2] (unknown [172.18.0.74]) by postal.iol.unh.edu (Postfix) with ESMTP id EAD656052471; Tue, 6 May 2025 09:05:37 -0400 (EDT) Subject: |FAILURE| [GIT MASTER] 4401486b5e30d43a134f80f9802f60b5f43e74a8 From: dpdklab@iol.unh.edu To: Test Report Cc: dpdk-test-reports@iol.unh.edu, Xueming Li , Christian Ehrhardt , Kevin Traynor , Luca Boccassi Content-Type: text/plain X-BeenThere: test-report@dpdk.org X-Mailman-Version: 2.1.29 Precedence: list List-Id: automatic DPDK test reports List-Unsubscribe: , List-Archive: List-Post: List-Help: List-Subscribe: , Errors-To: test-report-bounces@dpdk.org _Testing issues_ Branch: tags/v22.11 4401486b5e30d43a134f80f9802f60b5f43e74a8 --> testing issues Upstream job id: Generic-VM-Unit-Test-DPDK#28351 Test environment and result as below: +---------------------+----------------+ | Environment | dpdk_unit_test | +=====================+================+ | CentOS Stream 9 | FAIL | +---------------------+----------------+ | Debian 12 | FAIL | +---------------------+----------------+ | CentOS Stream 10 | FAIL | +---------------------+----------------+ | Fedora 41 | FAIL | +---------------------+----------------+ | Fedora 40 (Clang) | FAIL | +---------------------+----------------+ | Fedora 41 (Clang) | FAIL | +---------------------+----------------+ | RHEL9 | FAIL | +---------------------+----------------+ | RHEL8 | FAIL | +---------------------+----------------+ | Fedora 40 | FAIL | +---------------------+----------------+ | Ubuntu 20.04 | FAIL | +---------------------+----------------+ | Ubuntu 24.04 | FAIL | +---------------------+----------------+ | Ubuntu 22.04 | FAIL | +---------------------+----------------+ | Windows Server 2022 | FAIL | +---------------------+----------------+ ==== Unit test summary for Windows Server 2022 (dpdk_unit_test): ==== Failed to get the unit test results. Displaying the unit test results is not supported for some environments, such as our aarch32 testing, where meson is not used to run the tests. Download the logs available on our CI site. ==== End log output ==== CentOS Stream 9 Kernel: Depends on container host Compiler: gcc 11.5.0 20240719 (Red Hat 11.5.0-2) Debian 12 Kernel: Depends on container host Compiler: gcc (Debian 12.2.0-14) 12.2.0 CentOS Stream 10 Kernel: Depends on container host Compiler: gcc 14.2.1 20241104 (Red Hat 14.2.1-6) Fedora 41 Kernel: Depends on container host Compiler: gcc 14.2.1 20240912 (Red Hat 14.2.1-3) Fedora 40 (Clang) Kernel: Depends on container host Compiler: clang 18.1.8 (Fedora 18.1.8-1.fc40) Fedora 41 (Clang) Kernel: Depends on container host Compiler: clang 19.1.5 (Fedora 19.1.5-1.fc41) RHEL9 Kernel: Depends on container host Compiler: gcc 11.5.0 20240719 (Red Hat 11.5.0-2) RHEL8 Kernel: Depends on container host Compiler: gcc 8.5.0 20210514 (Red Hat 8.5.0-22) Fedora 40 Kernel: Depends on container host Compiler: gcc 14.2.1 20240912 (Red Hat 14.2.1-3) Ubuntu 20.04 Kernel: Depends on container host Compiler: gcc (Ubuntu 9.4.0-1ubuntu1~20.04.2) 9.4.0 Ubuntu 24.04 Kernel: Depends on container host Compiler: gcc (Ubuntu 13.3.0-6ubuntu2~24.04) 13.3.0 Ubuntu 22.04 Kernel: Depends on container host Compiler: gcc (Ubuntu 11.4.0-1ubuntu1~22.04) 11.4.0 Windows Server 2022 Kernel: 10.0.20348.2031 Compiler: clang 15.0.7, gcc 14.1.0 (MinGW), and MSVC VS 19.39.33521 To view detailed results, visit: https://lab.dpdk.org/results/dashboard/tarballs/33446/ UNH-IOL DPDK Community Lab To manage your email subscriptions, visit: https://lab.dpdk.org/results/dashboard/preferences/subscriptions/