From mboxrd@z Thu Jan 1 00:00:00 1970 Return-Path: Received: from mails.dpdk.org (mails.dpdk.org [217.70.189.124]) by inbox.dpdk.org (Postfix) with ESMTP id A1669466DA for ; Tue, 6 May 2025 15:12:01 +0200 (CEST) Received: from mails.dpdk.org (localhost [127.0.0.1]) by mails.dpdk.org (Postfix) with ESMTP id 9D4B940269; Tue, 6 May 2025 15:12:01 +0200 (CEST) Received: from mail-ot1-f98.google.com (mail-ot1-f98.google.com [209.85.210.98]) by mails.dpdk.org (Postfix) with ESMTP id D71CB40150 for ; Tue, 6 May 2025 15:12:00 +0200 (CEST) Received: by mail-ot1-f98.google.com with SMTP id 46e09a7af769-72c3b863b8eso1860650a34.2 for ; Tue, 06 May 2025 06:12:00 -0700 (PDT) DKIM-Signature: v=1; a=rsa-sha256; c=relaxed/relaxed; d=iol.unh.edu; s=unh-iol; t=1746537120; x=1747141920; darn=dpdk.org; h=cc:to:from:subject:message-id:date:from:to:cc:subject:date :message-id:reply-to; bh=eVIasjqN5CzhHyfYI+44RkIHTL6SHigAZjrftC7y+Rw=; b=BuvnSQ0zmpcaN7FaPeerKyr8aMwSnJvUqohIic5bR07PJWBiqk77PfJDAJqeYRQaMm AkohRejqvkiMfK36J6CPcTgVaycAkLj3tSspqfj167l4czMM9Rcaf7l5gvcSthezsmL5 eq+nRC/j58iHi4OKgRr2UovNVKwdEXygcZAo8= X-Google-DKIM-Signature: v=1; a=rsa-sha256; c=relaxed/relaxed; d=1e100.net; s=20230601; t=1746537120; x=1747141920; h=cc:to:from:subject:message-id:date:x-gm-message-state:from:to:cc :subject:date:message-id:reply-to; bh=eVIasjqN5CzhHyfYI+44RkIHTL6SHigAZjrftC7y+Rw=; b=wMWskCLtvsz/22wTD0AksEcq6rpQxYzdprmTY0Ut+oOQ8xUp2Ba/Ei1R2/lmJ5aGtI ARkZuCVXoCO5nzXqqtZN0JsbiCNZAOvllywXWJIgpV0saC6gf/zsILrd70QALBKtC7Ju S7xLM/Q7TD2JLN6Wrmuvsg5EPeUO0GChnzIn48SAoUewf9Uob22hNfkL3INBkz7oUnQ1 b0H/R2fQ7JpHg0WKu86+1+/yrC72VMCLjiKNjZanW1kCPS4DXUUi8E1bF9q8WPOwk1Wm woE45ezRmsXy9ngqSE+xvkoSu2GUbxVPUogKh8E6cjrseIRItRsSQvGFGBaiohIP8T1b Ey1g== X-Gm-Message-State: AOJu0YzBx4gpoHbktyUzOlwO/Vv4HNchtDa5Ef83LTgnqL2N9jIxFtWZ m6rKnPxh3IH7Ke7dfO4R+KviQEhB9Qzw7zjJZBRLi63/OzhbQ2oJumZnOivmRBaksrZEMzIddBf ReZaLR4DZaP5tEpq2pclqDRb9WxYFzf1+0QnEQYbBBtn1ZJum X-Gm-Gg: ASbGncuDH+7HDZpPqf6UvN0mENLzhjIS3JqsTvGOJoUhKB3rebjs1XA1g0g3U2uccNW S17sy5ujaLjL4dcFAmTtfRfUNS0nscN96Wn7HF1LPkh0bY+WyLowZo1A1IOLVwUoYRS+fuBEavc idnIfii1meiveTHwGE6XhdcvYnT3FlO0viFdd1ArSSpZJY/OSBJbGVPu2grHsABSIw7d9UBx2F2 kUVLqZYQXNLYQZIbWkLe2kBJ7o6I9rmeeNwS+DgfpMVwrLFUv2ooVjszPYwL7ivcVmtUHZkPLnt s1Gu8wJr4b4pdtLG5Z8oLUiWOAbmjcw9VJqb X-Google-Smtp-Source: AGHT+IHWkoAe6HXaUkznIrNIuj5JMOKLuUJoU5tZ9wrRc6Bjcp9XqLRLn2rucJUJze79nDC+bmQfs4pg0FaT X-Received: by 2002:a05:6870:41cd:b0:2d6:6688:a625 with SMTP id 586e51a60fabf-2dae8675545mr6528736fac.37.1746537120023; Tue, 06 May 2025 06:12:00 -0700 (PDT) Received: from postal.iol.unh.edu (postal.iol.unh.edu. [2606:4100:3880:1234::84]) by smtp-relay.gmail.com with ESMTPS id 586e51a60fabf-2daa1209060sm2166945fac.37.2025.05.06.06.11.59 (version=TLS1_2 cipher=ECDHE-ECDSA-AES128-GCM-SHA256 bits=128/128); Tue, 06 May 2025 06:12:00 -0700 (PDT) X-Relaying-Domain: iol.unh.edu Date: Tue, 06 May 2025 06:12:00 -0700 (PDT) Message-ID: <681a0aa0.050a0220.1e6986.63a7SMTPIN_ADDED_MISSING@mx.google.com> Received: from [172.17.0.2] (unknown [172.18.0.74]) by postal.iol.unh.edu (Postfix) with ESMTP id 758C36052471; Tue, 6 May 2025 09:11:59 -0400 (EDT) Subject: |FAILURE| [GIT MASTER] 4401486b5e30d43a134f80f9802f60b5f43e74a8 From: dpdklab@iol.unh.edu To: Test Report Cc: dpdk-test-reports@iol.unh.edu, Xueming Li , Christian Ehrhardt , Kevin Traynor , Luca Boccassi Content-Type: text/plain X-BeenThere: test-report@dpdk.org X-Mailman-Version: 2.1.29 Precedence: list List-Id: automatic DPDK test reports List-Unsubscribe: , List-Archive: List-Post: List-Help: List-Subscribe: , Errors-To: test-report-bounces@dpdk.org _Testing issues_ Branch: tags/v22.11 4401486b5e30d43a134f80f9802f60b5f43e74a8 --> testing issues Upstream job id: Generic-VM-Unit-Test-DPDK#28352 Test environment and result as below: +---------------------+----------------+ | Environment | dpdk_unit_test | +=====================+================+ | CentOS Stream 9 | FAIL | +---------------------+----------------+ | Debian 12 | FAIL | +---------------------+----------------+ | CentOS Stream 10 | FAIL | +---------------------+----------------+ | Fedora 41 | FAIL | +---------------------+----------------+ | Fedora 40 (Clang) | FAIL | +---------------------+----------------+ | Fedora 41 (Clang) | FAIL | +---------------------+----------------+ | RHEL9 | FAIL | +---------------------+----------------+ | RHEL8 | FAIL | +---------------------+----------------+ | Fedora 40 | FAIL | +---------------------+----------------+ | Ubuntu 20.04 | PASS | +---------------------+----------------+ | Ubuntu 24.04 | FAIL | +---------------------+----------------+ | Ubuntu 22.04 | FAIL | +---------------------+----------------+ | Windows Server 2022 | FAIL | +---------------------+----------------+ ==== Unit test summary for Windows Server 2022 (dpdk_unit_test): ==== Failed to get the unit test results. Displaying the unit test results is not supported for some environments, such as our aarch32 testing, where meson is not used to run the tests. Download the logs available on our CI site. ==== End log output ==== CentOS Stream 9 Kernel: Depends on container host Compiler: gcc 11.5.0 20240719 (Red Hat 11.5.0-2) Debian 12 Kernel: Depends on container host Compiler: gcc (Debian 12.2.0-14) 12.2.0 CentOS Stream 10 Kernel: Depends on container host Compiler: gcc 14.2.1 20241104 (Red Hat 14.2.1-6) Fedora 41 Kernel: Depends on container host Compiler: gcc 14.2.1 20240912 (Red Hat 14.2.1-3) Fedora 40 (Clang) Kernel: Depends on container host Compiler: clang 18.1.8 (Fedora 18.1.8-1.fc40) Fedora 41 (Clang) Kernel: Depends on container host Compiler: clang 19.1.5 (Fedora 19.1.5-1.fc41) RHEL9 Kernel: Depends on container host Compiler: gcc 11.5.0 20240719 (Red Hat 11.5.0-2) RHEL8 Kernel: Depends on container host Compiler: gcc 8.5.0 20210514 (Red Hat 8.5.0-22) Fedora 40 Kernel: Depends on container host Compiler: gcc 14.2.1 20240912 (Red Hat 14.2.1-3) Ubuntu 20.04 Kernel: Depends on container host Compiler: gcc (Ubuntu 9.4.0-1ubuntu1~20.04.2) 9.4.0 Ubuntu 24.04 Kernel: Depends on container host Compiler: gcc (Ubuntu 13.3.0-6ubuntu2~24.04) 13.3.0 Ubuntu 22.04 Kernel: Depends on container host Compiler: gcc (Ubuntu 11.4.0-1ubuntu1~22.04) 11.4.0 Windows Server 2022 Kernel: 10.0.20348.2031 Compiler: clang 15.0.7, gcc 14.1.0 (MinGW), and MSVC VS 19.39.33521 To view detailed results, visit: https://lab.dpdk.org/results/dashboard/tarballs/33446/ UNH-IOL DPDK Community Lab To manage your email subscriptions, visit: https://lab.dpdk.org/results/dashboard/preferences/subscriptions/