automatic DPDK test reports
 help / color / mirror / Atom feed
From: dpdklab@iol.unh.edu
To: Test Report <test-report@dpdk.org>
Cc: dpdk-test-reports@iol.unh.edu
Subject: |SUCCESS| pw153306 [PATCH] [v2] test/crypto: increment dequeue timeo
Date: Tue, 06 May 2025 06:34:12 -0700 (PDT)	[thread overview]
Message-ID: <681a0fd4.170a0220.389f7d.5e36SMTPIN_ADDED_MISSING@mx.google.com> (raw)
In-Reply-To: <20250506124918.2018-1-gmuthukrishn@marvell.com>

Test-Label: iol-sample-apps-testing
Test-Status: SUCCESS
http://dpdk.org/patch/153306

_Testing PASS_

Submitter: Gowrishankar Muthukrishnan <gmuthukrishn@marvell.com>
Date: Tuesday, May 06 2025 12:49:14 
DPDK git baseline: Repo:dpdk
  Branch: master
  CommitID:ca1690ebd224f148268285b15b97441ccdbdd07e

153306 --> testing pass

Upstream job id: Template-DTS-Pipeline#224534

Test environment and result as below:

+--------------------+----------------------+
|    Environment     | compressdev_zlib_pmd |
+====================+======================+
| Ubuntu 22.04 (ARM) | PASS                 |
+--------------------+----------------------+


Ubuntu 22.04 (ARM)
	Kernel: 5.15.0-97-generic
	Compiler: gcc gcc (Ubuntu 11.4.0-1ubuntu1~22.04) 11.4.0

To view detailed results, visit:
https://lab.dpdk.org/results/dashboard/patchsets/33119/

UNH-IOL DPDK Community Lab

To manage your email subscriptions, visit: 
https://lab.dpdk.org/results/dashboard/preferences/subscriptions/

  parent reply	other threads:[~2025-05-06 13:34 UTC|newest]

Thread overview: 22+ messages / expand[flat|nested]  mbox.gz  Atom feed  top
     [not found] <20250506124918.2018-1-gmuthukrishn@marvell.com>
2025-05-06 12:15 ` |SUCCESS| pw153306 [PATCH v2] test/crypto: increment dequeue timeout qemudev
2025-05-06 12:19 ` qemudev
2025-05-06 12:49 ` checkpatch
2025-05-06 13:26 ` |SUCCESS| pw153306 [PATCH] [v2] test/crypto: increment dequeue timeo dpdklab
2025-05-06 13:27 ` dpdklab
2025-05-06 13:32 ` |PENDING| " dpdklab
2025-05-06 13:34 ` dpdklab [this message]
2025-05-06 13:36 ` |SUCCESS| " dpdklab
2025-05-06 13:37 ` dpdklab
2025-05-06 13:41 ` dpdklab
2025-05-06 13:42 ` dpdklab
2025-05-06 13:45 ` |FAILURE| " dpdklab
2025-05-06 13:47 ` |SUCCESS| " dpdklab
2025-05-06 13:51 ` dpdklab
2025-05-06 13:53 ` |PENDING| " dpdklab
2025-05-06 13:54 ` dpdklab
2025-05-06 14:03 ` |SUCCESS| " dpdklab
2025-05-06 14:04 ` |SUCCESS| pw153306 [PATCH v2] test/crypto: increment dequeue timeout 0-day Robot
2025-05-06 14:58 ` |SUCCESS| pw153306 [PATCH] [v2] test/crypto: increment dequeue timeo dpdklab
2025-05-06 15:00 ` |FAILURE| " dpdklab
2025-05-06 15:15 ` |SUCCESS| " dpdklab
2025-05-06 15:24 ` dpdklab

Reply instructions:

You may reply publicly to this message via plain-text email
using any one of the following methods:

* Save the following mbox file, import it into your mail client,
  and reply-to-all from there: mbox

  Avoid top-posting and favor interleaved quoting:
  https://en.wikipedia.org/wiki/Posting_style#Interleaved_style

* Reply using the --to, --cc, and --in-reply-to
  switches of git-send-email(1):

  git send-email \
    --in-reply-to=681a0fd4.170a0220.389f7d.5e36SMTPIN_ADDED_MISSING@mx.google.com \
    --to=dpdklab@iol.unh.edu \
    --cc=dpdk-test-reports@iol.unh.edu \
    --cc=test-report@dpdk.org \
    /path/to/YOUR_REPLY

  https://kernel.org/pub/software/scm/git/docs/git-send-email.html

* If your mail client supports setting the In-Reply-To header
  via mailto: links, try the mailto: link
Be sure your reply has a Subject: header at the top and a blank line before the message body.
This is a public inbox, see mirroring instructions
for how to clone and mirror all data and code used for this inbox;
as well as URLs for NNTP newsgroup(s).