From mboxrd@z Thu Jan 1 00:00:00 1970 Return-Path: Received: from mails.dpdk.org (mails.dpdk.org [217.70.189.124]) by inbox.dpdk.org (Postfix) with ESMTP id A3EA4466DA for ; Tue, 6 May 2025 15:45:34 +0200 (CEST) Received: from mails.dpdk.org (localhost [127.0.0.1]) by mails.dpdk.org (Postfix) with ESMTP id 81CCE402F2; Tue, 6 May 2025 15:45:34 +0200 (CEST) Received: from mail-yw1-f227.google.com (mail-yw1-f227.google.com [209.85.128.227]) by mails.dpdk.org (Postfix) with ESMTP id AC795402AB for ; Tue, 6 May 2025 15:45:33 +0200 (CEST) Received: by mail-yw1-f227.google.com with SMTP id 00721157ae682-70907505121so20192747b3.0 for ; Tue, 06 May 2025 06:45:33 -0700 (PDT) DKIM-Signature: v=1; a=rsa-sha256; c=relaxed/relaxed; d=iol.unh.edu; s=unh-iol; t=1746539133; x=1747143933; darn=dpdk.org; h=references:in-reply-to:cc:to:from:subject:message-id:date:from:to :cc:subject:date:message-id:reply-to; bh=Xclc/E0mc+K2f/z3cbfcEW50MY8DZnZqfEUqMOTBr9U=; b=d3xzG7BkA/CTQWk83GZpR3JeR+Dd/Jh95A6Xf4LrMo63tSJAiz97C6mgf3ljpwgIsf qfW47qvbIWgTz+7gZCLoVZDlfOafRMy0Ufg9pUqJKeQFa0e5hjjjWWY6uJDC6nOAHeab 9QN1LZAoR68K3QH5HNgXc3bYwaE1mLEh2Eiuo= X-Google-DKIM-Signature: v=1; a=rsa-sha256; c=relaxed/relaxed; d=1e100.net; s=20230601; t=1746539133; x=1747143933; h=references:in-reply-to:cc:to:from:subject:message-id:date :x-gm-message-state:from:to:cc:subject:date:message-id:reply-to; bh=Xclc/E0mc+K2f/z3cbfcEW50MY8DZnZqfEUqMOTBr9U=; b=jOvNs+/NTlJknffhFUHyORVwTwiu6ZZE90FpEVqqhnFs1zuxMIBfDU1+imzjkzmAPL ixXjdZpPM+no4p9PBPjd1DuKsomSlh/31opSvAavaCfOM6W4jAAub0vKa2PBjqSGuyJi a+8ekI6jphCJaDluHxUWDmWu3TMyPN8oyTWp0VP7Kv9X7qpz+HyO31BgKG0q7Sjb+73K /4+AZ50qIS6FidawVWS27eRMXwSjyqxuv2tiskk0FYPeWqDKREZz1PnEju4wh2fRe5wr iKTeFadVVTFFshYtYjE+zjwYH34O8TBt1RR7L50zU7qavjj7Fy1c1s68N1QDbWqUxYNC TJLw== X-Gm-Message-State: AOJu0YwWKfrv/mBmrHvedMMFxsf3ma+T7+X0f2oRcpdP8uL6WODL1KLs pUfWD/6jQs8ZxnAmv3waZtcyNTlWvGLz+3UbMFI5JR9Tt0Pm9b8cDfpFlZjNrdGc/ErCNPNWRvW UVbYtSoQelfSBtKMujnHtVJUSRsK6TJ2akE+/5ErvKcWDIQqxd8iA4u92 X-Gm-Gg: ASbGncuM0ShBi4OQBkio6N113GGTDX6vv8+ao1dZL2rZUd4TfNbHvM51NCV6G3l5mvZ MJOW9SsVMDuMeF92dJ/c2g+7GpvKOmr7RTUcRTdgB9fS/a/6Fo5+/kNJM1EYLkgCg5ypb0/z9OU 9ikmU3mrJdW7ltBEBMCqhISKfBorJiZ+1Gx/3TaHlYSPvMCmqQb2jv+iw561tww5rPwTd4CiTaN 8vc9QDtXTlb9971m+MOsGBMEe2Y8/8Hu2zmlIDitQ2E4U84q3zCTpr3EpJNQHHp6Hwj5xQvNXR8 VlSReuNcYP5I/JZquK0PFotql3D9J8+J0rhD X-Google-Smtp-Source: AGHT+IHinq6ykYJm5jOsYVyTSKKVZeHmEMZolx9LmHR+sxegEvXdAceA7LJgm/8hs2yUyIoDd/+3SVifh4Q5 X-Received: by 2002:a05:690c:6f84:b0:6f7:5a46:fe5f with SMTP id 00721157ae682-709197aa3b2mr44286177b3.1.1746539132912; Tue, 06 May 2025 06:45:32 -0700 (PDT) Received: from postal.iol.unh.edu (postal.iol.unh.edu. [2606:4100:3880:1234::84]) by smtp-relay.gmail.com with ESMTPS id 00721157ae682-708c3f1244csm20218857b3.3.2025.05.06.06.45.32 (version=TLS1_2 cipher=ECDHE-ECDSA-AES128-GCM-SHA256 bits=128/128); Tue, 06 May 2025 06:45:32 -0700 (PDT) X-Relaying-Domain: iol.unh.edu Date: Tue, 06 May 2025 06:45:32 -0700 (PDT) Message-ID: <681a127c.050a0220.18b7b1.3405SMTPIN_ADDED_MISSING@mx.google.com> Received: from [172.21.0.14] (unknown [172.18.0.240]) by postal.iol.unh.edu (Postfix) with ESMTP id 8A5F16052471; Tue, 6 May 2025 09:45:32 -0400 (EDT) Subject: |FAILURE| pw153306 [PATCH] [v2] test/crypto: increment dequeue timeo From: dpdklab@iol.unh.edu To: Test Report Cc: dpdk-test-reports@iol.unh.edu, Gowrishankar Muthukrishnan In-Reply-To: <20250506124918.2018-1-gmuthukrishn@marvell.com> References: <20250506124918.2018-1-gmuthukrishn@marvell.com> Content-Type: text/plain X-BeenThere: test-report@dpdk.org X-Mailman-Version: 2.1.29 Precedence: list List-Id: automatic DPDK test reports List-Unsubscribe: , List-Archive: List-Post: List-Help: List-Subscribe: , Errors-To: test-report-bounces@dpdk.org Test-Label: iol-unit-arm64-testing Test-Status: FAILURE http://dpdk.org/patch/153306 _Testing issues_ Submitter: Gowrishankar Muthukrishnan Date: Tuesday, May 06 2025 12:49:14 DPDK git baseline: Repo:dpdk Branch: master CommitID:ca1690ebd224f148268285b15b97441ccdbdd07e 153306 --> testing issues Upstream job id: Generic-Unit-Test-DPDK#335776 Test environment and result as below: +------------------------+----------------+------------------------------+---------------------------+--------------+ | Environment | dpdk_unit_test | cryptodev_sw_snow3g_autotest | cryptodev_sw_zuc_autotest | lpm_autotest | +========================+================+==============================+===========================+==============+ | CentOS Stream 9 (ARM) | PASS | SKIPPED | SKIPPED | SKIPPED | +------------------------+----------------+------------------------------+---------------------------+--------------+ | CentOS Stream 10 (ARM) | PASS | SKIPPED | SKIPPED | SKIPPED | +------------------------+----------------+------------------------------+---------------------------+--------------+ | Fedora 41 (ARM) | PASS | SKIPPED | SKIPPED | SKIPPED | +------------------------+----------------+------------------------------+---------------------------+--------------+ | Fedora 40 (ARM) | PASS | SKIPPED | SKIPPED | SKIPPED | +------------------------+----------------+------------------------------+---------------------------+--------------+ | Debian 12 (arm) | PASS | PEND | PEND | SKIPPED | +------------------------+----------------+------------------------------+---------------------------+--------------+ | Fedora 40 (ARM Clang) | PEND | SKIPPED | SKIPPED | SKIPPED | +------------------------+----------------+------------------------------+---------------------------+--------------+ | Fedora 41 (ARM Clang) | PEND | SKIPPED | SKIPPED | SKIPPED | +------------------------+----------------+------------------------------+---------------------------+--------------+ | Ubuntu 20.04 (ARM) | FAIL | SKIPPED | SKIPPED | SKIPPED | +------------------------+----------------+------------------------------+---------------------------+--------------+ | RHEL9 (ARM) | PEND | SKIPPED | SKIPPED | SKIPPED | +------------------------+----------------+------------------------------+---------------------------+--------------+ | Ubuntu 22.04 (ARM) | PEND | SKIPPED | SKIPPED | SKIPPED | +------------------------+----------------+------------------------------+---------------------------+--------------+ | Ubuntu 24.04 (ARM) | PEND | SKIPPED | SKIPPED | SKIPPED | +------------------------+----------------+------------------------------+---------------------------+--------------+ | Ubuntu 20.04 ARM SVE | SKIPPED | SKIPPED | SKIPPED | PEND | +------------------------+----------------+------------------------------+---------------------------+--------------+ ==== Unit test summary for Ubuntu 20.04 (ARM) (dpdk_unit_test): ==== ninja: Entering directory `/home-local/jenkins-local/jenkins-agent/workspace/Generic-Unit-Test-DPDK/dpdk/build' ninja: no work to do. 1/119 DPDK:fast-tests / acl_autotest OK 4.45s 2/119 DPDK:fast-tests / alarm_autotest OK 1.16s 3/119 DPDK:fast-tests / argparse_autotest OK 0.18s 4/119 DPDK:fast-tests / atomic_autotest OK 4.23s 5/119 DPDK:fast-tests / bitcount_autotest OK 0.18s 6/119 DPDK:fast-tests / bitmap_autotest OK 0.15s 7/119 DPDK:fast-tests / bitops_autotest OK 1.66s 8/119 DPDK:fast-tests / bitratestats_autotest OK 0.16s 9/119 DPDK:fast-tests / bitset_autotest OK 2.78s 10/119 DPDK:fast-tests / bpf_autotest OK 0.18s 11/119 DPDK:fast-tests / bpf_convert_autotest OK 0.16s 12/119 DPDK:fast-tests / byteorder_autotest OK 0.15s 13/119 DPDK:fast-tests / cfgfile_autotest OK 0.16s 14/119 DPDK:fast-tests / cksum_autotest OK 0.15s 15/119 DPDK:fast-tests / cmdline_autotest OK 0.15s 16/119 DPDK:fast-tests / common_autotest OK 0.90s 17/119 DPDK:fast-tests / compressdev_autotest SKIP 0.09s exit status 77 18/119 DPDK:fast-tests / cpuflags_autotest OK 0.20s 19/119 DPDK:fast-tests / crc_autotest OK 0.18s 20/119 DPDK:fast-tests / user_delay_us OK 0.18s 21/119 DPDK:fast-tests / debug_autotest OK 0.90s 22/119 DPDK:fast-tests / devargs_autotest OK 0.15s 23/119 DPDK:fast-tests / dispatcher_autotest FAIL 2.52s (exit status 255 or signal 127 SIGinvalid) >>> DPDK_TEST=dispatcher_autotest MALLOC_PERTURB_=108 /home-local/jenkins-local/jenkins-agent/workspace/Generic-Unit-Test-DPDK/dpdk/build/app/dpdk-test 24/119 DPDK:fast-tests / distributor_autotest OK 0.81s 25/119 DPDK:fast-tests / eal_flags_c_opt_autotest OK 1.70s 26/119 DPDK:fast-tests / eal_flags_main_opt_autotest OK 0.47s 27/119 DPDK:fast-tests / eal_flags_n_opt_autotest OK 0.41s 28/119 DPDK:fast-tests / eal_flags_hpet_autotest OK 0.23s 29/119 DPDK:fast-tests / eal_flags_no_huge_autotest OK 0.46s 30/119 DPDK:fast-tests / eal_flags_a_opt_autotest OK 0.63s 31/119 DPDK:fast-tests / eal_flags_b_opt_autotest OK 0.49s 32/119 DPDK:fast-tests / eal_flags_vdev_opt_autotest OK 0.37s 33/119 DPDK:fast-tests / eal_flags_r_opt_autotest OK 0.36s 34/119 DPDK:fast-tests / eal_flags_mem_autotest OK 0.55s 35/119 DPDK:fast-tests / eal_flags_file_prefix_autotest OK 1.55s 36/119 DPDK:fast-tests / eal_flags_misc_autotest OK 2.01s 37/119 DPDK:fast-tests / eal_fs_autotest OK 0.18s 38/119 DPDK:fast-tests / errno_autotest OK 0.15s 39/119 DPDK:fast-tests / ethdev_link_status OK 0.15s 40/119 DPDK:fast-tests / event_eth_tx_adapter_autotest OK 1.13s 41/119 DPDK:fast-tests / event_ring_autotest OK 0.17s 42/119 DPDK:fast-tests / eventdev_common_autotest OK 0.17s 43/119 DPDK:fast-tests / eventdev_selftest_sw OK 6.87s 44/119 DPDK:fast-tests / fbarray_autotest OK 0.15s 45/119 DPDK:fast-tests / fib_autotest OK 0.88s 46/119 DPDK:fast-tests / fib6_autotest OK 0.81s 47/119 DPDK:fast-tests / func_reentrancy_autotest OK 0.74s 48/119 DPDK:fast-tests / graph_autotest OK 0.17s 49/119 DPDK:fast-tests / node_list_dump OK 0.16s 50/119 DPDK:fast-tests / hash_autotest OK 0.49s 51/119 DPDK:fast-tests / hash_readwrite_func_autotest OK 7.24s 52/119 DPDK:fast-tests / interrupt_autotest OK 1.19s 53/119 DPDK:fast-tests / ipfrag_autotest OK 0.09s 54/119 DPDK:fast-tests / ipsec_autotest SKIP 0.18s exit status 77 55/119 DPDK:fast-tests / kvargs_autotest OK 0.16s 56/119 DPDK:fast-tests / latencystats_autotest OK 0.16s 57/119 DPDK:fast-tests / lcore_var_autotest OK 0.66s 58/119 DPDK:fast-tests / lcores_autotest OK 95.91s 59/119 DPDK:fast-tests / logs_autotest OK 0.15s 60/119 DPDK:fast-tests / lpm_autotest OK 1.61s 61/119 DPDK:fast-tests / lpm6_autotest OK 4.91s 62/119 DPDK:fast-tests / malloc_autotest OK 0.43s 63/119 DPDK:fast-tests / mbuf_autotest OK 4.62s 64/119 DPDK:fast-tests / mcslock_autotest OK 1.03s 65/119 DPDK:fast-tests / member_autotest OK 1.40s 66/119 DPDK:fast-tests / memcpy_autotest OK 5.57s 67/119 DPDK:fast-tests / memory_autotest OK 0.09s 68/119 DPDK:fast-tests / mempool_autotest OK 0.45s 69/119 DPDK:fast-tests / memzone_autotest OK 0.11s 70/119 DPDK:fast-tests / meter_autotest OK 0.17s 71/119 DPDK:fast-tests / metrics_autotest OK 0.15s 72/119 DPDK:fast-tests / multiprocess_autotest OK 0.36s 73/119 DPDK:fast-tests / net_ether_autotest OK 1.07s 74/119 DPDK:fast-tests / net_ipv6_autotest OK 0.16s 75/119 DPDK:fast-tests / pcapng_autotest OK 6.39s 76/119 DPDK:fast-tests / pdcp_autotest SKIP 0.09s exit status 77 77/119 DPDK:fast-tests / pdump_autotest OK 0.45s 78/119 DPDK:fast-tests / per_lcore_autotest OK 0.26s 79/119 DPDK:fast-tests / pflock_autotest OK 0.48s 80/119 DPDK:fast-tests / pie_autotest OK 0.16s 81/119 DPDK:fast-tests / ring_pmd_autotest OK 0.16s 82/119 DPDK:fast-tests / power_autotest OK 0.16s 83/119 DPDK:fast-tests / power_cpufreq_autotest SKIP 0.09s exit status 77 84/119 DPDK:fast-tests / power_intel_uncore_autotest SKIP 0.18s exit status 77 85/119 DPDK:fast-tests / power_kvm_vm_autotest SKIP 0.09s exit status 77 86/119 DPDK:fast-tests / prefetch_autotest OK 0.17s 87/119 DPDK:fast-tests / ptr_compress_autotest OK 0.15s 88/119 DPDK:fast-tests / rawdev_autotest OK 0.16s 89/119 DPDK:fast-tests / rcu_qsbr_autotest OK 0.63s 90/119 DPDK:fast-tests / reorder_autotest OK 0.41s 91/119 DPDK:fast-tests / rib_autotest OK 3.97s 92/119 DPDK:fast-tests / rib6_autotest OK 3.92s 93/119 DPDK:fast-tests / ring_autotest OK 0.18s 94/119 DPDK:fast-tests / rwlock_test1_autotest OK 0.48s 95/119 DPDK:fast-tests / rwlock_rda_autotest OK 5.17s 96/119 DPDK:fast-tests / rwlock_rds_wrm_autotest OK 5.19s 97/119 DPDK:fast-tests / rwlock_rde_wro_autotest OK 5.16s 98/119 DPDK:fast-tests / sched_autotest OK 0.16s 99/119 DPDK:fast-tests / security_autotest OK 0.09s 100/119 DPDK:fast-tests / seqlock_autotest OK 2.18s 101/119 DPDK:fast-tests / service_autotest OK 2.86s 102/119 DPDK:fast-tests / soring_autotest OK 0.16s 103/119 DPDK:fast-tests / spinlock_autotest OK 0.19s 104/119 DPDK:fast-tests / stack_autotest OK 0.32s 105/119 DPDK:fast-tests / stack_lf_autotest OK 0.35s 106/119 DPDK:fast-tests / string_autotest OK 0.17s 107/119 DPDK:fast-tests / table_autotest OK 7.12s 108/119 DPDK:fast-tests / tailq_autotest OK 0.16s 109/119 DPDK:fast-tests / telemetry_data_autotest OK 0.16s 110/119 DPDK:fast-tests / telemetry_json_autotest OK 0.15s 111/119 DPDK:fast-tests / thash_autotest OK 0.17s 112/119 DPDK:fast-tests / threads_autotest OK 0.33s 113/119 DPDK:fast-tests / ticketlock_autotest OK 0.20s 114/119 DPDK:fast-tests / timer_autotest OK 2.81s 115/119 DPDK:fast-tests / trace_autotest OK 0.18s 116/119 DPDK:fast-tests / trace_autotest_with_traces OK 0.17s 117/119 DPDK:fast-tests / vdev_autotest OK 0.16s 118/119 DPDK:fast-tests / version_autotest OK 0.16s 119/119 DPDK:fast-tests / telemetry_all OK 1.16s Ok: 112 Expected Fail: 0 Fail: 1 Unexpected Pass: 0 Skipped: 6 Timeout: 0 Full log written to /home-local/jenkins-local/jenkins-agent/workspace/Generic-Unit-Test-DPDK/dpdk/build/meson-logs/testlog.txt Test log output from the failed test dispatcher_autotest: Sorry, we were not able to find the logs for this test. Download the log output from the CI site for this test run. ==== End log output ==== CentOS Stream 9 (ARM) Kernel: Depends on container host Compiler: gcc 11.5.0 20240719 (Red Hat 11.5.0-2) CentOS Stream 10 (ARM) Kernel: Depends on container host Compiler: gcc 14.2.1 20241104 (Red Hat 14.2.1-6) Fedora 41 (ARM) Kernel: Depends on container host Compiler: gcc 14.2.1 20240912 (Red Hat 14.2.1-3) Fedora 40 (ARM) Kernel: Depends on container host Compiler: gcc 14.2.1 20240912 (Red Hat 14.2.1-3) Debian 12 (arm) Kernel: Depends on container host Compiler: gcc (Debian 12.2.0-14) 12.2.0 Fedora 40 (ARM Clang) Kernel: Depends on container host Compiler: clang 18.1.8 (Fedora 18.1.8-1.fc40) Fedora 41 (ARM Clang) Kernel: Depends on container host Compiler: clang 19.1.5 (Fedora 19.1.5-1.fc41) Ubuntu 20.04 (ARM) Kernel: Depends on container host Compiler: gcc (Ubuntu 9.4.0-1ubuntu1~20.04.2) 9.4.0 RHEL9 (ARM) Kernel: Depends on container host Compiler: gcc 11.5.0 20240719 (Red Hat 11.5.0-2) Ubuntu 22.04 (ARM) Kernel: Depends on container host Compiler: gcc (Ubuntu 11.4.0-1ubuntu1~22.04) 11.4.0 Ubuntu 24.04 (ARM) Kernel: Depends on container host Compiler: gcc (Ubuntu 13.3.0-6ubuntu2~24.04) 13.3.0 Ubuntu 20.04 ARM SVE Kernel: Depends on container host Compiler: gcc (Ubuntu 10.5.0-1ubuntu1~20.04) 10.5.0 To view detailed results, visit: https://lab.dpdk.org/results/dashboard/patchsets/33119/ UNH-IOL DPDK Community Lab To manage your email subscriptions, visit: https://lab.dpdk.org/results/dashboard/preferences/subscriptions/