From mboxrd@z Thu Jan 1 00:00:00 1970 Return-Path: Received: from mails.dpdk.org (mails.dpdk.org [217.70.189.124]) by inbox.dpdk.org (Postfix) with ESMTP id 538F9466E2 for ; Wed, 7 May 2025 05:39:19 +0200 (CEST) Received: from mails.dpdk.org (localhost [127.0.0.1]) by mails.dpdk.org (Postfix) with ESMTP id 4F8F24025D; Wed, 7 May 2025 05:39:19 +0200 (CEST) Received: from mail-pl1-f228.google.com (mail-pl1-f228.google.com [209.85.214.228]) by mails.dpdk.org (Postfix) with ESMTP id 86D364025A for ; Wed, 7 May 2025 05:39:18 +0200 (CEST) Received: by mail-pl1-f228.google.com with SMTP id d9443c01a7336-22c3407a87aso95278245ad.3 for ; Tue, 06 May 2025 20:39:18 -0700 (PDT) DKIM-Signature: v=1; a=rsa-sha256; c=relaxed/relaxed; d=iol.unh.edu; s=unh-iol; t=1746589157; x=1747193957; darn=dpdk.org; h=references:in-reply-to:cc:to:from:subject:message-id:date:from:to :cc:subject:date:message-id:reply-to; bh=Lndbv5/7q2wfOA3y3nYWs1l8hO1vHUYp5HpHxxfEVxY=; b=JsVQ+bqNn4/pEhThy/+OqYb8IJNBMqOzo+bwQWjVvEst1y4cOc/qhz1lcAI7hEo7Yw 1OLwe0bHFGPSd0BpFql1KtWQHQVzc9/r9Rhp+LwaU1HANnzSQKXm9h8vznJk8lmRI1Ww N/qmdjbu1NfHBYshElTjn/wB6m81JM3kuFnig= X-Google-DKIM-Signature: v=1; a=rsa-sha256; c=relaxed/relaxed; d=1e100.net; s=20230601; t=1746589157; x=1747193957; h=references:in-reply-to:cc:to:from:subject:message-id:date :x-gm-message-state:from:to:cc:subject:date:message-id:reply-to; bh=Lndbv5/7q2wfOA3y3nYWs1l8hO1vHUYp5HpHxxfEVxY=; b=QXafQR5Ll2/T4c3rjwbf8QWTAQ83NM7PVAEWqQOPLFDNhvf/JApZYlgV9kTc2vS4IB tuv4X3PI1uDtfCDoX7SB6OX3x32MknyuWAiq4zg2QmfTUe2eGTXosaGnfe3X1IZFteb3 2bUEEJf8tFl92/S9mOd2EYCpVfJpd22vnvenRM5K86weaYea20gzmfoVj+GK5MET9m2w O2LhcicX6z9pdMCVCdw8zLHQg1Cga+wIAEn6TRJTJLrAbL1u2ySdkgViO+VptIt5sa++ TZ5qIZXB2yCpdrWGWNsrIaVC4y83HuRKbpEx2LXzU/kE2hKePQG1QIlYapC/G//N5/0k jzPQ== X-Gm-Message-State: AOJu0Yxxs6VcERjTqDnoXmP/X9vc5GP00Tx4vCd15Y7P01yUUM02JcrH 8XOo4ltZMhc3H3QJTCxuySZiZzlTkGrGR5pjpmQSza6JyF0IHoDxWfgJ7KbKQVuHhR9FIHDKMGa /6M+ddfR1t6IlM4GWvVdxlJ1hT4/Q+GkRa33pFY+4VdVJvFikA/DdV5Z0 X-Gm-Gg: ASbGncuIKcB6Qe1WUTA93TwbRtjB0ro3epajQD9uHZ2hGBy7rWThGHOCx0An+ILwR1t 1F2jFtoTjT4VwqsiQ5FGQopfL+ugorYBwPm9rd725JkSHrMi/CmtAtfXBJsbgnfoZ3uXhGhe+RE Fa7Eutw9aW+0xSEhFjeAq1aaFdDCannZF1USPoqEpvGP1sf2AsdsnA4e/eM32mR7nSe1oiYCWqT qAsTh09XgTXRzbWDlLDMV+7wiDYr3rXc+7nAocv3sMSVOmEceF6tQMnn448O8U1ibz0xwwspZqf Ace672AoI8C13KmlUuAoW0YHMLGuQf49XHiH X-Google-Smtp-Source: AGHT+IHoGYTGc6A9aR1evYqWZIhXz2+iVCUYXnQ9i6F8mgVbCK8FvGG9NSZKkc6yaKYl8Vh0LVBfHmnpieYb X-Received: by 2002:a17:902:f544:b0:227:ac2a:2472 with SMTP id d9443c01a7336-22e5ecae633mr24518755ad.28.1746589157537; Tue, 06 May 2025 20:39:17 -0700 (PDT) Received: from postal.iol.unh.edu (postal.iol.unh.edu. [2606:4100:3880:1234::84]) by smtp-relay.gmail.com with ESMTPS id d9443c01a7336-22e427da097sm976705ad.120.2025.05.06.20.39.17 (version=TLS1_2 cipher=ECDHE-ECDSA-AES128-GCM-SHA256 bits=128/128); Tue, 06 May 2025 20:39:17 -0700 (PDT) X-Relaying-Domain: iol.unh.edu Date: Tue, 06 May 2025 20:39:17 -0700 (PDT) Message-ID: <681ad5e5.170a0220.192133.4f79SMTPIN_ADDED_MISSING@mx.google.com> Received: from [172.17.0.2] (unknown [172.18.0.74]) by postal.iol.unh.edu (Postfix) with ESMTP id 94C9B6052471; Tue, 6 May 2025 23:39:16 -0400 (EDT) Subject: |WARNING| pw153337 [PATCH] [v2,1/1] buildtools: avoid break due to f From: dpdklab@iol.unh.edu To: Test Report Cc: dpdk-test-reports@iol.unh.edu In-Reply-To: <1746569662-11532-2-git-send-email-andremue@linux.microsoft.com> References: <1746569662-11532-2-git-send-email-andremue@linux.microsoft.com> Content-Type: text/plain X-BeenThere: test-report@dpdk.org X-Mailman-Version: 2.1.29 Precedence: list List-Id: automatic DPDK test reports List-Unsubscribe: , List-Archive: List-Post: List-Help: List-Subscribe: , Errors-To: test-report-bounces@dpdk.org Test-Label: iol-unit-amd64-testing Test-Status: WARNING http://dpdk.org/patch/153337 _Testing issues_ Submitter: Andre Muezerie Date: Tuesday, May 06 2025 22:14:22 DPDK git baseline: Repo:dpdk Branch: master CommitID:75f179ebe347b6098cf3af26d3d3b7168fe3fe24 153337 --> testing issues Upstream job id: Generic-Unit-Test-DPDK#336014 Test environment and result as below: +-------------------+----------------+ | Environment | dpdk_unit_test | +===================+================+ | CentOS Stream 9 | WARN | +-------------------+----------------+ | CentOS Stream 10 | WARN | +-------------------+----------------+ | Fedora 41 | WARN | +-------------------+----------------+ | Debian 12 | WARN | +-------------------+----------------+ | Fedora 40 (Clang) | WARN | +-------------------+----------------+ | Fedora 40 | WARN | +-------------------+----------------+ | Fedora 41 (Clang) | WARN | +-------------------+----------------+ | RHEL8 | WARN | +-------------------+----------------+ | RHEL9 | WARN | +-------------------+----------------+ | Ubuntu 20.04 | WARN | +-------------------+----------------+ | Ubuntu 22.04 | WARN | +-------------------+----------------+ | Ubuntu 24.04 | WARN | +-------------------+----------------+ ==== 20 line log output for Ubuntu 24.04 (dpdk_unit_test): ==== [602/3481] Linking static target drivers/libtmp_rte_common_cpt.a [603/3481] Generating symbol file lib/librte_graph.so.25.2.p/librte_graph.so.25.2.symbols [604/3481] Generating rte_common_cpt.pmd.c with a custom command FAILED: drivers/rte_common_cpt.pmd.c /usr/bin/python3 ../buildtools/gen-pmdinfo-cfile.py /root/workspace/Generic-Unit-Test-DPDK/dpdk/build/buildtools ar drivers/rte_common_cpt.pmd.c.p /root/workspace/Generic-Unit-Test-DPDK/dpdk/build/drivers/libtmp_rte_common_cpt.a drivers/rte_common_cpt.pmd.c /usr/bin/python3 ../buildtools/pmdinfogen.py elf Traceback (most recent call last): File "/root/workspace/Generic-Unit-Test-DPDK/dpdk/build/../buildtools/gen-pmdinfo-cfile.py", line 16, in subprocess.run([ar, "x", os.path.abspath(archive), name], File "/usr/lib/python3.12/subprocess.py", line 548, in run with Popen(*popenargs, **kwargs) as process: ^^^^^^^^^^^^^^^^^^^^^^^^^^^ File "/usr/lib/python3.12/subprocess.py", line 1026, in __init__ self._execute_child(args, executable, preexec_fn, close_fds, File "/usr/lib/python3.12/subprocess.py", line 1955, in _execute_child raise child_exception_type(errno_num, err_msg, err_filename) FileNotFoundError: [Errno 2] No such file or directory: 'drivers/rte_common_cpt.pmd.c.p' [605/3481] Generating rte_common_cpt_map with a custom command [606/3481] Generating node.sym_chk with a custom command (wrapped by meson to capture output) [607/3481] Generating pipeline.sym_chk with a custom command (wrapped by meson to capture output) ninja: build stopped: subcommand failed. ==== End log output ==== CentOS Stream 9 Kernel: Depends on container host Compiler: gcc 11.5.0 20240719 (Red Hat 11.5.0-2) CentOS Stream 10 Kernel: Depends on container host Compiler: gcc 14.2.1 20241104 (Red Hat 14.2.1-6) Fedora 41 Kernel: Depends on container host Compiler: gcc 14.2.1 20240912 (Red Hat 14.2.1-3) Debian 12 Kernel: Depends on container host Compiler: gcc (Debian 12.2.0-14) 12.2.0 Fedora 40 (Clang) Kernel: Depends on container host Compiler: clang 18.1.8 (Fedora 18.1.8-1.fc40) Fedora 40 Kernel: Depends on container host Compiler: gcc 14.2.1 20240912 (Red Hat 14.2.1-3) Fedora 41 (Clang) Kernel: Depends on container host Compiler: clang 19.1.5 (Fedora 19.1.5-1.fc41) RHEL8 Kernel: Depends on container host Compiler: gcc 8.5.0 20210514 (Red Hat 8.5.0-22) RHEL9 Kernel: Depends on container host Compiler: gcc 11.5.0 20240719 (Red Hat 11.5.0-2) Ubuntu 20.04 Kernel: Depends on container host Compiler: gcc (Ubuntu 9.4.0-1ubuntu1~20.04.2) 9.4.0 Ubuntu 22.04 Kernel: Depends on container host Compiler: gcc (Ubuntu 11.4.0-1ubuntu1~22.04) 11.4.0 Ubuntu 24.04 Kernel: Depends on container host Compiler: gcc (Ubuntu 13.3.0-6ubuntu2~24.04) 13.3.0 To view detailed results, visit: https://lab.dpdk.org/results/dashboard/patchsets/33130/ UNH-IOL DPDK Community Lab To manage your email subscriptions, visit: https://lab.dpdk.org/results/dashboard/preferences/subscriptions/