From mboxrd@z Thu Jan 1 00:00:00 1970 Return-Path: Received: from mails.dpdk.org (mails.dpdk.org [217.70.189.124]) by inbox.dpdk.org (Postfix) with ESMTP id 6EC52466E2 for ; Wed, 7 May 2025 05:39:57 +0200 (CEST) Received: from mails.dpdk.org (localhost [127.0.0.1]) by mails.dpdk.org (Postfix) with ESMTP id 689014025D; Wed, 7 May 2025 05:39:57 +0200 (CEST) Received: from mail-yw1-f228.google.com (mail-yw1-f228.google.com [209.85.128.228]) by mails.dpdk.org (Postfix) with ESMTP id EEA2A4025A for ; Wed, 7 May 2025 05:39:55 +0200 (CEST) Received: by mail-yw1-f228.google.com with SMTP id 00721157ae682-708b31650ffso59877167b3.0 for ; Tue, 06 May 2025 20:39:55 -0700 (PDT) DKIM-Signature: v=1; a=rsa-sha256; c=relaxed/relaxed; d=iol.unh.edu; s=unh-iol; t=1746589195; x=1747193995; darn=dpdk.org; h=references:in-reply-to:cc:to:from:subject:message-id:date:from:to :cc:subject:date:message-id:reply-to; bh=56vY+JE8Fdtv5Jhr9iD/JC2e/Cx6tSgPvLXZE4EvtV0=; b=BCx9oPH+V7LtFhN2f7qqy/w56Fy18HBO+l0Y7wgvD9XwVcfUhccXVBJD9g3lJFIOJI XtytV4Xjl2UQxky6x+TfXcl0T+uV518mNSYcqoGq9NXPaPByfhhKq2CIMUIyPeZJQ+z2 1V7rodvOUGnvilL1bo0omjP9lJdFKmdxBCrpg= X-Google-DKIM-Signature: v=1; a=rsa-sha256; c=relaxed/relaxed; d=1e100.net; s=20230601; t=1746589195; x=1747193995; h=references:in-reply-to:cc:to:from:subject:message-id:date :x-gm-message-state:from:to:cc:subject:date:message-id:reply-to; bh=56vY+JE8Fdtv5Jhr9iD/JC2e/Cx6tSgPvLXZE4EvtV0=; b=Z0AxRapq8HdIIXli/oBiw3Fjao1BbuQrRsxaKN3nsvMQuRxV0JQeccwpNdtcQJvxgf yCvubXbYqK0OIwAB6nGDImYkdLOUOCAdvBJehfrkINdXQm2FFxRBG56q5ehHWua87V0L 3YQ+9jvfRe1ZwWY0P0n25nC4/DI4wxkOD+7iibeqZvs58iBt7jl2n9r3aslsFV0dbXyW ueUuILDzwvb421PzIdekw/+/dmjHHgk8cEddvYKcA1q6lVbzg/7jwk2iUx/1rnz6jiAE tG93mThfe0s+KiTt60DtFt9/787DmaxonVt68RBntL9WBHFr5DoQDn5j3HoPr1Qi3pAg qe+Q== X-Gm-Message-State: AOJu0YxumP6mzltkX2PKduO0vCOSX7ZbifCizqUcyCw3/VuQC43jwe/C pcqQGfHfkyhRu2R5qCYp3tNln1YXpWYtN1cbXLvVLnYlFBLLqZlbY2Ss9fD+dNCWGwsvAKdygS2 r25/hk3DxpUiQIbcu53HseWcA1mkTE1xUzSvsG2VN X-Gm-Gg: ASbGncshiKsUU0ohJUK9I5+kU+dzHUsPLTz01awIvy3RSOuWkee9CI+XaEfD4EXGanT UPAinRdROc7AaDVycfpkxn30QisbXZxhJNSWIdo6Wr5ST7iDPwpS0Eu0uwEwkg6m4T3iXheNVAg GCqnJm1FktDXR9n31cYw1tKAhXswcKah8EOpyC5uEHW3nUiGDlVUUBZampgdloHAuP+HMWXXY70 nlsPjsAep5Jt7UgflufnZ81RCXlVvTclY6xf1vFvdmlLJvi9bYScwHb0UAttV6wBQ8VL07JTCG0 MOYTVUDbn3GAxjni7ici7x/wxUxt1YMSlqLygsfYC/ryTy1j+t+k1zEEwuk= X-Google-Smtp-Source: AGHT+IFsji6KsbjMj7jIitHYWeHefoExHk4NpegRvw7lWgagF81RL29U/64sDOX8WArKkJn1d3xypuqSEtOZ X-Received: by 2002:a05:690c:6f0b:b0:703:ad10:a71b with SMTP id 00721157ae682-70a1dabe298mr26101177b3.29.1746589195249; Tue, 06 May 2025 20:39:55 -0700 (PDT) Received: from postal.iol.unh.edu (postal.iol.unh.edu. [132.177.123.84]) by smtp-relay.gmail.com with ESMTPS id 00721157ae682-708c415ed99sm23578727b3.30.2025.05.06.20.39.55 (version=TLS1_2 cipher=ECDHE-ECDSA-AES128-GCM-SHA256 bits=128/128); Tue, 06 May 2025 20:39:55 -0700 (PDT) X-Relaying-Domain: iol.unh.edu Date: Tue, 06 May 2025 20:39:55 -0700 (PDT) Message-ID: <681ad60b.810a0220.15b4c3.abdbSMTPIN_ADDED_MISSING@mx.google.com> Received: from [172.17.0.2] (unknown [172.18.0.74]) by postal.iol.unh.edu (Postfix) with ESMTP id D9A7B6052471; Tue, 6 May 2025 23:39:54 -0400 (EDT) Subject: |WARNING| pw153337 [PATCH] [v2,1/1] buildtools: avoid break due to f From: dpdklab@iol.unh.edu To: Test Report Cc: dpdk-test-reports@iol.unh.edu In-Reply-To: <1746569662-11532-2-git-send-email-andremue@linux.microsoft.com> References: <1746569662-11532-2-git-send-email-andremue@linux.microsoft.com> Content-Type: text/plain X-BeenThere: test-report@dpdk.org X-Mailman-Version: 2.1.29 Precedence: list List-Id: automatic DPDK test reports List-Unsubscribe: , List-Archive: List-Post: List-Help: List-Subscribe: , Errors-To: test-report-bounces@dpdk.org Test-Label: iol-unit-amd64-testing Test-Status: WARNING http://dpdk.org/patch/153337 _Testing issues_ Submitter: Andre Muezerie Date: Tuesday, May 06 2025 22:14:22 DPDK git baseline: Repo:dpdk Branch: master CommitID:75f179ebe347b6098cf3af26d3d3b7168fe3fe24 153337 --> testing issues Upstream job id: Generic-Unit-Test-DPDK#336016 Test environment and result as below: +-------------------+----------------+ | Environment | dpdk_unit_test | +===================+================+ | CentOS Stream 9 | WARN | +-------------------+----------------+ | CentOS Stream 10 | WARN | +-------------------+----------------+ | Fedora 41 | WARN | +-------------------+----------------+ | Debian 12 | WARN | +-------------------+----------------+ | Fedora 40 (Clang) | WARN | +-------------------+----------------+ | Fedora 40 | WARN | +-------------------+----------------+ | Fedora 41 (Clang) | WARN | +-------------------+----------------+ | RHEL8 | WARN | +-------------------+----------------+ | RHEL9 | WARN | +-------------------+----------------+ | Ubuntu 20.04 | WARN | +-------------------+----------------+ | Ubuntu 22.04 | WARN | +-------------------+----------------+ | Ubuntu 24.04 | WARN | +-------------------+----------------+ ==== 20 line log output for Ubuntu 24.04 (dpdk_unit_test): ==== [602/3481] Linking static target drivers/libtmp_rte_common_cpt.a [603/3481] Generating symbol file lib/librte_graph.so.25.2.p/librte_graph.so.25.2.symbols [604/3481] Generating rte_common_cpt.pmd.c with a custom command FAILED: drivers/rte_common_cpt.pmd.c /usr/bin/python3 ../buildtools/gen-pmdinfo-cfile.py /root/workspace/Generic-Unit-Test-DPDK/dpdk/build/buildtools ar drivers/rte_common_cpt.pmd.c.p /root/workspace/Generic-Unit-Test-DPDK/dpdk/build/drivers/libtmp_rte_common_cpt.a drivers/rte_common_cpt.pmd.c /usr/bin/python3 ../buildtools/pmdinfogen.py elf Traceback (most recent call last): File "/root/workspace/Generic-Unit-Test-DPDK/dpdk/build/../buildtools/gen-pmdinfo-cfile.py", line 16, in subprocess.run([ar, "x", os.path.abspath(archive), name], File "/usr/lib/python3.12/subprocess.py", line 548, in run with Popen(*popenargs, **kwargs) as process: ^^^^^^^^^^^^^^^^^^^^^^^^^^^ File "/usr/lib/python3.12/subprocess.py", line 1026, in __init__ self._execute_child(args, executable, preexec_fn, close_fds, File "/usr/lib/python3.12/subprocess.py", line 1955, in _execute_child raise child_exception_type(errno_num, err_msg, err_filename) FileNotFoundError: [Errno 2] No such file or directory: 'drivers/rte_common_cpt.pmd.c.p' [605/3481] Generating rte_common_cpt_map with a custom command [606/3481] Generating node.sym_chk with a custom command (wrapped by meson to capture output) [607/3481] Generating pipeline.sym_chk with a custom command (wrapped by meson to capture output) ninja: build stopped: subcommand failed. ==== End log output ==== CentOS Stream 9 Kernel: Depends on container host Compiler: gcc 11.5.0 20240719 (Red Hat 11.5.0-2) CentOS Stream 10 Kernel: Depends on container host Compiler: gcc 14.2.1 20241104 (Red Hat 14.2.1-6) Fedora 41 Kernel: Depends on container host Compiler: gcc 14.2.1 20240912 (Red Hat 14.2.1-3) Debian 12 Kernel: Depends on container host Compiler: gcc (Debian 12.2.0-14) 12.2.0 Fedora 40 (Clang) Kernel: Depends on container host Compiler: clang 18.1.8 (Fedora 18.1.8-1.fc40) Fedora 40 Kernel: Depends on container host Compiler: gcc 14.2.1 20240912 (Red Hat 14.2.1-3) Fedora 41 (Clang) Kernel: Depends on container host Compiler: clang 19.1.5 (Fedora 19.1.5-1.fc41) RHEL8 Kernel: Depends on container host Compiler: gcc 8.5.0 20210514 (Red Hat 8.5.0-22) RHEL9 Kernel: Depends on container host Compiler: gcc 11.5.0 20240719 (Red Hat 11.5.0-2) Ubuntu 20.04 Kernel: Depends on container host Compiler: gcc (Ubuntu 9.4.0-1ubuntu1~20.04.2) 9.4.0 Ubuntu 22.04 Kernel: Depends on container host Compiler: gcc (Ubuntu 11.4.0-1ubuntu1~22.04) 11.4.0 Ubuntu 24.04 Kernel: Depends on container host Compiler: gcc (Ubuntu 13.3.0-6ubuntu2~24.04) 13.3.0 To view detailed results, visit: https://lab.dpdk.org/results/dashboard/patchsets/33130/ UNH-IOL DPDK Community Lab To manage your email subscriptions, visit: https://lab.dpdk.org/results/dashboard/preferences/subscriptions/