automatic DPDK test reports
 help / color / mirror / Atom feed
From: dpdklab@iol.unh.edu
To: Test Report <test-report@dpdk.org>
Cc: dpdk-test-reports@iol.unh.edu
Subject: |WARNING| pw153337 [PATCH] [v2,1/1] buildtools: avoid break due to f
Date: Tue, 06 May 2025 21:02:08 -0700 (PDT)	[thread overview]
Message-ID: <681adb40.050a0220.33eca5.c3f7SMTPIN_ADDED_MISSING@mx.google.com> (raw)
In-Reply-To: <1746569662-11532-2-git-send-email-andremue@linux.microsoft.com>

Test-Label: iol-abi-testing
Test-Status: WARNING
http://dpdk.org/patch/153337

_Testing issues_

Submitter: Andre Muezerie <andremue@linux.microsoft.com>
Date: Tuesday, May 06 2025 22:14:22 
DPDK git baseline: Repo:dpdk
  Branch: master
  CommitID:75f179ebe347b6098cf3af26d3d3b7168fe3fe24

153337 --> testing issues

Upstream job id: Generic-DPDK-Compile-ABI#125552

Test environment and result as below:

+-------------------+----------+
|    Environment    | abi_test |
+===================+==========+
| CentOS Stream 9   | FAIL     |
+-------------------+----------+
| Debian 12         | FAIL     |
+-------------------+----------+
| CentOS Stream 10  | FAIL     |
+-------------------+----------+
| Fedora 40 (Clang) | FAIL     |
+-------------------+----------+
| Fedora 41 (Clang) | FAIL     |
+-------------------+----------+
| Fedora 41         | FAIL     |
+-------------------+----------+
| RHEL8             | FAIL     |
+-------------------+----------+
| Fedora 40         | FAIL     |
+-------------------+----------+
| RHEL9             | FAIL     |
+-------------------+----------+
| Ubuntu 22.04      | FAIL     |
+-------------------+----------+
| Ubuntu 24.04      | FAIL     |
+-------------------+----------+

==== 20 line log output for Ubuntu 24.04 (abi_test): ====
[604/3663] Generating node.sym_chk with a custom command (wrapped by meson to capture output)
[605/3663] Linking target lib/librte_node.so.25.2
[606/3663] Compiling C object drivers/libtmp_rte_common_cpt.a.p/common_cpt_cpt_fpm_tables.c.o
[607/3663] Compiling C object drivers/libtmp_rte_common_cpt.a.p/common_cpt_cpt_pmd_ops_helper.c.o
[608/3663] Linking static target drivers/libtmp_rte_common_cpt.a
[609/3663] Generating rte_common_cpt.pmd.c with a custom command
FAILED: drivers/rte_common_cpt.pmd.c
/usr/bin/python3 ../buildtools/gen-pmdinfo-cfile.py /root/workspace/Generic-DPDK-Compile-ABI/dpdk/build/buildtools ar drivers/rte_common_cpt.pmd.c.p /root/workspace/Generic-DPDK-Compile-ABI/dpdk/build/drivers/libtmp_rte_common_cpt.a drivers/rte_common_cpt.pmd.c /usr/bin/python3 ../buildtools/pmdinfogen.py elf
Traceback (most recent call last):
File "/root/workspace/Generic-DPDK-Compile-ABI/dpdk/build/../buildtools/gen-pmdinfo-cfile.py", line 16, in <module>
subprocess.run([ar, "x", os.path.abspath(archive), name],
File "/usr/lib/python3.12/subprocess.py", line 548, in run
with Popen(*popenargs, **kwargs) as process:
^^^^^^^^^^^^^^^^^^^^^^^^^^^
File "/usr/lib/python3.12/subprocess.py", line 1026, in __init__
self._execute_child(args, executable, preexec_fn, close_fds,
File "/usr/lib/python3.12/subprocess.py", line 1955, in _execute_child
raise child_exception_type(errno_num, err_msg, err_filename)
FileNotFoundError: [Errno 2] No such file or directory: 'drivers/rte_common_cpt.pmd.c.p'
ninja: build stopped: subcommand failed.
==== End log output ====

CentOS Stream 9
	Kernel: Depends on container host
	Compiler: gcc 11.5.0 20240719 (Red Hat 11.5.0-2)

Debian 12
	Kernel: Depends on container host
	Compiler: gcc (Debian 12.2.0-14) 12.2.0

CentOS Stream 10
	Kernel: Depends on container host
	Compiler: gcc 14.2.1 20241104 (Red Hat 14.2.1-6)

Fedora 40 (Clang)
	Kernel: Depends on container host
	Compiler: clang 18.1.8 (Fedora 18.1.8-1.fc40)

Fedora 41 (Clang)
	Kernel: Depends on container host
	Compiler: clang 19.1.5 (Fedora 19.1.5-1.fc41)

Fedora 41
	Kernel: Depends on container host
	Compiler: gcc 14.2.1 20240912 (Red Hat 14.2.1-3)

RHEL8
	Kernel: Depends on container host
	Compiler: gcc 8.5.0 20210514 (Red Hat 8.5.0-22)

Fedora 40
	Kernel: Depends on container host
	Compiler: gcc 14.2.1 20240912 (Red Hat 14.2.1-3)

RHEL9
	Kernel: Depends on container host
	Compiler: gcc 11.5.0 20240719 (Red Hat 11.5.0-2)

Ubuntu 22.04
	Kernel: Depends on container host
	Compiler: gcc (Ubuntu 11.4.0-1ubuntu1~22.04) 11.4.0

Ubuntu 24.04
	Kernel: Depends on container host
	Compiler: gcc (Ubuntu 13.3.0-6ubuntu2~24.04) 13.3.0

To view detailed results, visit:
https://lab.dpdk.org/results/dashboard/patchsets/33130/

UNH-IOL DPDK Community Lab

To manage your email subscriptions, visit: 
https://lab.dpdk.org/results/dashboard/preferences/subscriptions/

  parent reply	other threads:[~2025-05-07  4:02 UTC|newest]

Thread overview: 65+ messages / expand[flat|nested]  mbox.gz  Atom feed  top
     [not found] <1746569662-11532-2-git-send-email-andremue@linux.microsoft.com>
2025-05-06 21:40 ` |FAILURE| pw153337 [PATCH v2 1/1] buildtools: avoid break due to failure to cleanup temporary directory qemudev
2025-05-06 22:15 ` |SUCCESS| " checkpatch
2025-05-06 22:44 ` |FAILURE| " 0-day Robot
2025-05-07  1:32 ` |SUCCESS| pw153337 [PATCH] [v2,1/1] buildtools: avoid break due to f dpdklab
2025-05-07  1:32 ` dpdklab
2025-05-07  1:43 ` dpdklab
2025-05-07  1:43 ` dpdklab
2025-05-07  1:44 ` dpdklab
2025-05-07  1:47 ` dpdklab
2025-05-07  1:59 ` dpdklab
2025-05-07  2:25 ` |WARNING| " dpdklab
2025-05-07  2:45 ` dpdklab
2025-05-07  2:47 ` dpdklab
2025-05-07  2:49 ` dpdklab
2025-05-07  3:00 ` |SUCCESS| " dpdklab
2025-05-07  3:10 ` dpdklab
2025-05-07  3:12 ` dpdklab
2025-05-07  3:14 ` dpdklab
2025-05-07  3:14 ` dpdklab
2025-05-07  3:24 ` dpdklab
2025-05-07  3:26 ` dpdklab
2025-05-07  3:38 ` |WARNING| " dpdklab
2025-05-07  3:39 ` dpdklab
2025-05-07  3:39 ` dpdklab
2025-05-07  3:41 ` |SUCCESS| " dpdklab
2025-05-07  4:02 ` dpdklab [this message]
2025-05-07  4:10 ` |FAILURE| " dpdklab
2025-05-07  4:18 ` dpdklab
2025-05-07  4:19 ` dpdklab
2025-05-07  4:23 ` dpdklab
2025-05-07  4:25 ` dpdklab
2025-05-07  4:28 ` dpdklab
2025-05-07  4:29 ` dpdklab
2025-05-07  4:31 ` dpdklab
2025-05-07  4:32 ` dpdklab
2025-05-07  4:33 ` dpdklab
2025-05-07  4:33 ` dpdklab
2025-05-07  4:36 ` |WARNING| " dpdklab
2025-05-07  4:37 ` dpdklab
2025-05-07  4:37 ` dpdklab
2025-05-07  4:38 ` dpdklab
2025-05-07  4:58 ` |FAILURE| " dpdklab
2025-05-07  5:29 ` dpdklab
2025-05-07  5:30 ` dpdklab
2025-05-07  5:30 ` dpdklab
2025-05-07  5:31 ` dpdklab
2025-05-07  5:33 ` dpdklab
2025-05-07  5:36 ` dpdklab
2025-05-07  5:40 ` dpdklab
2025-05-07  5:41 ` dpdklab
2025-05-07  5:42 ` dpdklab
2025-05-07  5:43 ` dpdklab
2025-05-07  5:44 ` dpdklab
2025-05-07  5:44 ` dpdklab
2025-05-07  5:44 ` dpdklab
2025-05-07  7:05 ` dpdklab
2025-05-07  7:13 ` dpdklab
2025-05-07 16:06 ` dpdklab
2025-05-07 16:10 ` dpdklab
2025-05-07 16:32 ` dpdklab
2025-05-07 16:37 ` dpdklab
2025-05-07 17:01 ` dpdklab
2025-05-07 17:06 ` dpdklab
2025-05-07 17:48 ` |WARNING| " dpdklab
2025-05-07 18:36 ` dpdklab

Reply instructions:

You may reply publicly to this message via plain-text email
using any one of the following methods:

* Save the following mbox file, import it into your mail client,
  and reply-to-all from there: mbox

  Avoid top-posting and favor interleaved quoting:
  https://en.wikipedia.org/wiki/Posting_style#Interleaved_style

* Reply using the --to, --cc, and --in-reply-to
  switches of git-send-email(1):

  git send-email \
    --in-reply-to=681adb40.050a0220.33eca5.c3f7SMTPIN_ADDED_MISSING@mx.google.com \
    --to=dpdklab@iol.unh.edu \
    --cc=dpdk-test-reports@iol.unh.edu \
    --cc=test-report@dpdk.org \
    /path/to/YOUR_REPLY

  https://kernel.org/pub/software/scm/git/docs/git-send-email.html

* If your mail client supports setting the In-Reply-To header
  via mailto: links, try the mailto: link
Be sure your reply has a Subject: header at the top and a blank line before the message body.
This is a public inbox, see mirroring instructions
for how to clone and mirror all data and code used for this inbox;
as well as URLs for NNTP newsgroup(s).