From mboxrd@z Thu Jan 1 00:00:00 1970 Return-Path: Received: from mails.dpdk.org (mails.dpdk.org [217.70.189.124]) by inbox.dpdk.org (Postfix) with ESMTP id BAA56466E3 for ; Wed, 7 May 2025 06:02:10 +0200 (CEST) Received: from mails.dpdk.org (localhost [127.0.0.1]) by mails.dpdk.org (Postfix) with ESMTP id 732EB4025D; Wed, 7 May 2025 06:02:10 +0200 (CEST) Received: from mail-io1-f99.google.com (mail-io1-f99.google.com [209.85.166.99]) by mails.dpdk.org (Postfix) with ESMTP id 1C6754025A for ; Wed, 7 May 2025 06:02:09 +0200 (CEST) Received: by mail-io1-f99.google.com with SMTP id ca18e2360f4ac-864a22fcdf2so19196639f.0 for ; Tue, 06 May 2025 21:02:09 -0700 (PDT) DKIM-Signature: v=1; a=rsa-sha256; c=relaxed/relaxed; d=iol.unh.edu; s=unh-iol; t=1746590528; x=1747195328; darn=dpdk.org; h=references:in-reply-to:cc:to:from:subject:message-id:date:from:to :cc:subject:date:message-id:reply-to; bh=wqbvGUPKYc/xrh6rfTH/zA9KwjLmuz/OzbmI8YFDJWo=; b=Y60Kn9k8aD2yEAhbOCZS5/+Xb3g6Zi1GOmqB9Azmoz3YYXyOAyuzMWMVOu9tVMhRzV Ow6zDPxVHblRfB9J0nHzPzAkQdru3LUrvyImqmw2n7PTr0W86+8DtVK/tAPCjoLGZew8 wMYsL81RY+xuNqOvXU2xCR5lZS9tMV0OqwI2Q= X-Google-DKIM-Signature: v=1; a=rsa-sha256; c=relaxed/relaxed; d=1e100.net; s=20230601; t=1746590528; x=1747195328; h=references:in-reply-to:cc:to:from:subject:message-id:date :x-gm-message-state:from:to:cc:subject:date:message-id:reply-to; bh=wqbvGUPKYc/xrh6rfTH/zA9KwjLmuz/OzbmI8YFDJWo=; b=v2rRpyOWTYFbeSggHxhiKeEwCYaA2CTzArnhacPMMLqyuSvfwDF4HGYuGmPC0wuk8P fRQYXaAHC4Piw5ga6heJll62wVTIwNC1nGUsqoaWYdbzVwIywCB//WBHKBRT1/gAtohO qSwerFiY1JvzfYEWjc2inHEPEzYsA7xvKsWBiGgePP0qxAeGsjocYFd1yppC3h3U4Sb3 /GgkoIf1SkwxYP1t/NrjIEHPxIJDN4E0pm3ng9KWxYjME30428iBwwKAdQC4iPAhki8q mOuIepseqIuWJK1mDFUaUfTMANDQ0VhaEQkNAENXkPBvurFCwS19FqAzPHIuXYpLw9kw 1Oog== X-Gm-Message-State: AOJu0YzeDG1VW+bSD6AAdyjqAUgKHM+oUVE1NYzOiYrcCn+gD8IXyd+h KNYl/3WBR2daFrwLGFj2J4sIFu8N6QcaKmOEG/2aJloaVlc6tymZIeJ2f8qk1YDtW++ETxYFJ1R SJbAlM70nIfLS4rSIdhxDofkL60p1NQdE1VJIYILD X-Gm-Gg: ASbGncsAPAQLC/SyEB0eAz0KUjsk/scRpYJUwSiB4U/oJJ2r43D/EIcxCzWoE3nNyJ4 OnDgwpZ01C5eUsgUbMH0OMCyv6jeEtKeEVfqDV+5EIM/uD3MGQo369xFquNTKpAnKZNEEZpSlE+ BnDL3nPJNuVJyHaUnd+0y/vLOjz83SUq/ahXJAanEvFU9OpKAyqO2SUeaoD289dpO/0dRgLTPAN oo/8oveWf/DK7FbQI9//jCS6XZ5ocLrm2mBQASEljUu8B+wK99vRBOqF0fcZkIfZrCia8vD3bWo zWUBTc/rP9xSKtnWWTVkTkLNd5BFRSylKJmgU6Ok/0wh36HheTwsN6eKH/M= X-Google-Smtp-Source: AGHT+IFAcgEABIQyvvnD9Y696ZeRH54J62OhAQ3aLSwXUo6Qqy2kVvBg9BJ9M9H29VAp0PpVrMkGLJB1vWZ6 X-Received: by 2002:a6b:e004:0:b0:85b:3ae9:da01 with SMTP id ca18e2360f4ac-867464223a4mr261273539f.4.1746590528355; Tue, 06 May 2025 21:02:08 -0700 (PDT) Received: from postal.iol.unh.edu (postal.iol.unh.edu. [132.177.123.84]) by smtp-relay.gmail.com with ESMTPS id 8926c6da1cb9f-4f88a91458bsm2177772173.28.2025.05.06.21.02.08 (version=TLS1_2 cipher=ECDHE-ECDSA-AES128-GCM-SHA256 bits=128/128); Tue, 06 May 2025 21:02:08 -0700 (PDT) X-Relaying-Domain: iol.unh.edu Date: Tue, 06 May 2025 21:02:08 -0700 (PDT) Message-ID: <681adb40.050a0220.33eca5.c3f7SMTPIN_ADDED_MISSING@mx.google.com> Received: from [172.17.0.2] (unknown [172.18.0.74]) by postal.iol.unh.edu (Postfix) with ESMTP id D73546052471; Wed, 7 May 2025 00:02:07 -0400 (EDT) Subject: |WARNING| pw153337 [PATCH] [v2,1/1] buildtools: avoid break due to f From: dpdklab@iol.unh.edu To: Test Report Cc: dpdk-test-reports@iol.unh.edu In-Reply-To: <1746569662-11532-2-git-send-email-andremue@linux.microsoft.com> References: <1746569662-11532-2-git-send-email-andremue@linux.microsoft.com> Content-Type: text/plain X-BeenThere: test-report@dpdk.org X-Mailman-Version: 2.1.29 Precedence: list List-Id: automatic DPDK test reports List-Unsubscribe: , List-Archive: List-Post: List-Help: List-Subscribe: , Errors-To: test-report-bounces@dpdk.org Test-Label: iol-abi-testing Test-Status: WARNING http://dpdk.org/patch/153337 _Testing issues_ Submitter: Andre Muezerie Date: Tuesday, May 06 2025 22:14:22 DPDK git baseline: Repo:dpdk Branch: master CommitID:75f179ebe347b6098cf3af26d3d3b7168fe3fe24 153337 --> testing issues Upstream job id: Generic-DPDK-Compile-ABI#125552 Test environment and result as below: +-------------------+----------+ | Environment | abi_test | +===================+==========+ | CentOS Stream 9 | FAIL | +-------------------+----------+ | Debian 12 | FAIL | +-------------------+----------+ | CentOS Stream 10 | FAIL | +-------------------+----------+ | Fedora 40 (Clang) | FAIL | +-------------------+----------+ | Fedora 41 (Clang) | FAIL | +-------------------+----------+ | Fedora 41 | FAIL | +-------------------+----------+ | RHEL8 | FAIL | +-------------------+----------+ | Fedora 40 | FAIL | +-------------------+----------+ | RHEL9 | FAIL | +-------------------+----------+ | Ubuntu 22.04 | FAIL | +-------------------+----------+ | Ubuntu 24.04 | FAIL | +-------------------+----------+ ==== 20 line log output for Ubuntu 24.04 (abi_test): ==== [604/3663] Generating node.sym_chk with a custom command (wrapped by meson to capture output) [605/3663] Linking target lib/librte_node.so.25.2 [606/3663] Compiling C object drivers/libtmp_rte_common_cpt.a.p/common_cpt_cpt_fpm_tables.c.o [607/3663] Compiling C object drivers/libtmp_rte_common_cpt.a.p/common_cpt_cpt_pmd_ops_helper.c.o [608/3663] Linking static target drivers/libtmp_rte_common_cpt.a [609/3663] Generating rte_common_cpt.pmd.c with a custom command FAILED: drivers/rte_common_cpt.pmd.c /usr/bin/python3 ../buildtools/gen-pmdinfo-cfile.py /root/workspace/Generic-DPDK-Compile-ABI/dpdk/build/buildtools ar drivers/rte_common_cpt.pmd.c.p /root/workspace/Generic-DPDK-Compile-ABI/dpdk/build/drivers/libtmp_rte_common_cpt.a drivers/rte_common_cpt.pmd.c /usr/bin/python3 ../buildtools/pmdinfogen.py elf Traceback (most recent call last): File "/root/workspace/Generic-DPDK-Compile-ABI/dpdk/build/../buildtools/gen-pmdinfo-cfile.py", line 16, in subprocess.run([ar, "x", os.path.abspath(archive), name], File "/usr/lib/python3.12/subprocess.py", line 548, in run with Popen(*popenargs, **kwargs) as process: ^^^^^^^^^^^^^^^^^^^^^^^^^^^ File "/usr/lib/python3.12/subprocess.py", line 1026, in __init__ self._execute_child(args, executable, preexec_fn, close_fds, File "/usr/lib/python3.12/subprocess.py", line 1955, in _execute_child raise child_exception_type(errno_num, err_msg, err_filename) FileNotFoundError: [Errno 2] No such file or directory: 'drivers/rte_common_cpt.pmd.c.p' ninja: build stopped: subcommand failed. ==== End log output ==== CentOS Stream 9 Kernel: Depends on container host Compiler: gcc 11.5.0 20240719 (Red Hat 11.5.0-2) Debian 12 Kernel: Depends on container host Compiler: gcc (Debian 12.2.0-14) 12.2.0 CentOS Stream 10 Kernel: Depends on container host Compiler: gcc 14.2.1 20241104 (Red Hat 14.2.1-6) Fedora 40 (Clang) Kernel: Depends on container host Compiler: clang 18.1.8 (Fedora 18.1.8-1.fc40) Fedora 41 (Clang) Kernel: Depends on container host Compiler: clang 19.1.5 (Fedora 19.1.5-1.fc41) Fedora 41 Kernel: Depends on container host Compiler: gcc 14.2.1 20240912 (Red Hat 14.2.1-3) RHEL8 Kernel: Depends on container host Compiler: gcc 8.5.0 20210514 (Red Hat 8.5.0-22) Fedora 40 Kernel: Depends on container host Compiler: gcc 14.2.1 20240912 (Red Hat 14.2.1-3) RHEL9 Kernel: Depends on container host Compiler: gcc 11.5.0 20240719 (Red Hat 11.5.0-2) Ubuntu 22.04 Kernel: Depends on container host Compiler: gcc (Ubuntu 11.4.0-1ubuntu1~22.04) 11.4.0 Ubuntu 24.04 Kernel: Depends on container host Compiler: gcc (Ubuntu 13.3.0-6ubuntu2~24.04) 13.3.0 To view detailed results, visit: https://lab.dpdk.org/results/dashboard/patchsets/33130/ UNH-IOL DPDK Community Lab To manage your email subscriptions, visit: https://lab.dpdk.org/results/dashboard/preferences/subscriptions/