From mboxrd@z Thu Jan 1 00:00:00 1970 Return-Path: Received: from mails.dpdk.org (mails.dpdk.org [217.70.189.124]) by inbox.dpdk.org (Postfix) with ESMTP id D35C9466E3 for ; Wed, 7 May 2025 06:19:00 +0200 (CEST) Received: from mails.dpdk.org (localhost [127.0.0.1]) by mails.dpdk.org (Postfix) with ESMTP id CE80E4025D; Wed, 7 May 2025 06:19:00 +0200 (CEST) Received: from mail-oi1-f228.google.com (mail-oi1-f228.google.com [209.85.167.228]) by mails.dpdk.org (Postfix) with ESMTP id 1E1A24025A for ; Wed, 7 May 2025 06:18:59 +0200 (CEST) Received: by mail-oi1-f228.google.com with SMTP id 5614622812f47-401be80368fso1123372b6e.1 for ; Tue, 06 May 2025 21:18:59 -0700 (PDT) DKIM-Signature: v=1; a=rsa-sha256; c=relaxed/relaxed; d=iol.unh.edu; s=unh-iol; t=1746591538; x=1747196338; darn=dpdk.org; h=references:in-reply-to:cc:to:from:subject:message-id:date:from:to :cc:subject:date:message-id:reply-to; bh=GcLIcO1PBZ/SY6N0yfNU8luV1tKxAhEtrTCefroa4Ak=; b=LJG4LYcsbM3CJV132q1o2gQk9qEUNQfz8d9au25npXAk81o1N5fUEoCJ5PhDe/q4L1 XAZm1VhJTuQjinwKnpirsM0XZ8NwtPKJBzYYBPk/Bm5ozahDVoJ5wseRYV3ynpWJuSfz Ci1MtCHcAP93loAccC55Jz85UJ/pvzBmY2omw= X-Google-DKIM-Signature: v=1; a=rsa-sha256; c=relaxed/relaxed; d=1e100.net; s=20230601; t=1746591538; x=1747196338; h=references:in-reply-to:cc:to:from:subject:message-id:date :x-gm-message-state:from:to:cc:subject:date:message-id:reply-to; bh=GcLIcO1PBZ/SY6N0yfNU8luV1tKxAhEtrTCefroa4Ak=; b=MqiK0Hy90FGORe+kvr5LBI3zj6hIEcbiFn8ajrE+MnDtEG6TpGuR4slSyUdNqFflor GChRldNHm95wYa2IiGpptaR5w5mvl8qbLHfMI8gMhIJJrgmsWWKesMthIkgr/e+I0VCk gOX6g/wN1mlTqjAquhOcDHvdjdLFCaLu1YPVNKfSQomOw1sr7rCczhMTN6yoUduEL/WN Yvixu7VAnU7aNDo9K7Sqcxmw4ElUbzTvobJ3UWsHLlhGkcYI+uLOldfJXe/nmWV5Y90m aYhoHFCePQGlt4drhM2aoFVYMVZoG3B/MkDR8PG/jurUa/VldU6mxuyFDbDqNbLIHib4 hADQ== X-Gm-Message-State: AOJu0YyauO7KgFQFNlM+xu1F+O+nF3vA5OdDy9S3/vYZIkNyJzQ1QSY2 uwbdpfB+aahEV+51sZsf+jMJXlsUe31eSAskeKvyJUKiRSvENcEiaWsRIf6CUoqF0gmAQbcfVtm oIY/HvEp/eGnqXaOOi4F+bVNLax3eneuQwhvKDhli X-Gm-Gg: ASbGncv9LMyLbSWS9j6abwE9m9wxHrcxr4XMx80P8sQvPjViFhCa1vJcO4IMe4eVcCG OnFr9Z7BBMHEj5KmXlwG+3F+lrc4fM6PNmXLaw/h0Sr9Xygztw9+ncEpx3hSpD09b0SGbXLrKZm Px6ktSMRmVkpuf5/DXkVEk+3SaJCnBxpzdwN5CYqZjEB3MfpU2Z7QAlD8ao+Xmc+aqBiSql5jb5 0KUXTnSaAuOnPuh2oXYHkVetDqU7tIAMl4D6JHa/1tj9Tb0Kud8hqiM8HcsfnWnb33bgleUup4Z Px/fxL0t7NF38u5s0hMfQuQP6n7ebKnQhMrDVCoRQHlMQtUCNiRgu+/8OZU= X-Google-Smtp-Source: AGHT+IHXEDHXMyJBe8/576r2lscY07Z1xfnCIFkJM6aEtSCDBY7kEdDAtayF6nZ1hUand3Gd0mkG1Dmmsnv2 X-Received: by 2002:a05:6830:3c90:b0:72b:9a2e:7828 with SMTP id 46e09a7af769-73210b2aba1mr1086695a34.28.1746591538255; Tue, 06 May 2025 21:18:58 -0700 (PDT) Received: from postal.iol.unh.edu (postal.iol.unh.edu. [132.177.123.84]) by smtp-relay.gmail.com with ESMTPS id 46e09a7af769-732109dcec2sm51020a34.2.2025.05.06.21.18.58 (version=TLS1_2 cipher=ECDHE-ECDSA-AES128-GCM-SHA256 bits=128/128); Tue, 06 May 2025 21:18:58 -0700 (PDT) X-Relaying-Domain: iol.unh.edu Date: Tue, 06 May 2025 21:18:58 -0700 (PDT) Message-ID: <681adf32.050a0220.12c32.30feSMTPIN_ADDED_MISSING@mx.google.com> Received: from [172.17.0.2] (unknown [172.18.0.74]) by postal.iol.unh.edu (Postfix) with ESMTP id B8C986052471; Wed, 7 May 2025 00:18:57 -0400 (EDT) Subject: |FAILURE| pw153337 [PATCH] [v2,1/1] buildtools: avoid break due to f From: dpdklab@iol.unh.edu To: Test Report Cc: dpdk-test-reports@iol.unh.edu, Andre Muezerie In-Reply-To: <1746569662-11532-2-git-send-email-andremue@linux.microsoft.com> References: <1746569662-11532-2-git-send-email-andremue@linux.microsoft.com> Content-Type: text/plain X-BeenThere: test-report@dpdk.org X-Mailman-Version: 2.1.29 Precedence: list List-Id: automatic DPDK test reports List-Unsubscribe: , List-Archive: List-Post: List-Help: List-Subscribe: , Errors-To: test-report-bounces@dpdk.org Test-Label: iol-compile-amd64-testing Test-Status: FAILURE http://dpdk.org/patch/153337 _Testing issues_ Submitter: Andre Muezerie Date: Tuesday, May 06 2025 22:14:22 DPDK git baseline: Repo:dpdk Branch: master CommitID:75f179ebe347b6098cf3af26d3d3b7168fe3fe24 153337 --> testing issues Upstream job id: Generic-DPDK-Compile-Meson#385845 Test environment and result as below: +-----------------------------------+--------------------+-------------------+------------------+ | Environment | dpdk_meson_compile | dpdk_compile_spdk | dpdk_compile_ovs | +===================================+====================+===================+==================+ | CentOS Stream 9 | FAIL | WARN | SKIPPED | +-----------------------------------+--------------------+-------------------+------------------+ | Debian 12 | FAIL | WARN | SKIPPED | +-----------------------------------+--------------------+-------------------+------------------+ | CentOS Stream 10 | FAIL | SKIPPED | SKIPPED | +-----------------------------------+--------------------+-------------------+------------------+ | Fedora 41 (Clang) | FAIL | WARN | WARN | +-----------------------------------+--------------------+-------------------+------------------+ | Fedora 40 (Clang) | FAIL | WARN | SKIPPED | +-----------------------------------+--------------------+-------------------+------------------+ | Fedora 41 | FAIL | WARN | WARN | +-----------------------------------+--------------------+-------------------+------------------+ | Fedora 40 | FAIL | WARN | SKIPPED | +-----------------------------------+--------------------+-------------------+------------------+ | RHEL9 | FAIL | SKIPPED | SKIPPED | +-----------------------------------+--------------------+-------------------+------------------+ | RHEL8 | FAIL | SKIPPED | SKIPPED | +-----------------------------------+--------------------+-------------------+------------------+ | openSUSE Leap 15 | FAIL | SKIPPED | SKIPPED | +-----------------------------------+--------------------+-------------------+------------------+ | Ubuntu 20.04 | FAIL | SKIPPED | SKIPPED | +-----------------------------------+--------------------+-------------------+------------------+ | Ubuntu 22.04 | FAIL | WARN | SKIPPED | +-----------------------------------+--------------------+-------------------+------------------+ | Ubuntu 24.04 | FAIL | WARN | WARN | +-----------------------------------+--------------------+-------------------+------------------+ | Alpine | PEND | SKIPPED | SKIPPED | +-----------------------------------+--------------------+-------------------+------------------+ | Ubuntu 24.04 32 Bit Cross Compile | PEND | SKIPPED | SKIPPED | +-----------------------------------+--------------------+-------------------+------------------+ | FreeBSD 13.5 | PASS | SKIPPED | SKIPPED | +-----------------------------------+--------------------+-------------------+------------------+ ==== 20 line log output for Ubuntu 24.04 (dpdk_compile_ovs): ==== --- Failed to get log output --- ==== End log output ==== CentOS Stream 9 Kernel: Depends on container host Compiler: gcc 11.5.0 20240719 (Red Hat 11.5.0-2) Debian 12 Kernel: Depends on container host Compiler: gcc (Debian 12.2.0-14) 12.2.0 CentOS Stream 10 Kernel: Depends on container host Compiler: gcc 14.2.1 20241104 (Red Hat 14.2.1-6) Fedora 41 (Clang) Kernel: Depends on container host Compiler: clang 19.1.5 (Fedora 19.1.5-1.fc41) Fedora 40 (Clang) Kernel: Depends on container host Compiler: clang 18.1.8 (Fedora 18.1.8-1.fc40) Fedora 41 Kernel: Depends on container host Compiler: gcc 14.2.1 20240912 (Red Hat 14.2.1-3) Fedora 40 Kernel: Depends on container host Compiler: gcc 14.2.1 20240912 (Red Hat 14.2.1-3) RHEL9 Kernel: Depends on container host Compiler: gcc 11.5.0 20240719 (Red Hat 11.5.0-2) RHEL8 Kernel: Depends on container host Compiler: gcc 8.5.0 20210514 (Red Hat 8.5.0-22) openSUSE Leap 15 Kernel: Depends on container host Compiler: gcc (SUSE Linux) 7.5.0 Ubuntu 20.04 Kernel: Depends on container host Compiler: gcc (Ubuntu 9.4.0-1ubuntu1~20.04.2) 9.4.0 Ubuntu 22.04 Kernel: Depends on container host Compiler: gcc (Ubuntu 11.4.0-1ubuntu1~22.04) 11.4.0 Ubuntu 24.04 Kernel: Depends on container host Compiler: gcc (Ubuntu 13.3.0-6ubuntu2~24.04) 13.3.0 Alpine Kernel: Depends on container host Compiler: gcc (Alpine 14.2.0) 14.2.0 Ubuntu 24.04 32 Bit Cross Compile Kernel: Depends on container host Compiler: gcc (Ubuntu 13.3.0-6ubuntu2~24.04) 13.3.0 FreeBSD 13.5 Kernel: 13.5-RELEASE Compiler: clang 19.1.7 To view detailed results, visit: https://lab.dpdk.org/results/dashboard/patchsets/33130/ UNH-IOL DPDK Community Lab To manage your email subscriptions, visit: https://lab.dpdk.org/results/dashboard/preferences/subscriptions/