From mboxrd@z Thu Jan 1 00:00:00 1970 Return-Path: Received: from mails.dpdk.org (mails.dpdk.org [217.70.189.124]) by inbox.dpdk.org (Postfix) with ESMTP id 0D4BB466E3 for ; Wed, 7 May 2025 06:25:51 +0200 (CEST) Received: from mails.dpdk.org (localhost [127.0.0.1]) by mails.dpdk.org (Postfix) with ESMTP id C01F14025D; Wed, 7 May 2025 06:25:51 +0200 (CEST) Received: from mail-qk1-f225.google.com (mail-qk1-f225.google.com [209.85.222.225]) by mails.dpdk.org (Postfix) with ESMTP id B80284025A for ; Wed, 7 May 2025 06:25:49 +0200 (CEST) Received: by mail-qk1-f225.google.com with SMTP id af79cd13be357-7c54b651310so1003118785a.0 for ; Tue, 06 May 2025 21:25:49 -0700 (PDT) DKIM-Signature: v=1; a=rsa-sha256; c=relaxed/relaxed; d=iol.unh.edu; s=unh-iol; t=1746591949; x=1747196749; darn=dpdk.org; h=references:in-reply-to:cc:to:from:subject:message-id:date:from:to :cc:subject:date:message-id:reply-to; bh=SAwQTImx/Uad8/9L77rSfba0MZmbck4Wv0e/7UJbNYE=; b=Vlu6nL62hkSa69JOhBKk6gh2pPfGvsR/hr1pk4IQd/F54fwzNMLT84fehcsU4hENyE YgAAN+uwvT1k7V6DI//r/z5w1EmCj6lRzeytIkRRLS1MOZY6QqrIoBQ4320rKAGE0qhZ oPdq3yaKYYqGr+ZG15xUEkrgDVybcM2z8uICk= X-Google-DKIM-Signature: v=1; a=rsa-sha256; c=relaxed/relaxed; d=1e100.net; s=20230601; t=1746591949; x=1747196749; h=references:in-reply-to:cc:to:from:subject:message-id:date :x-gm-message-state:from:to:cc:subject:date:message-id:reply-to; bh=SAwQTImx/Uad8/9L77rSfba0MZmbck4Wv0e/7UJbNYE=; b=Cov7k4uvOqS8vYwB/RzKQCJrtmuV9hJ225msk6HTbjYHmXO32tP1HcPTbPyO7+y+k0 nkSTH0SaAk2WtH84GwJ7YC3quCytbxvEiUZ1qEV0A6/C98c3yGyTmT8bpwukyIEVLveI oHvLayqidWdVMRUrMlL362qEmmI8awomUWExSw7+dRZY9D6B2N9nC7Oe0r3rmHmXHL5t X7p6mWAblEDJ/33Y0/ozCvwFSYVAJyg6gD3oCIMro61aYmXcZilpKJFXhwKrvyr4XNwh 6IR+7LtvZ7tyOyQsLE247SRMLKfZWy9zlv1Ysa8TZJ99Lpj2O6lS6nxZoozzNC1B1Zp+ ur6Q== X-Gm-Message-State: AOJu0YzGOmx3HbWBuoTtAKkMjNtJsGkpHFoWDcavmnVkLUms0vzfc2G+ tgWUXjbDO2PPFGDe/HLbt5yyFbFjMFrRV47AbikvfXY3prKEml3QAaa7U5pitpKtSbEcdkNjuRs n2JSSsCyTj3XE8JVNcq59RN94cXXMrAXn+dT3u/xB X-Gm-Gg: ASbGncvK57/f2Fy7IXzwrBD4jLPeKD5UhE6RKBPcy5FebIG8Q+7UazgWNvSro7AtsVz oN//ZYvdcQbsg8O6wW61BJCQ96UdVfXaPMlmGD8ouGjj8zqAFkpt5R+iX8B0k5agUWIcbfiFthE 04BOKju8UAIZuDgVqNqdyEp0iJu2ZmIWm1SghnmQAEPfSTpceCZdDwVd9I87xls2f2oklDZv/cU /lkGSKbZBodSokzWuEpiENYqt58C06ALb9OWPo+6UtnlL3Meb6v6EBcJyEe2R83bxzhj4g/y9Kg S7Tb87tS6MooQZwbWspcs+sK/rKBG6mXhhsg6R4OQo0EMGT3G7wBK03MQFo= X-Google-Smtp-Source: AGHT+IGal1l3W7nCqj/3Ls8QI1TtfBax3zCiwav+Bw2NGY88f7L2YnWUpA6Xy/mkANcyDFkTZwJeW62MRkbu X-Received: by 2002:a05:622a:296:b0:48a:2a08:cbef with SMTP id d75a77b69052e-4922556067amr29364861cf.5.1746591938636; Tue, 06 May 2025 21:25:38 -0700 (PDT) Received: from postal.iol.unh.edu (postal.iol.unh.edu. [132.177.123.84]) by smtp-relay.gmail.com with ESMTPS id 6a1803df08f44-6f5427a6b80sm632076d6.70.2025.05.06.21.25.38 (version=TLS1_2 cipher=ECDHE-ECDSA-AES128-GCM-SHA256 bits=128/128); Tue, 06 May 2025 21:25:38 -0700 (PDT) X-Relaying-Domain: iol.unh.edu Date: Tue, 06 May 2025 21:25:38 -0700 (PDT) Message-ID: <681ae0c2.050a0220.33e396.38feSMTPIN_ADDED_MISSING@mx.google.com> Received: from [172.17.0.3] (unknown [172.18.0.76]) by postal.iol.unh.edu (Postfix) with ESMTP id 55F136052471; Wed, 7 May 2025 00:25:38 -0400 (EDT) Subject: |FAILURE| pw153337 [PATCH] [v2,1/1] buildtools: avoid break due to f From: dpdklab@iol.unh.edu To: Test Report Cc: dpdk-test-reports@iol.unh.edu, Andre Muezerie In-Reply-To: <1746569662-11532-2-git-send-email-andremue@linux.microsoft.com> References: <1746569662-11532-2-git-send-email-andremue@linux.microsoft.com> Content-Type: text/plain X-BeenThere: test-report@dpdk.org X-Mailman-Version: 2.1.29 Precedence: list List-Id: automatic DPDK test reports List-Unsubscribe: , List-Archive: List-Post: List-Help: List-Subscribe: , Errors-To: test-report-bounces@dpdk.org Test-Label: iol-compile-amd64-testing Test-Status: FAILURE http://dpdk.org/patch/153337 _Testing issues_ Submitter: Andre Muezerie Date: Tuesday, May 06 2025 22:14:22 DPDK git baseline: Repo:dpdk Branch: master CommitID:75f179ebe347b6098cf3af26d3d3b7168fe3fe24 153337 --> testing issues Upstream job id: Generic-DPDK-Compile-Meson#385847 Test environment and result as below: +-----------------------------------+--------------------+-------------------+------------------+ | Environment | dpdk_meson_compile | dpdk_compile_spdk | dpdk_compile_ovs | +===================================+====================+===================+==================+ | CentOS Stream 9 | FAIL | WARN | SKIPPED | +-----------------------------------+--------------------+-------------------+------------------+ | Debian 12 | FAIL | WARN | SKIPPED | +-----------------------------------+--------------------+-------------------+------------------+ | CentOS Stream 10 | FAIL | SKIPPED | SKIPPED | +-----------------------------------+--------------------+-------------------+------------------+ | Fedora 41 (Clang) | FAIL | WARN | WARN | +-----------------------------------+--------------------+-------------------+------------------+ | Fedora 40 (Clang) | FAIL | WARN | SKIPPED | +-----------------------------------+--------------------+-------------------+------------------+ | Fedora 41 | FAIL | WARN | WARN | +-----------------------------------+--------------------+-------------------+------------------+ | Fedora 40 | FAIL | WARN | SKIPPED | +-----------------------------------+--------------------+-------------------+------------------+ | RHEL9 | FAIL | SKIPPED | SKIPPED | +-----------------------------------+--------------------+-------------------+------------------+ | RHEL8 | FAIL | SKIPPED | SKIPPED | +-----------------------------------+--------------------+-------------------+------------------+ | openSUSE Leap 15 | FAIL | SKIPPED | SKIPPED | +-----------------------------------+--------------------+-------------------+------------------+ | Ubuntu 20.04 | FAIL | SKIPPED | SKIPPED | +-----------------------------------+--------------------+-------------------+------------------+ | Ubuntu 22.04 | FAIL | WARN | SKIPPED | +-----------------------------------+--------------------+-------------------+------------------+ | Ubuntu 24.04 | FAIL | WARN | WARN | +-----------------------------------+--------------------+-------------------+------------------+ | Alpine | FAIL | SKIPPED | SKIPPED | +-----------------------------------+--------------------+-------------------+------------------+ | Ubuntu 24.04 32 Bit Cross Compile | FAIL | SKIPPED | SKIPPED | +-----------------------------------+--------------------+-------------------+------------------+ | FreeBSD 13.5 | PASS | SKIPPED | SKIPPED | +-----------------------------------+--------------------+-------------------+------------------+ | FreeBSD 14.2 | PEND | SKIPPED | SKIPPED | +-----------------------------------+--------------------+-------------------+------------------+ ==== 20 line log output for Ubuntu 24.04 32 Bit Cross Compile (dpdk_meson_compile): ==== [588/2654] Linking target lib/librte_node.so.25.2 [589/2654] Generating symbol file lib/librte_node.so.25.2.p/librte_node.so.25.2.symbols [590/2654] Compiling C object drivers/libtmp_rte_common_cpt.a.p/common_cpt_cpt_fpm_tables.c.o [591/2654] Compiling C object drivers/libtmp_rte_common_cpt.a.p/common_cpt_cpt_pmd_ops_helper.c.o [592/2654] Linking static target drivers/libtmp_rte_common_cpt.a [593/2654] Generating rte_common_cpt.pmd.c with a custom command FAILED: drivers/rte_common_cpt.pmd.c /usr/bin/python3 ../buildtools/gen-pmdinfo-cfile.py /root/workspace/Generic-DPDK-Compile-Meson@2/dpdk/build/buildtools ar drivers/rte_common_cpt.pmd.c.p /root/workspace/Generic-DPDK-Compile-Meson@2/dpdk/build/drivers/libtmp_rte_common_cpt.a drivers/rte_common_cpt.pmd.c /usr/bin/python3 ../buildtools/pmdinfogen.py elf Traceback (most recent call last): File "/root/workspace/Generic-DPDK-Compile-Meson@2/dpdk/build/../buildtools/gen-pmdinfo-cfile.py", line 16, in subprocess.run([ar, "x", os.path.abspath(archive), name], File "/usr/lib/python3.12/subprocess.py", line 548, in run with Popen(*popenargs, **kwargs) as process: ^^^^^^^^^^^^^^^^^^^^^^^^^^^ File "/usr/lib/python3.12/subprocess.py", line 1026, in __init__ self._execute_child(args, executable, preexec_fn, close_fds, File "/usr/lib/python3.12/subprocess.py", line 1955, in _execute_child raise child_exception_type(errno_num, err_msg, err_filename) FileNotFoundError: [Errno 2] No such file or directory: 'drivers/rte_common_cpt.pmd.c.p' ninja: build stopped: subcommand failed. ==== End log output ==== CentOS Stream 9 Kernel: Depends on container host Compiler: gcc 11.5.0 20240719 (Red Hat 11.5.0-2) Debian 12 Kernel: Depends on container host Compiler: gcc (Debian 12.2.0-14) 12.2.0 CentOS Stream 10 Kernel: Depends on container host Compiler: gcc 14.2.1 20241104 (Red Hat 14.2.1-6) Fedora 41 (Clang) Kernel: Depends on container host Compiler: clang 19.1.5 (Fedora 19.1.5-1.fc41) Fedora 40 (Clang) Kernel: Depends on container host Compiler: clang 18.1.8 (Fedora 18.1.8-1.fc40) Fedora 41 Kernel: Depends on container host Compiler: gcc 14.2.1 20240912 (Red Hat 14.2.1-3) Fedora 40 Kernel: Depends on container host Compiler: gcc 14.2.1 20240912 (Red Hat 14.2.1-3) RHEL9 Kernel: Depends on container host Compiler: gcc 11.5.0 20240719 (Red Hat 11.5.0-2) RHEL8 Kernel: Depends on container host Compiler: gcc 8.5.0 20210514 (Red Hat 8.5.0-22) openSUSE Leap 15 Kernel: Depends on container host Compiler: gcc (SUSE Linux) 7.5.0 Ubuntu 20.04 Kernel: Depends on container host Compiler: gcc (Ubuntu 9.4.0-1ubuntu1~20.04.2) 9.4.0 Ubuntu 22.04 Kernel: Depends on container host Compiler: gcc (Ubuntu 11.4.0-1ubuntu1~22.04) 11.4.0 Ubuntu 24.04 Kernel: Depends on container host Compiler: gcc (Ubuntu 13.3.0-6ubuntu2~24.04) 13.3.0 Alpine Kernel: Depends on container host Compiler: gcc (Alpine 14.2.0) 14.2.0 Ubuntu 24.04 32 Bit Cross Compile Kernel: Depends on container host Compiler: gcc (Ubuntu 13.3.0-6ubuntu2~24.04) 13.3.0 FreeBSD 13.5 Kernel: 13.5-RELEASE Compiler: clang 19.1.7 FreeBSD 14.2 Kernel: 14.2-RELEASE Compiler: clang 18.1.6 To view detailed results, visit: https://lab.dpdk.org/results/dashboard/patchsets/33130/ UNH-IOL DPDK Community Lab To manage your email subscriptions, visit: https://lab.dpdk.org/results/dashboard/preferences/subscriptions/