From mboxrd@z Thu Jan 1 00:00:00 1970 Return-Path: Received: from mails.dpdk.org (mails.dpdk.org [217.70.189.124]) by inbox.dpdk.org (Postfix) with ESMTP id 35AFB466E3 for ; Wed, 7 May 2025 06:28:50 +0200 (CEST) Received: from mails.dpdk.org (localhost [127.0.0.1]) by mails.dpdk.org (Postfix) with ESMTP id 12E944025D; Wed, 7 May 2025 06:28:50 +0200 (CEST) Received: from mail-il1-f226.google.com (mail-il1-f226.google.com [209.85.166.226]) by mails.dpdk.org (Postfix) with ESMTP id 0C0954025A for ; Wed, 7 May 2025 06:28:48 +0200 (CEST) Received: by mail-il1-f226.google.com with SMTP id e9e14a558f8ab-3d8e9f26b96so57352365ab.1 for ; Tue, 06 May 2025 21:28:47 -0700 (PDT) DKIM-Signature: v=1; a=rsa-sha256; c=relaxed/relaxed; d=iol.unh.edu; s=unh-iol; t=1746592127; x=1747196927; darn=dpdk.org; h=references:in-reply-to:cc:to:from:subject:message-id:date:from:to :cc:subject:date:message-id:reply-to; bh=2IHR/Dr1xJ2Eg6GXMXdlzWCY/B+pWQEtyqPtK9me/4s=; b=dbxtVkjL8i7aJNryEhedMFn4ymelRmaYNRKk8vAtqUfMOYXMOpVbkfjJP7L2Hig7kH lCtN/plUwB1yWkNAeBrSgzrjnEbytglHUo0TonWeZr9xtAm32HHKhX7MTW9Em8TK9L3R zDclK8g5g4uqtt/zyMeI7cmRq5upUUWtXnqus= X-Google-DKIM-Signature: v=1; a=rsa-sha256; c=relaxed/relaxed; d=1e100.net; s=20230601; t=1746592127; x=1747196927; h=references:in-reply-to:cc:to:from:subject:message-id:date :x-gm-message-state:from:to:cc:subject:date:message-id:reply-to; bh=2IHR/Dr1xJ2Eg6GXMXdlzWCY/B+pWQEtyqPtK9me/4s=; b=QVDNIR05PfUvejCvMBtT+JUMys65G+WFZQQJiVpjEB3j9likwLJekFj/0uiQM79zZl uJmFCkrAHe3niLMbIxnoZYOHC0GPoncOusiPVYUMy3Oas5QJc9YLC0TeWZfdmNQokCHe esblDVlQPjjanE/QhpZmWFyY/OUfdfvwQwbgdH6W42bhN+8DB0bG+MgRWe0/yKr/kGK1 RjI/U8TI+Wcb+STeXuEnX1A84+nco0O9iDU2kRDFNfIXpYSjAm4DASDXZ+os2rgXhUcQ U3tc1xoUSGc9EEkc6iKsf+wTA1oxZPeTwk+8PNXaO7P9I74ZPH81NGbkr0tk3csiSKTN m8Cg== X-Gm-Message-State: AOJu0Yytof5w9A7NpKv1K5fkCQkof3UqfNvGD7TE2xxvbwAq0ziawV6y 0bnrzyxf6w+4PEx43000T8+hkB2ix1WiAfKv3v7DQUIvejXtMfAezQhphN3Elpnx61c0V2iCE3q tybbphHXVYWetQaamFrf6RlBVjRSijD53sSxDVvLU X-Gm-Gg: ASbGnctGwudCfhDz5gqdO3ckMOhCzWE7Ea6ihpgvegL2elcPdRp7RK1+5rv6MlMahSd 45CgmnuyDxrZUWxkeclkdlfdDvzxeKXfMFKshOLSVbAvNPzo2MedKGslFjzla/PHKHMG3BGIKb/ 69n4EZ3xfjprncOI1OWqeTNp1bwDXbQv1n/H30d/t+9vbW4gl9jWUd3Hm3Sw5MMdm0p6wW5nQPt NpYh10cNosLWrnTgGXak4v3t35vaon0x5+GMp6EyXzocYPv4gvhBRGzmfeuinKTs3ry71W/eSRk DbYCBPYMfWHoA6KZmyfxT4vbVbSnV2c+t3eVnliiIRUwUiUwerWNFUlTFrk= X-Google-Smtp-Source: AGHT+IElmGHquXyK0kt9HHNro6O69MTN7LUgnQv9WhCEnsw/Wjzqrg9rTB1y6EU9jPGlrV+2o07I3EdAEmAR X-Received: by 2002:a05:6e02:258e:b0:3d9:6c9a:f363 with SMTP id e9e14a558f8ab-3da738f9654mr15600985ab.6.1746592127328; Tue, 06 May 2025 21:28:47 -0700 (PDT) Received: from postal.iol.unh.edu (postal.iol.unh.edu. [132.177.123.84]) by smtp-relay.gmail.com with ESMTPS id e9e14a558f8ab-3da6ee440a3sm1194605ab.57.2025.05.06.21.28.47 (version=TLS1_2 cipher=ECDHE-ECDSA-AES128-GCM-SHA256 bits=128/128); Tue, 06 May 2025 21:28:47 -0700 (PDT) X-Relaying-Domain: iol.unh.edu Date: Tue, 06 May 2025 21:28:47 -0700 (PDT) Message-ID: <681ae17f.050a0220.259a9e.67e4SMTPIN_ADDED_MISSING@mx.google.com> Received: from [172.17.0.2] (unknown [172.18.0.74]) by postal.iol.unh.edu (Postfix) with ESMTP id CDFB16052471; Wed, 7 May 2025 00:28:46 -0400 (EDT) Subject: |FAILURE| pw153337 [PATCH] [v2,1/1] buildtools: avoid break due to f From: dpdklab@iol.unh.edu To: Test Report Cc: dpdk-test-reports@iol.unh.edu, Andre Muezerie In-Reply-To: <1746569662-11532-2-git-send-email-andremue@linux.microsoft.com> References: <1746569662-11532-2-git-send-email-andremue@linux.microsoft.com> Content-Type: text/plain X-BeenThere: test-report@dpdk.org X-Mailman-Version: 2.1.29 Precedence: list List-Id: automatic DPDK test reports List-Unsubscribe: , List-Archive: List-Post: List-Help: List-Subscribe: , Errors-To: test-report-bounces@dpdk.org Test-Label: iol-compile-amd64-testing Test-Status: FAILURE http://dpdk.org/patch/153337 _Testing issues_ Submitter: Andre Muezerie Date: Tuesday, May 06 2025 22:14:22 DPDK git baseline: Repo:dpdk Branch: master CommitID:75f179ebe347b6098cf3af26d3d3b7168fe3fe24 153337 --> testing issues Upstream job id: Generic-VM-DPDK-Compile-Meson#35204 Test environment and result as below: +-----------------------------------+--------------------+-------------------+------------------+ | Environment | dpdk_meson_compile | dpdk_compile_spdk | dpdk_compile_ovs | +===================================+====================+===================+==================+ | CentOS Stream 9 | FAIL | WARN | SKIPPED | +-----------------------------------+--------------------+-------------------+------------------+ | Debian 12 | FAIL | WARN | SKIPPED | +-----------------------------------+--------------------+-------------------+------------------+ | CentOS Stream 10 | FAIL | SKIPPED | SKIPPED | +-----------------------------------+--------------------+-------------------+------------------+ | Fedora 41 (Clang) | FAIL | WARN | WARN | +-----------------------------------+--------------------+-------------------+------------------+ | Fedora 40 (Clang) | FAIL | WARN | SKIPPED | +-----------------------------------+--------------------+-------------------+------------------+ | Fedora 41 | FAIL | WARN | WARN | +-----------------------------------+--------------------+-------------------+------------------+ | Fedora 40 | FAIL | WARN | SKIPPED | +-----------------------------------+--------------------+-------------------+------------------+ | RHEL9 | FAIL | SKIPPED | SKIPPED | +-----------------------------------+--------------------+-------------------+------------------+ | RHEL8 | FAIL | SKIPPED | SKIPPED | +-----------------------------------+--------------------+-------------------+------------------+ | openSUSE Leap 15 | FAIL | SKIPPED | SKIPPED | +-----------------------------------+--------------------+-------------------+------------------+ | Ubuntu 20.04 | FAIL | SKIPPED | SKIPPED | +-----------------------------------+--------------------+-------------------+------------------+ | Ubuntu 22.04 | FAIL | WARN | SKIPPED | +-----------------------------------+--------------------+-------------------+------------------+ | Ubuntu 24.04 | FAIL | WARN | WARN | +-----------------------------------+--------------------+-------------------+------------------+ | Alpine | FAIL | SKIPPED | SKIPPED | +-----------------------------------+--------------------+-------------------+------------------+ | Ubuntu 24.04 32 Bit Cross Compile | FAIL | SKIPPED | SKIPPED | +-----------------------------------+--------------------+-------------------+------------------+ | FreeBSD 13.5 | PASS | SKIPPED | SKIPPED | +-----------------------------------+--------------------+-------------------+------------------+ | FreeBSD 14.2 | FAIL | SKIPPED | SKIPPED | +-----------------------------------+--------------------+-------------------+------------------+ ==== 20 line log output for FreeBSD 14.2 (dpdk_meson_compile): ==== [570/2096] Generating rte_common_cpt.pmd.c with a custom command FAILED: drivers/rte_common_cpt.pmd.c /usr/local/bin/python3 ../buildtools/gen-pmdinfo-cfile.py /home/jenkins/jenkins-agent/workspace/Generic-VM-DPDK-Compile-Meson/dpdk/build/buildtools llvm-ar drivers/rte_common_cpt.pmd.c.p /home/jenkins/jenkins-agent/workspace/Generic-VM-DPDK-Compile-Meson/dpdk/build/drivers/libtmp_rte_common_cpt.a drivers/rte_common_cpt.pmd.c /usr/local/bin/python3 ../buildtools/pmdinfogen.py elf Traceback (most recent call last): File "/home/jenkins/jenkins-agent/workspace/Generic-VM-DPDK-Compile-Meson/dpdk/build/../buildtools/gen-pmdinfo-cfile.py", line 16, in subprocess.run([ar, "x", os.path.abspath(archive), name], File "/usr/local/lib/python3.11/subprocess.py", line 548, in run with Popen(*popenargs, **kwargs) as process: ^^^^^^^^^^^^^^^^^^^^^^^^^^^ File "/usr/local/lib/python3.11/subprocess.py", line 1026, in __init__ self._execute_child(args, executable, preexec_fn, close_fds, File "/usr/local/lib/python3.11/subprocess.py", line 1955, in _execute_child raise child_exception_type(errno_num, err_msg, err_filename) FileNotFoundError: [Errno 2] No such file or directory: 'drivers/rte_common_cpt.pmd.c.p' [571/2096] Linking static target lib/librte_node.a [572/2096] Generating rte_bus_auxiliary_map with a custom command [573/2096] Compiling C object drivers/libtmp_rte_common_ionic.a.p/common_ionic_ionic_common_uio.c.o [574/2096] Compiling C object drivers/libtmp_rte_bus_auxiliary.a.p/bus_auxiliary_auxiliary_common.c.o [575/2096] Compiling C object lib/librte_pipeline.a.p/pipeline_rte_table_action.c.o ninja: build stopped: subcommand failed. ==== End log output ==== CentOS Stream 9 Kernel: Depends on container host Compiler: gcc 11.5.0 20240719 (Red Hat 11.5.0-2) Debian 12 Kernel: Depends on container host Compiler: gcc (Debian 12.2.0-14) 12.2.0 CentOS Stream 10 Kernel: Depends on container host Compiler: gcc 14.2.1 20241104 (Red Hat 14.2.1-6) Fedora 41 (Clang) Kernel: Depends on container host Compiler: clang 19.1.5 (Fedora 19.1.5-1.fc41) Fedora 40 (Clang) Kernel: Depends on container host Compiler: clang 18.1.8 (Fedora 18.1.8-1.fc40) Fedora 41 Kernel: Depends on container host Compiler: gcc 14.2.1 20240912 (Red Hat 14.2.1-3) Fedora 40 Kernel: Depends on container host Compiler: gcc 14.2.1 20240912 (Red Hat 14.2.1-3) RHEL9 Kernel: Depends on container host Compiler: gcc 11.5.0 20240719 (Red Hat 11.5.0-2) RHEL8 Kernel: Depends on container host Compiler: gcc 8.5.0 20210514 (Red Hat 8.5.0-22) openSUSE Leap 15 Kernel: Depends on container host Compiler: gcc (SUSE Linux) 7.5.0 Ubuntu 20.04 Kernel: Depends on container host Compiler: gcc (Ubuntu 9.4.0-1ubuntu1~20.04.2) 9.4.0 Ubuntu 22.04 Kernel: Depends on container host Compiler: gcc (Ubuntu 11.4.0-1ubuntu1~22.04) 11.4.0 Ubuntu 24.04 Kernel: Depends on container host Compiler: gcc (Ubuntu 13.3.0-6ubuntu2~24.04) 13.3.0 Alpine Kernel: Depends on container host Compiler: gcc (Alpine 14.2.0) 14.2.0 Ubuntu 24.04 32 Bit Cross Compile Kernel: Depends on container host Compiler: gcc (Ubuntu 13.3.0-6ubuntu2~24.04) 13.3.0 FreeBSD 13.5 Kernel: 13.5-RELEASE Compiler: clang 19.1.7 FreeBSD 14.2 Kernel: 14.2-RELEASE Compiler: clang 18.1.6 To view detailed results, visit: https://lab.dpdk.org/results/dashboard/patchsets/33130/ UNH-IOL DPDK Community Lab To manage your email subscriptions, visit: https://lab.dpdk.org/results/dashboard/preferences/subscriptions/