From mboxrd@z Thu Jan 1 00:00:00 1970 Return-Path: Received: from mails.dpdk.org (mails.dpdk.org [217.70.189.124]) by inbox.dpdk.org (Postfix) with ESMTP id 9CDCE466E3 for ; Wed, 7 May 2025 06:37:04 +0200 (CEST) Received: from mails.dpdk.org (localhost [127.0.0.1]) by mails.dpdk.org (Postfix) with ESMTP id 96C314025D; Wed, 7 May 2025 06:37:04 +0200 (CEST) Received: from mail-il1-f227.google.com (mail-il1-f227.google.com [209.85.166.227]) by mails.dpdk.org (Postfix) with ESMTP id 9E46B4025A for ; Wed, 7 May 2025 06:37:03 +0200 (CEST) Received: by mail-il1-f227.google.com with SMTP id e9e14a558f8ab-3d8dcc7cd17so1797475ab.1 for ; Tue, 06 May 2025 21:37:03 -0700 (PDT) DKIM-Signature: v=1; a=rsa-sha256; c=relaxed/relaxed; d=iol.unh.edu; s=unh-iol; t=1746592623; x=1747197423; darn=dpdk.org; h=references:in-reply-to:cc:to:from:subject:message-id:date:from:to :cc:subject:date:message-id:reply-to; bh=vKVcl9BEJFeL1EWne5YA8lwYW588sBETZlhNn99Sp7E=; b=EakFfv2iY/RJ5OPeBiZ5PZAPsjjo7f4Jhxy+/j0PecZQXU+VWXL88qHBx/q2ZHf6bm 3cHbGfcHBkzKnQGX2TEBpNPPId/lzscKLHLr4+fPkEhDo1htf/JXvE3r96/KSGXHerWb +CYDDkSMExaqynvYkt/KSdBzMCI4t9WQTcgoc= X-Google-DKIM-Signature: v=1; a=rsa-sha256; c=relaxed/relaxed; d=1e100.net; s=20230601; t=1746592623; x=1747197423; h=references:in-reply-to:cc:to:from:subject:message-id:date :x-gm-message-state:from:to:cc:subject:date:message-id:reply-to; bh=vKVcl9BEJFeL1EWne5YA8lwYW588sBETZlhNn99Sp7E=; b=D9fjpP0UhPR//cn4FPe6TxQOTQEwNHovtRhWIz2HkUpi2bg9+N3d2ZzCzNoCu2K2Jx Y81Y0pH7PsZ/zgSMK5pzK8GeRyUV1QrM8I567jctxkmlyjuyqD6z4PscJr6abNce7CJA yN/JsGS65r0/v7DNuem9J1BymzhXRa8P9eot0yJibw9kbxwLN1klJVbFW9R1QAdk4dJW bTP2zHiQ/UzF2sPR0sx8LLfSXsVe74nT0SGtJ9xjQm9aatCLktADlwjVnJGDp2xbbqdu Owjtzzzw2UozcxXgMQiUIRY0Vw4NZtGlsrKobRuoeWCD08xNSJIwAgE7OLMAM29RnSqm oSkw== X-Gm-Message-State: AOJu0YzpTXKd2LnRcP+3QaldX6rvQ3EB3WAg37uNlD31ri9YrGWKaOK0 LKCxvKCYtRntZj/wnLM7S7xtwkp588XSn3Z7kMkOFh0WleF7zPtizJnSyxHlb+R7I5l60QKl5re 6aJXt2CDDjcPo/HEO/nQrzxsr7+HOhc6pZAEAx2LY X-Gm-Gg: ASbGnct6dL/0RNAgEudPQ3ncug0XcVOUI77efeX/aqqi/eaLFFz81AFhzoK6wNmnOmF KXvnFKuhkGh3kpOSta+IAJSE5g7D7W8P0Mm+mQq6Ac4nOkYvAR06fti/ZC6dkmOSm9vs+0X2mIF jS/hx0BaIVejayeK3mByTd/EDuM3Nb5uya+nghS55HEcWdXJDwFsVnhWspD0QAocA4MBAKvbrYh 6DGt2n13eisBAqxfoZEQUGum8JTHHZdmrsWhhbQ7e0GwvRzARgcnM7SjT5JOl3dkYIsQnmGKnEw RYQQnsT8pjqng0gnpI79UjwXlxpcGZd2V4DWEMBwRcCrHjvyPf96NX3SDjk= X-Google-Smtp-Source: AGHT+IGWede/fvM1pbBxxcRVR9zZ4kJSgDKEy2JuggHgeGy7LsJNG0yiR4YTdb/a5n9MUiK3WIASUvofQoTZ X-Received: by 2002:a05:6e02:1a65:b0:3d9:43fe:8e34 with SMTP id e9e14a558f8ab-3da738b9758mr19176915ab.1.1746592622903; Tue, 06 May 2025 21:37:02 -0700 (PDT) Received: from postal.iol.unh.edu (postal.iol.unh.edu. [132.177.123.84]) by smtp-relay.gmail.com with ESMTPS id e9e14a558f8ab-3da739e299fsm472285ab.29.2025.05.06.21.37.02 (version=TLS1_2 cipher=ECDHE-ECDSA-AES128-GCM-SHA256 bits=128/128); Tue, 06 May 2025 21:37:02 -0700 (PDT) X-Relaying-Domain: iol.unh.edu Date: Tue, 06 May 2025 21:37:02 -0700 (PDT) Message-ID: <681ae36e.050a0220.2ab3dd.2923SMTPIN_ADDED_MISSING@mx.google.com> Received: from [172.17.0.3] (unknown [172.18.0.74]) by postal.iol.unh.edu (Postfix) with ESMTP id 65A586052471; Wed, 7 May 2025 00:37:02 -0400 (EDT) Subject: |WARNING| pw153337 [PATCH] [v2,1/1] buildtools: avoid break due to f From: dpdklab@iol.unh.edu To: Test Report Cc: dpdk-test-reports@iol.unh.edu In-Reply-To: <1746569662-11532-2-git-send-email-andremue@linux.microsoft.com> References: <1746569662-11532-2-git-send-email-andremue@linux.microsoft.com> Content-Type: text/plain X-BeenThere: test-report@dpdk.org X-Mailman-Version: 2.1.29 Precedence: list List-Id: automatic DPDK test reports List-Unsubscribe: , List-Archive: List-Post: List-Help: List-Subscribe: , Errors-To: test-report-bounces@dpdk.org Test-Label: iol-unit-amd64-testing Test-Status: WARNING http://dpdk.org/patch/153337 _Testing issues_ Submitter: Andre Muezerie Date: Tuesday, May 06 2025 22:14:22 DPDK git baseline: Repo:dpdk Branch: master CommitID:75f179ebe347b6098cf3af26d3d3b7168fe3fe24 153337 --> testing issues Upstream job id: Generic-Unit-Test-DPDK#336038 Test environment and result as below: +-------------------+----------------+ | Environment | dpdk_unit_test | +===================+================+ | CentOS Stream 10 | WARN | +-------------------+----------------+ | Debian 12 | WARN | +-------------------+----------------+ | CentOS Stream 9 | WARN | +-------------------+----------------+ | Fedora 40 | WARN | +-------------------+----------------+ | Fedora 41 | WARN | +-------------------+----------------+ | Fedora 40 (Clang) | WARN | +-------------------+----------------+ | RHEL9 | WARN | +-------------------+----------------+ | RHEL8 | WARN | +-------------------+----------------+ | Fedora 41 (Clang) | WARN | +-------------------+----------------+ | Ubuntu 22.04 | WARN | +-------------------+----------------+ | Ubuntu 24.04 | WARN | +-------------------+----------------+ | Ubuntu 20.04 | WARN | +-------------------+----------------+ ==== 20 line log output for Ubuntu 20.04 (dpdk_unit_test): ==== [599/3475] Generating rte_common_cpt_map with a custom command [600/3475] Compiling C object drivers/libtmp_rte_common_cpt.a.p/common_cpt_cpt_pmd_ops_helper.c.o [601/3475] Linking static target drivers/libtmp_rte_common_cpt.a [602/3475] Generating rte_common_cpt.pmd.c with a custom command FAILED: drivers/rte_common_cpt.pmd.c /usr/bin/python3 ../buildtools/gen-pmdinfo-cfile.py /root/workspace/Generic-Unit-Test-DPDK/dpdk/build/buildtools ar drivers/rte_common_cpt.pmd.c.p /root/workspace/Generic-Unit-Test-DPDK/dpdk/build/drivers/libtmp_rte_common_cpt.a drivers/rte_common_cpt.pmd.c /usr/bin/python3 ../buildtools/pmdinfogen.py elf Traceback (most recent call last): File "../buildtools/gen-pmdinfo-cfile.py", line 16, in subprocess.run([ar, "x", os.path.abspath(archive), name], File "/usr/lib/python3.8/subprocess.py", line 493, in run with Popen(*popenargs, **kwargs) as process: File "/usr/lib/python3.8/subprocess.py", line 858, in __init__ self._execute_child(args, executable, preexec_fn, close_fds, File "/usr/lib/python3.8/subprocess.py", line 1704, in _execute_child raise child_exception_type(errno_num, err_msg, err_filename) FileNotFoundError: [Errno 2] No such file or directory: 'drivers/rte_common_cpt.pmd.c.p' [603/3475] Compiling C object drivers/libtmp_rte_common_dpaax.a.p/common_dpaax_dpaax_iova_table.c.o [604/3475] Generating node.sym_chk with a custom command (wrapped by meson to capture output) [605/3475] Compiling C object lib/librte_pipeline.a.p/pipeline_rte_table_action.c.o ninja: build stopped: subcommand failed. ==== End log output ==== CentOS Stream 10 Kernel: Depends on container host Compiler: gcc 14.2.1 20241104 (Red Hat 14.2.1-6) Debian 12 Kernel: Depends on container host Compiler: gcc (Debian 12.2.0-14) 12.2.0 CentOS Stream 9 Kernel: Depends on container host Compiler: gcc 11.5.0 20240719 (Red Hat 11.5.0-2) Fedora 40 Kernel: Depends on container host Compiler: gcc 14.2.1 20240912 (Red Hat 14.2.1-3) Fedora 41 Kernel: Depends on container host Compiler: gcc 14.2.1 20240912 (Red Hat 14.2.1-3) Fedora 40 (Clang) Kernel: Depends on container host Compiler: clang 18.1.8 (Fedora 18.1.8-1.fc40) RHEL9 Kernel: Depends on container host Compiler: gcc 11.5.0 20240719 (Red Hat 11.5.0-2) RHEL8 Kernel: Depends on container host Compiler: gcc 8.5.0 20210514 (Red Hat 8.5.0-22) Fedora 41 (Clang) Kernel: Depends on container host Compiler: clang 19.1.5 (Fedora 19.1.5-1.fc41) Ubuntu 22.04 Kernel: Depends on container host Compiler: gcc (Ubuntu 11.4.0-1ubuntu1~22.04) 11.4.0 Ubuntu 24.04 Kernel: Depends on container host Compiler: gcc (Ubuntu 13.3.0-6ubuntu2~24.04) 13.3.0 Ubuntu 20.04 Kernel: Depends on container host Compiler: gcc (Ubuntu 9.4.0-1ubuntu1~20.04.2) 9.4.0 To view detailed results, visit: https://lab.dpdk.org/results/dashboard/patchsets/33130/ UNH-IOL DPDK Community Lab To manage your email subscriptions, visit: https://lab.dpdk.org/results/dashboard/preferences/subscriptions/