From mboxrd@z Thu Jan 1 00:00:00 1970 Return-Path: Received: from mails.dpdk.org (mails.dpdk.org [217.70.189.124]) by inbox.dpdk.org (Postfix) with ESMTP id B0ED1466E3 for ; Wed, 7 May 2025 06:37:45 +0200 (CEST) Received: from mails.dpdk.org (localhost [127.0.0.1]) by mails.dpdk.org (Postfix) with ESMTP id AC43D4025D; Wed, 7 May 2025 06:37:45 +0200 (CEST) Received: from mail-il1-f228.google.com (mail-il1-f228.google.com [209.85.166.228]) by mails.dpdk.org (Postfix) with ESMTP id D91294025A for ; Wed, 7 May 2025 06:37:44 +0200 (CEST) Received: by mail-il1-f228.google.com with SMTP id e9e14a558f8ab-3d4436ba324so56640315ab.2 for ; Tue, 06 May 2025 21:37:44 -0700 (PDT) DKIM-Signature: v=1; a=rsa-sha256; c=relaxed/relaxed; d=iol.unh.edu; s=unh-iol; t=1746592664; x=1747197464; darn=dpdk.org; h=references:in-reply-to:cc:to:from:subject:message-id:date:from:to :cc:subject:date:message-id:reply-to; bh=tL1XLFWdLqI0huFyXJ/TM0ozdUMqL2IEsVIKnZacz1A=; b=aDywl3nJ1xjmaIvZ4kNfTTL0AF02fL2YMLdsqYLc0hEdwQAVZwGgig1WCdvKbUV6uY UeWiaR+uOVGfmTW94S3OH6tuGqKpGSSezFqVvoWxf2dcQSOyvpDXwzxEfeyGJy+kp5Fl pCZGTUbG9qMA6PGbHuaqvLVrCNxHFYJSYbXDs= X-Google-DKIM-Signature: v=1; a=rsa-sha256; c=relaxed/relaxed; d=1e100.net; s=20230601; t=1746592664; x=1747197464; h=references:in-reply-to:cc:to:from:subject:message-id:date :x-gm-message-state:from:to:cc:subject:date:message-id:reply-to; bh=tL1XLFWdLqI0huFyXJ/TM0ozdUMqL2IEsVIKnZacz1A=; b=X6vLK6T0jhnYOkoeiw0wbFwWxtUKNB6cR7hYVp0uiq0GTglAhBNuRkMRJum8Zm/AC/ CeHh5SrkI2kfO6ejYKQMod74Cf9yQWHmZsg0MZ5RVR4CWQsf1xixW4qcivkncLflnWti iGJeUiF8JmeNXwXzie3rtdO8MbzRx1dcoSMgVk2F9dbRnhW0B/SWTWKJI4FfJdbwUmq5 xOgoL4zLSDq3mSICX0+3LmnicPQi0QaE6FEg9jDxxYUFwHQ/DHQYsnJpU214V/YN/STf H1mm+PjVWjgjT3tX5xP6NwbSpce5ToZvvdwTjpqG37SJwSb6YYfQLEtIAw0z7HSC1flS 4xHw== X-Gm-Message-State: AOJu0Yygj/8w845uptm5ty2A37Fc8pzYVsGQEJtN61Y0SLR2hKcA9W7q JNU1rqc0fCcLvB05hpRqh57mZkVSPjUNSt/LSPcilK3141b0R4IscTx1AEho/KmKl3i4zkEi4NL 42cl9HFQdVCrnjqlN+RrduCF23KcuNzxVlZ6rywb1yEkoJnKCU5NdG6yy X-Gm-Gg: ASbGncuk5hrwFddCR+cf8FsMwZ+UIKvHN9i0SnoKlhacks8J5YvueunytIEKVuI0dPG SkybstQfjRQb/JcqaFxTZy5oRPpuMNdYroOmgC959Vp1UsV58ChI7wg4woCa6hi43LXeEa4jq7l pKLcRukY4k5GvuOh81Nqdo+4vVQc0YlfudwJkN6dtLocZvujbN6b8mLJictxxCJ7tBWGWyafODT u0zx3AQ67bk0VGxZn11v3Vn5/UsHJSSKTZNZCKgyAM91mpdWyaS6FQJLS7nYxVCVaK2ao2cUrkr Q5wg3wbi2qWjwxmfyVW9du9nm3nF6QR9r0gJ X-Google-Smtp-Source: AGHT+IFMrP2/rk+KvGlPwt4Uu6msa+WZBtFztlxyepXWN2BGZ49dr2ACfKESe7dpKL6ZfDiXe42phe08UA// X-Received: by 2002:a05:6e02:1f81:b0:3d8:2023:d057 with SMTP id e9e14a558f8ab-3da739082abmr19113435ab.11.1746592664287; Tue, 06 May 2025 21:37:44 -0700 (PDT) Received: from postal.iol.unh.edu (postal.iol.unh.edu. [2606:4100:3880:1234::84]) by smtp-relay.gmail.com with ESMTPS id e9e14a558f8ab-3d975ecfdeasm23227635ab.42.2025.05.06.21.37.44 (version=TLS1_2 cipher=ECDHE-ECDSA-AES128-GCM-SHA256 bits=128/128); Tue, 06 May 2025 21:37:44 -0700 (PDT) X-Relaying-Domain: iol.unh.edu Date: Tue, 06 May 2025 21:37:44 -0700 (PDT) Message-ID: <681ae398.050a0220.b5662.f87fSMTPIN_ADDED_MISSING@mx.google.com> Received: from [172.17.0.4] (unknown [172.18.0.74]) by postal.iol.unh.edu (Postfix) with ESMTP id C85366052471; Wed, 7 May 2025 00:37:43 -0400 (EDT) Subject: |WARNING| pw153337 [PATCH] [v2,1/1] buildtools: avoid break due to f From: dpdklab@iol.unh.edu To: Test Report Cc: dpdk-test-reports@iol.unh.edu In-Reply-To: <1746569662-11532-2-git-send-email-andremue@linux.microsoft.com> References: <1746569662-11532-2-git-send-email-andremue@linux.microsoft.com> Content-Type: text/plain X-BeenThere: test-report@dpdk.org X-Mailman-Version: 2.1.29 Precedence: list List-Id: automatic DPDK test reports List-Unsubscribe: , List-Archive: List-Post: List-Help: List-Subscribe: , Errors-To: test-report-bounces@dpdk.org Test-Label: iol-unit-arm64-testing Test-Status: WARNING http://dpdk.org/patch/153337 _Testing issues_ Submitter: Andre Muezerie Date: Tuesday, May 06 2025 22:14:22 DPDK git baseline: Repo:dpdk Branch: master CommitID:75f179ebe347b6098cf3af26d3d3b7168fe3fe24 153337 --> testing issues Upstream job id: Generic-Unit-Test-DPDK#336034 Test environment and result as below: +------------------------+---------------------------+--------------+----------------+------------------------------+ | Environment | cryptodev_sw_zuc_autotest | lpm_autotest | dpdk_unit_test | cryptodev_sw_snow3g_autotest | +========================+===========================+==============+================+==============================+ | Debian 12 (arm) | WARN | SKIPPED | WARN | WARN | +------------------------+---------------------------+--------------+----------------+------------------------------+ | Ubuntu 20.04 ARM SVE | SKIPPED | WARN | SKIPPED | SKIPPED | +------------------------+---------------------------+--------------+----------------+------------------------------+ | CentOS Stream 9 (ARM) | SKIPPED | SKIPPED | WARN | SKIPPED | +------------------------+---------------------------+--------------+----------------+------------------------------+ | CentOS Stream 10 (ARM) | SKIPPED | SKIPPED | WARN | SKIPPED | +------------------------+---------------------------+--------------+----------------+------------------------------+ | Fedora 40 (ARM Clang) | SKIPPED | SKIPPED | WARN | SKIPPED | +------------------------+---------------------------+--------------+----------------+------------------------------+ | Fedora 40 (ARM) | SKIPPED | SKIPPED | WARN | SKIPPED | +------------------------+---------------------------+--------------+----------------+------------------------------+ | Fedora 41 (ARM) | SKIPPED | SKIPPED | WARN | SKIPPED | +------------------------+---------------------------+--------------+----------------+------------------------------+ | Fedora 41 (ARM Clang) | SKIPPED | SKIPPED | WARN | SKIPPED | +------------------------+---------------------------+--------------+----------------+------------------------------+ | RHEL9 (ARM) | SKIPPED | SKIPPED | WARN | SKIPPED | +------------------------+---------------------------+--------------+----------------+------------------------------+ | Ubuntu 22.04 (ARM) | SKIPPED | SKIPPED | WARN | SKIPPED | +------------------------+---------------------------+--------------+----------------+------------------------------+ | Ubuntu 20.04 (ARM) | SKIPPED | SKIPPED | WARN | SKIPPED | +------------------------+---------------------------+--------------+----------------+------------------------------+ | Ubuntu 24.04 (ARM) | SKIPPED | SKIPPED | WARN | SKIPPED | +------------------------+---------------------------+--------------+----------------+------------------------------+ ==== 20 line log output for Ubuntu 24.04 (ARM) (dpdk_unit_test): ==== [590/3671] Linking static target drivers/libtmp_rte_common_cpt.a [591/3671] Generating symbol file lib/librte_graph.so.25.2.p/librte_graph.so.25.2.symbols [592/3671] Generating rte_common_cpt.pmd.c with a custom command FAILED: drivers/rte_common_cpt.pmd.c /usr/bin/python3 ../buildtools/gen-pmdinfo-cfile.py /home-local/jenkins-local/jenkins-agent/workspace/Generic-Unit-Test-DPDK/dpdk/build/buildtools ar drivers/rte_common_cpt.pmd.c.p /home-local/jenkins-local/jenkins-agent/workspace/Generic-Unit-Test-DPDK/dpdk/build/drivers/libtmp_rte_common_cpt.a drivers/rte_common_cpt.pmd.c /usr/bin/python3 ../buildtools/pmdinfogen.py elf Traceback (most recent call last): File "/home-local/jenkins-local/jenkins-agent/workspace/Generic-Unit-Test-DPDK/dpdk/build/../buildtools/gen-pmdinfo-cfile.py", line 16, in subprocess.run([ar, "x", os.path.abspath(archive), name], File "/usr/lib/python3.12/subprocess.py", line 548, in run with Popen(*popenargs, **kwargs) as process: ^^^^^^^^^^^^^^^^^^^^^^^^^^^ File "/usr/lib/python3.12/subprocess.py", line 1026, in __init__ self._execute_child(args, executable, preexec_fn, close_fds, File "/usr/lib/python3.12/subprocess.py", line 1955, in _execute_child raise child_exception_type(errno_num, err_msg, err_filename) FileNotFoundError: [Errno 2] No such file or directory: 'drivers/rte_common_cpt.pmd.c.p' [593/3671] Generating rte_common_cpt_map with a custom command [594/3671] Generating node.sym_chk with a custom command (wrapped by meson to capture output) [595/3671] Generating pipeline.sym_chk with a custom command (wrapped by meson to capture output) ninja: build stopped: subcommand failed. ==== End log output ==== Debian 12 (arm) Kernel: Depends on container host Compiler: gcc (Debian 12.2.0-14) 12.2.0 Ubuntu 20.04 ARM SVE Kernel: Depends on container host Compiler: gcc (Ubuntu 10.5.0-1ubuntu1~20.04) 10.5.0 CentOS Stream 9 (ARM) Kernel: Depends on container host Compiler: gcc 11.5.0 20240719 (Red Hat 11.5.0-2) CentOS Stream 10 (ARM) Kernel: Depends on container host Compiler: gcc 14.2.1 20241104 (Red Hat 14.2.1-6) Fedora 40 (ARM Clang) Kernel: Depends on container host Compiler: clang 18.1.8 (Fedora 18.1.8-1.fc40) Fedora 40 (ARM) Kernel: Depends on container host Compiler: gcc 14.2.1 20240912 (Red Hat 14.2.1-3) Fedora 41 (ARM) Kernel: Depends on container host Compiler: gcc 14.2.1 20240912 (Red Hat 14.2.1-3) Fedora 41 (ARM Clang) Kernel: Depends on container host Compiler: clang 19.1.5 (Fedora 19.1.5-1.fc41) RHEL9 (ARM) Kernel: Depends on container host Compiler: gcc 11.5.0 20240719 (Red Hat 11.5.0-2) Ubuntu 22.04 (ARM) Kernel: Depends on container host Compiler: gcc (Ubuntu 11.4.0-1ubuntu1~22.04) 11.4.0 Ubuntu 20.04 (ARM) Kernel: Depends on container host Compiler: gcc (Ubuntu 9.4.0-1ubuntu1~20.04.2) 9.4.0 Ubuntu 24.04 (ARM) Kernel: Depends on container host Compiler: gcc (Ubuntu 13.3.0-6ubuntu2~24.04) 13.3.0 To view detailed results, visit: https://lab.dpdk.org/results/dashboard/patchsets/33130/ UNH-IOL DPDK Community Lab To manage your email subscriptions, visit: https://lab.dpdk.org/results/dashboard/preferences/subscriptions/