From mboxrd@z Thu Jan 1 00:00:00 1970 Return-Path: Received: from mails.dpdk.org (mails.dpdk.org [217.70.189.124]) by inbox.dpdk.org (Postfix) with ESMTP id CA2C0466E3 for ; Wed, 7 May 2025 06:38:08 +0200 (CEST) Received: from mails.dpdk.org (localhost [127.0.0.1]) by mails.dpdk.org (Postfix) with ESMTP id C32704025D; Wed, 7 May 2025 06:38:08 +0200 (CEST) Received: from mail-il1-f226.google.com (mail-il1-f226.google.com [209.85.166.226]) by mails.dpdk.org (Postfix) with ESMTP id 39BC74025A for ; Wed, 7 May 2025 06:38:07 +0200 (CEST) Received: by mail-il1-f226.google.com with SMTP id e9e14a558f8ab-3d80bbf3aefso23203585ab.1 for ; Tue, 06 May 2025 21:38:07 -0700 (PDT) DKIM-Signature: v=1; a=rsa-sha256; c=relaxed/relaxed; d=iol.unh.edu; s=unh-iol; t=1746592686; x=1747197486; darn=dpdk.org; h=references:in-reply-to:cc:to:from:subject:message-id:date:from:to :cc:subject:date:message-id:reply-to; bh=bWu/AZaVF7oTL3J8g+pu7zIqOvwCiiUplM8QI19vU7U=; b=eUgci3XFwlVen2wPqqTVOFDu1KBDficyiSAqvBXeUIUj1fEy0ODhfMbcrQIB4PheF+ rghs0lfAWaGr14ZtkIx+mr9XCh9rq8r7V6DPJky9WCtmpS6CTFwbTuXALWcyOELSBi7T WxJMQ6SlPeB4jV6uWNok1gkCuFEQ9vl50E7Fo= X-Google-DKIM-Signature: v=1; a=rsa-sha256; c=relaxed/relaxed; d=1e100.net; s=20230601; t=1746592686; x=1747197486; h=references:in-reply-to:cc:to:from:subject:message-id:date :x-gm-message-state:from:to:cc:subject:date:message-id:reply-to; bh=bWu/AZaVF7oTL3J8g+pu7zIqOvwCiiUplM8QI19vU7U=; b=EEbSfP2NO/wij6qWDgOpABx3E2b71jMWN8d8U5V2l+5BKm+FmGYw8tAqpuYI9TL7rM 3giy5BCK62TQ6zBaTKd8Sn6y2FlkOqzjws9QWNBBTDvH2P+OfxcoSt6J4HyCfhn5vHZ2 BquajX8mfHcLDKSYeEzdtAnnNnfcFBKY+Nm7UJXfUqSnNNdVO5JKTzTc6iSCbo2iL2w/ XWBjJMpyySFFr4spWtsUXLVIpWkabCyTI9Pd1fA+1WxHkq2AByAduKJL3hlso1JP1Nsz GBd/HxC1oE0LFfTK7KxVrgJ7uOn3tVOrV5YaKhl+40XvgMqxF+ObF9+L4A2OAdVpCY5x KCvw== X-Gm-Message-State: AOJu0YzijeT3qBlZVclrAtp1qwgRRZOBEoDuv9aO6vvimlNRgFYq7fnc /DipiqtOiX9/eOXHVC+3PzjKk+Qal5UhMDW/ecj9Rh86Hpibgwt9qw+uZtrOCE8arDcSAEllbng AOjboRMR/5WGkDBhcIJBzdZu0CPDzw11DmHwh1s/fmfMvE5z/b48nH+z6 X-Gm-Gg: ASbGncu6hM1Sg+1xLCZYLKXj8YSIo/ib9h2xJbTfY/TRRx+H7UexFuiUQXAWWrjAUfv 6i1AZcTmC71h3l6CuTphwwoA+xu9fEkky/pZF7pUQTwB8H/dWoSEoC9e0U2HqMnnXdTubW7l2cV uKnn+aVImteNmVpVFEXMkr3x0/uFrSR00DIfQvK1ecNSC8QgWQ3sVPAfOgLVwLHwm0BloXPcPcz Pj3Kbz6hAmglP9N+9RCgmyEpcAlVRhFX5DsvedVwOT0HAGahhwLwxEIKlaLI8lCrk9oQLjJ2uyA hg7nZu8tSyYwF9Mv3FPPnJJDMBNMm47HvA80 X-Google-Smtp-Source: AGHT+IEyMWriI9MYniPWO1tZvw3851zntmeYpGEjBBqttlzbROR58f/CCAh2SVECHJLuc5LfPIfBfxuQ4Hcv X-Received: by 2002:a05:6e02:3808:b0:3d5:893a:93ea with SMTP id e9e14a558f8ab-3da739087e7mr16915745ab.13.1746592686564; Tue, 06 May 2025 21:38:06 -0700 (PDT) Received: from postal.iol.unh.edu (postal.iol.unh.edu. [2606:4100:3880:1234::84]) by smtp-relay.gmail.com with ESMTPS id 8926c6da1cb9f-4f88a942402sm2164230173.43.2025.05.06.21.38.06 (version=TLS1_2 cipher=ECDHE-ECDSA-AES128-GCM-SHA256 bits=128/128); Tue, 06 May 2025 21:38:06 -0700 (PDT) X-Relaying-Domain: iol.unh.edu Date: Tue, 06 May 2025 21:38:06 -0700 (PDT) Message-ID: <681ae3ae.050a0220.35d49a.e2ddSMTPIN_ADDED_MISSING@mx.google.com> Received: from [172.17.0.2] (unknown [172.18.0.74]) by postal.iol.unh.edu (Postfix) with ESMTP id 348726052471; Wed, 7 May 2025 00:38:06 -0400 (EDT) Subject: |WARNING| pw153337 [PATCH] [v2,1/1] buildtools: avoid break due to f From: dpdklab@iol.unh.edu To: Test Report Cc: dpdk-test-reports@iol.unh.edu In-Reply-To: <1746569662-11532-2-git-send-email-andremue@linux.microsoft.com> References: <1746569662-11532-2-git-send-email-andremue@linux.microsoft.com> Content-Type: text/plain X-BeenThere: test-report@dpdk.org X-Mailman-Version: 2.1.29 Precedence: list List-Id: automatic DPDK test reports List-Unsubscribe: , List-Archive: List-Post: List-Help: List-Subscribe: , Errors-To: test-report-bounces@dpdk.org Test-Label: iol-unit-arm64-testing Test-Status: WARNING http://dpdk.org/patch/153337 _Testing issues_ Submitter: Andre Muezerie Date: Tuesday, May 06 2025 22:14:22 DPDK git baseline: Repo:dpdk Branch: master CommitID:75f179ebe347b6098cf3af26d3d3b7168fe3fe24 153337 --> testing issues Upstream job id: Generic-Unit-Test-DPDK#336039 Test environment and result as below: +------------------------+---------------------------+--------------+----------------+------------------------------+ | Environment | cryptodev_sw_zuc_autotest | lpm_autotest | dpdk_unit_test | cryptodev_sw_snow3g_autotest | +========================+===========================+==============+================+==============================+ | Debian 12 (arm) | WARN | SKIPPED | WARN | WARN | +------------------------+---------------------------+--------------+----------------+------------------------------+ | Ubuntu 20.04 ARM SVE | SKIPPED | WARN | SKIPPED | SKIPPED | +------------------------+---------------------------+--------------+----------------+------------------------------+ | CentOS Stream 9 (ARM) | SKIPPED | SKIPPED | WARN | SKIPPED | +------------------------+---------------------------+--------------+----------------+------------------------------+ | CentOS Stream 10 (ARM) | SKIPPED | SKIPPED | WARN | SKIPPED | +------------------------+---------------------------+--------------+----------------+------------------------------+ | Fedora 40 (ARM Clang) | SKIPPED | SKIPPED | WARN | SKIPPED | +------------------------+---------------------------+--------------+----------------+------------------------------+ | Fedora 40 (ARM) | SKIPPED | SKIPPED | WARN | SKIPPED | +------------------------+---------------------------+--------------+----------------+------------------------------+ | Fedora 41 (ARM) | SKIPPED | SKIPPED | WARN | SKIPPED | +------------------------+---------------------------+--------------+----------------+------------------------------+ | Fedora 41 (ARM Clang) | SKIPPED | SKIPPED | WARN | SKIPPED | +------------------------+---------------------------+--------------+----------------+------------------------------+ | RHEL9 (ARM) | SKIPPED | SKIPPED | WARN | SKIPPED | +------------------------+---------------------------+--------------+----------------+------------------------------+ | Ubuntu 22.04 (ARM) | SKIPPED | SKIPPED | WARN | SKIPPED | +------------------------+---------------------------+--------------+----------------+------------------------------+ | Ubuntu 20.04 (ARM) | SKIPPED | SKIPPED | WARN | SKIPPED | +------------------------+---------------------------+--------------+----------------+------------------------------+ | Ubuntu 24.04 (ARM) | SKIPPED | SKIPPED | WARN | SKIPPED | +------------------------+---------------------------+--------------+----------------+------------------------------+ ==== 20 line log output for Ubuntu 24.04 (ARM) (dpdk_unit_test): ==== [590/3671] Linking static target drivers/libtmp_rte_common_cpt.a [591/3671] Generating symbol file lib/librte_graph.so.25.2.p/librte_graph.so.25.2.symbols [592/3671] Generating rte_common_cpt.pmd.c with a custom command FAILED: drivers/rte_common_cpt.pmd.c /usr/bin/python3 ../buildtools/gen-pmdinfo-cfile.py /home-local/jenkins-local/jenkins-agent/workspace/Generic-Unit-Test-DPDK/dpdk/build/buildtools ar drivers/rte_common_cpt.pmd.c.p /home-local/jenkins-local/jenkins-agent/workspace/Generic-Unit-Test-DPDK/dpdk/build/drivers/libtmp_rte_common_cpt.a drivers/rte_common_cpt.pmd.c /usr/bin/python3 ../buildtools/pmdinfogen.py elf Traceback (most recent call last): File "/home-local/jenkins-local/jenkins-agent/workspace/Generic-Unit-Test-DPDK/dpdk/build/../buildtools/gen-pmdinfo-cfile.py", line 16, in subprocess.run([ar, "x", os.path.abspath(archive), name], File "/usr/lib/python3.12/subprocess.py", line 548, in run with Popen(*popenargs, **kwargs) as process: ^^^^^^^^^^^^^^^^^^^^^^^^^^^ File "/usr/lib/python3.12/subprocess.py", line 1026, in __init__ self._execute_child(args, executable, preexec_fn, close_fds, File "/usr/lib/python3.12/subprocess.py", line 1955, in _execute_child raise child_exception_type(errno_num, err_msg, err_filename) FileNotFoundError: [Errno 2] No such file or directory: 'drivers/rte_common_cpt.pmd.c.p' [593/3671] Generating rte_common_cpt_map with a custom command [594/3671] Generating node.sym_chk with a custom command (wrapped by meson to capture output) [595/3671] Generating pipeline.sym_chk with a custom command (wrapped by meson to capture output) ninja: build stopped: subcommand failed. ==== End log output ==== Debian 12 (arm) Kernel: Depends on container host Compiler: gcc (Debian 12.2.0-14) 12.2.0 Ubuntu 20.04 ARM SVE Kernel: Depends on container host Compiler: gcc (Ubuntu 10.5.0-1ubuntu1~20.04) 10.5.0 CentOS Stream 9 (ARM) Kernel: Depends on container host Compiler: gcc 11.5.0 20240719 (Red Hat 11.5.0-2) CentOS Stream 10 (ARM) Kernel: Depends on container host Compiler: gcc 14.2.1 20241104 (Red Hat 14.2.1-6) Fedora 40 (ARM Clang) Kernel: Depends on container host Compiler: clang 18.1.8 (Fedora 18.1.8-1.fc40) Fedora 40 (ARM) Kernel: Depends on container host Compiler: gcc 14.2.1 20240912 (Red Hat 14.2.1-3) Fedora 41 (ARM) Kernel: Depends on container host Compiler: gcc 14.2.1 20240912 (Red Hat 14.2.1-3) Fedora 41 (ARM Clang) Kernel: Depends on container host Compiler: clang 19.1.5 (Fedora 19.1.5-1.fc41) RHEL9 (ARM) Kernel: Depends on container host Compiler: gcc 11.5.0 20240719 (Red Hat 11.5.0-2) Ubuntu 22.04 (ARM) Kernel: Depends on container host Compiler: gcc (Ubuntu 11.4.0-1ubuntu1~22.04) 11.4.0 Ubuntu 20.04 (ARM) Kernel: Depends on container host Compiler: gcc (Ubuntu 9.4.0-1ubuntu1~20.04.2) 9.4.0 Ubuntu 24.04 (ARM) Kernel: Depends on container host Compiler: gcc (Ubuntu 13.3.0-6ubuntu2~24.04) 13.3.0 To view detailed results, visit: https://lab.dpdk.org/results/dashboard/patchsets/33130/ UNH-IOL DPDK Community Lab To manage your email subscriptions, visit: https://lab.dpdk.org/results/dashboard/preferences/subscriptions/