From mboxrd@z Thu Jan 1 00:00:00 1970 Return-Path: Received: from mails.dpdk.org (mails.dpdk.org [217.70.189.124]) by inbox.dpdk.org (Postfix) with ESMTP id 016B8466E3 for ; Wed, 7 May 2025 06:58:26 +0200 (CEST) Received: from mails.dpdk.org (localhost [127.0.0.1]) by mails.dpdk.org (Postfix) with ESMTP id B7D6D4025D; Wed, 7 May 2025 06:58:26 +0200 (CEST) Received: from mail-pl1-f228.google.com (mail-pl1-f228.google.com [209.85.214.228]) by mails.dpdk.org (Postfix) with ESMTP id 777964025A for ; Wed, 7 May 2025 06:58:25 +0200 (CEST) Received: by mail-pl1-f228.google.com with SMTP id d9443c01a7336-2295d78b45cso84135295ad.0 for ; Tue, 06 May 2025 21:58:25 -0700 (PDT) DKIM-Signature: v=1; a=rsa-sha256; c=relaxed/relaxed; d=iol.unh.edu; s=unh-iol; t=1746593903; x=1747198703; darn=dpdk.org; h=references:in-reply-to:cc:to:from:subject:message-id:date:from:to :cc:subject:date:message-id:reply-to; bh=HKt5+B4OJVLY5um5uuTW8Fo2wruCKqQkVLddVLjz3aU=; b=IzBmEzwtIfNKOrK/XRK7e1XtnhPWhitTJwsl/MV0CvZnXmEY9egeItfhsv8BKXmT2Y 7acNreAJTd595U40q8bc6/kPbRQ8VW2wt7un1K0nk35+hNLCPEImWaR7IBlwr9wbbHsX rzTek6+F0zGsSvZqg44RwxSeDDD30K4TL7s/Y= X-Google-DKIM-Signature: v=1; a=rsa-sha256; c=relaxed/relaxed; d=1e100.net; s=20230601; t=1746593903; x=1747198703; h=references:in-reply-to:cc:to:from:subject:message-id:date :x-gm-message-state:from:to:cc:subject:date:message-id:reply-to; bh=HKt5+B4OJVLY5um5uuTW8Fo2wruCKqQkVLddVLjz3aU=; b=otEDwMFHHzFzoVdjn4fJNT3V7/zN1sFAYFBRtqwN82v0TTSnSMI7uDPUMbm708nKhF pH3PyhxC8HNG6FEqswGxsJJaXIlw1/mB2rjtusSuAvrzvvBAdhpZCa8Z7o3uM2DNt2p2 AyvJoTkuQdO9WbJTDZfIOkfrxeuu+4/NV6QOWjHGppVebB3WYGX/Nqwee3P9kIUK9onD fSZgw9MxnVDko35aXgGcgozagXtTHGQM6BHUYp2UIHSb4MLTKU2ZsA2Pzmt1b6hNyGbw 9mA3gg7ZmoqOzy5HrHYzR0FR011X9iVpXrqMbpdj7KuZ6Tig0knLvByr9jJ0FztKTpXs Tg5g== X-Gm-Message-State: AOJu0YzFwPgRiwYENTxsh8LnjdKXfVy0KreZnu3PbbxzpEKirEblxBo4 pMiCPkzQunNjS+LANhuZvvlf/Fpg9LU8Wzo2bS5v73Rd/sWQ1cEojlLeLTkQBwKTWsmexLk0z8A XUR5PehE0pqQ+6k5f4/NwCgOwgvfBlA/0zikY+Azb X-Gm-Gg: ASbGnctBYbZRUX/deBZDV3h8bPL/yFi5M2KPIQRVfAN21yYsrSRtuMJcBeUCJ0q0iDY CD1zDhs7YDDrpvhUo9At0P9bHhmPZzSalR80KJPg95rqbHlYjIj8sUOOTWypx2VqXAJe9vfE6Al vQmiixWCEAyeWisWRiQtGzxO1oCoKnRNWMg5K+IbJlNLKT66KuGg0f72E8wlPRp0hSUheWH4mKO QTb2YXp54PpJEy+rrmbD4KyTzC9jqO4Qa0CglY/F5axTjA3mfVCbzSw9ZM2GqD5vqoL8Z551LYk 7sLHNhPsktnFXBoqnRcmE5YewLcW6u6xJ1Jmn28uph0m7Hbq9IGMOwtcx8s= X-Google-Smtp-Source: AGHT+IFhNuUiSx4derxR2JkJNkjXDDtaqMBGCXzZLrZXcRTBC5XJ8YjC52AoXWk9lRYQ20dRp7qcwgAVKNIz X-Received: by 2002:a17:902:f381:b0:22e:663f:c4b with SMTP id d9443c01a7336-22e663f0fcamr7675735ad.26.1746593903171; Tue, 06 May 2025 21:58:23 -0700 (PDT) Received: from postal.iol.unh.edu (postal.iol.unh.edu. [132.177.123.84]) by smtp-relay.gmail.com with ESMTPS id d9443c01a7336-22e151e97b6sm18389195ad.34.2025.05.06.21.58.23 (version=TLS1_2 cipher=ECDHE-ECDSA-AES128-GCM-SHA256 bits=128/128); Tue, 06 May 2025 21:58:23 -0700 (PDT) X-Relaying-Domain: iol.unh.edu Date: Tue, 06 May 2025 21:58:23 -0700 (PDT) Message-ID: <681ae86f.170a0220.2feb39.9938SMTPIN_ADDED_MISSING@mx.google.com> Received: from [172.17.0.2] (unknown [172.18.0.74]) by postal.iol.unh.edu (Postfix) with ESMTP id 603106052471; Wed, 7 May 2025 00:58:22 -0400 (EDT) Subject: |FAILURE| pw153337 [PATCH] [v2,1/1] buildtools: avoid break due to f From: dpdklab@iol.unh.edu To: Test Report Cc: dpdk-test-reports@iol.unh.edu, Andre Muezerie In-Reply-To: <1746569662-11532-2-git-send-email-andremue@linux.microsoft.com> References: <1746569662-11532-2-git-send-email-andremue@linux.microsoft.com> Content-Type: text/plain X-BeenThere: test-report@dpdk.org X-Mailman-Version: 2.1.29 Precedence: list List-Id: automatic DPDK test reports List-Unsubscribe: , List-Archive: List-Post: List-Help: List-Subscribe: , Errors-To: test-report-bounces@dpdk.org Test-Label: iol-compile-amd64-testing Test-Status: FAILURE http://dpdk.org/patch/153337 _Testing issues_ Submitter: Andre Muezerie Date: Tuesday, May 06 2025 22:14:22 DPDK git baseline: Repo:dpdk Branch: master CommitID:75f179ebe347b6098cf3af26d3d3b7168fe3fe24 153337 --> testing issues Upstream job id: Windows-Compile-DPDK-VS#5655 Test environment and result as below: +-----------------------------------+--------------------+-------------------+------------------+-------------------+ | Environment | dpdk_meson_compile | dpdk_compile_spdk | dpdk_compile_ovs | dpdk_msvc_compile | +===================================+====================+===================+==================+===================+ | CentOS Stream 9 | FAIL | WARN | SKIPPED | SKIPPED | +-----------------------------------+--------------------+-------------------+------------------+-------------------+ | Debian 12 | FAIL | WARN | SKIPPED | SKIPPED | +-----------------------------------+--------------------+-------------------+------------------+-------------------+ | CentOS Stream 10 | FAIL | SKIPPED | SKIPPED | SKIPPED | +-----------------------------------+--------------------+-------------------+------------------+-------------------+ | Fedora 41 (Clang) | FAIL | WARN | WARN | SKIPPED | +-----------------------------------+--------------------+-------------------+------------------+-------------------+ | Fedora 40 (Clang) | FAIL | WARN | SKIPPED | SKIPPED | +-----------------------------------+--------------------+-------------------+------------------+-------------------+ | Fedora 41 | FAIL | WARN | WARN | SKIPPED | +-----------------------------------+--------------------+-------------------+------------------+-------------------+ | Fedora 40 | FAIL | WARN | SKIPPED | SKIPPED | +-----------------------------------+--------------------+-------------------+------------------+-------------------+ | RHEL9 | FAIL | SKIPPED | SKIPPED | SKIPPED | +-----------------------------------+--------------------+-------------------+------------------+-------------------+ | RHEL8 | FAIL | SKIPPED | SKIPPED | SKIPPED | +-----------------------------------+--------------------+-------------------+------------------+-------------------+ | openSUSE Leap 15 | FAIL | SKIPPED | SKIPPED | SKIPPED | +-----------------------------------+--------------------+-------------------+------------------+-------------------+ | Ubuntu 20.04 | FAIL | SKIPPED | SKIPPED | SKIPPED | +-----------------------------------+--------------------+-------------------+------------------+-------------------+ | Ubuntu 22.04 | FAIL | WARN | SKIPPED | SKIPPED | +-----------------------------------+--------------------+-------------------+------------------+-------------------+ | Ubuntu 24.04 | FAIL | WARN | WARN | SKIPPED | +-----------------------------------+--------------------+-------------------+------------------+-------------------+ | Alpine | FAIL | SKIPPED | SKIPPED | SKIPPED | +-----------------------------------+--------------------+-------------------+------------------+-------------------+ | Ubuntu 24.04 32 Bit Cross Compile | FAIL | SKIPPED | SKIPPED | SKIPPED | +-----------------------------------+--------------------+-------------------+------------------+-------------------+ | FreeBSD 13.5 | PASS | SKIPPED | SKIPPED | SKIPPED | +-----------------------------------+--------------------+-------------------+------------------+-------------------+ | FreeBSD 14.2 | FAIL | SKIPPED | SKIPPED | SKIPPED | +-----------------------------------+--------------------+-------------------+------------------+-------------------+ | Windows Server 2022 | SKIPPED | SKIPPED | SKIPPED | PASS | +-----------------------------------+--------------------+-------------------+------------------+-------------------+ ==== 20 line log output for FreeBSD 14.2 (dpdk_meson_compile): ==== [570/2096] Generating rte_common_cpt.pmd.c with a custom command FAILED: drivers/rte_common_cpt.pmd.c /usr/local/bin/python3 ../buildtools/gen-pmdinfo-cfile.py /home/jenkins/jenkins-agent/workspace/Generic-VM-DPDK-Compile-Meson/dpdk/build/buildtools llvm-ar drivers/rte_common_cpt.pmd.c.p /home/jenkins/jenkins-agent/workspace/Generic-VM-DPDK-Compile-Meson/dpdk/build/drivers/libtmp_rte_common_cpt.a drivers/rte_common_cpt.pmd.c /usr/local/bin/python3 ../buildtools/pmdinfogen.py elf Traceback (most recent call last): File "/home/jenkins/jenkins-agent/workspace/Generic-VM-DPDK-Compile-Meson/dpdk/build/../buildtools/gen-pmdinfo-cfile.py", line 16, in subprocess.run([ar, "x", os.path.abspath(archive), name], File "/usr/local/lib/python3.11/subprocess.py", line 548, in run with Popen(*popenargs, **kwargs) as process: ^^^^^^^^^^^^^^^^^^^^^^^^^^^ File "/usr/local/lib/python3.11/subprocess.py", line 1026, in __init__ self._execute_child(args, executable, preexec_fn, close_fds, File "/usr/local/lib/python3.11/subprocess.py", line 1955, in _execute_child raise child_exception_type(errno_num, err_msg, err_filename) FileNotFoundError: [Errno 2] No such file or directory: 'drivers/rte_common_cpt.pmd.c.p' [571/2096] Linking static target lib/librte_node.a [572/2096] Generating rte_bus_auxiliary_map with a custom command [573/2096] Compiling C object drivers/libtmp_rte_common_ionic.a.p/common_ionic_ionic_common_uio.c.o [574/2096] Compiling C object drivers/libtmp_rte_bus_auxiliary.a.p/bus_auxiliary_auxiliary_common.c.o [575/2096] Compiling C object lib/librte_pipeline.a.p/pipeline_rte_table_action.c.o ninja: build stopped: subcommand failed. ==== End log output ==== CentOS Stream 9 Kernel: Depends on container host Compiler: gcc 11.5.0 20240719 (Red Hat 11.5.0-2) Debian 12 Kernel: Depends on container host Compiler: gcc (Debian 12.2.0-14) 12.2.0 CentOS Stream 10 Kernel: Depends on container host Compiler: gcc 14.2.1 20241104 (Red Hat 14.2.1-6) Fedora 41 (Clang) Kernel: Depends on container host Compiler: clang 19.1.5 (Fedora 19.1.5-1.fc41) Fedora 40 (Clang) Kernel: Depends on container host Compiler: clang 18.1.8 (Fedora 18.1.8-1.fc40) Fedora 41 Kernel: Depends on container host Compiler: gcc 14.2.1 20240912 (Red Hat 14.2.1-3) Fedora 40 Kernel: Depends on container host Compiler: gcc 14.2.1 20240912 (Red Hat 14.2.1-3) RHEL9 Kernel: Depends on container host Compiler: gcc 11.5.0 20240719 (Red Hat 11.5.0-2) RHEL8 Kernel: Depends on container host Compiler: gcc 8.5.0 20210514 (Red Hat 8.5.0-22) openSUSE Leap 15 Kernel: Depends on container host Compiler: gcc (SUSE Linux) 7.5.0 Ubuntu 20.04 Kernel: Depends on container host Compiler: gcc (Ubuntu 9.4.0-1ubuntu1~20.04.2) 9.4.0 Ubuntu 22.04 Kernel: Depends on container host Compiler: gcc (Ubuntu 11.4.0-1ubuntu1~22.04) 11.4.0 Ubuntu 24.04 Kernel: Depends on container host Compiler: gcc (Ubuntu 13.3.0-6ubuntu2~24.04) 13.3.0 Alpine Kernel: Depends on container host Compiler: gcc (Alpine 14.2.0) 14.2.0 Ubuntu 24.04 32 Bit Cross Compile Kernel: Depends on container host Compiler: gcc (Ubuntu 13.3.0-6ubuntu2~24.04) 13.3.0 FreeBSD 13.5 Kernel: 13.5-RELEASE Compiler: clang 19.1.7 FreeBSD 14.2 Kernel: 14.2-RELEASE Compiler: clang 18.1.6 Windows Server 2022 Kernel: 10.0.20348.2031 Compiler: clang 15.0.7, gcc 14.1.0 (MinGW), and MSVC VS 19.39.33521 To view detailed results, visit: https://lab.dpdk.org/results/dashboard/patchsets/33130/ UNH-IOL DPDK Community Lab To manage your email subscriptions, visit: https://lab.dpdk.org/results/dashboard/preferences/subscriptions/