From mboxrd@z Thu Jan 1 00:00:00 1970 Return-Path: Received: from mails.dpdk.org (mails.dpdk.org [217.70.189.124]) by inbox.dpdk.org (Postfix) with ESMTP id 28689466E3 for ; Wed, 7 May 2025 07:30:00 +0200 (CEST) Received: from mails.dpdk.org (localhost [127.0.0.1]) by mails.dpdk.org (Postfix) with ESMTP id 0C0284025D; Wed, 7 May 2025 07:30:00 +0200 (CEST) Received: from mail-pl1-f228.google.com (mail-pl1-f228.google.com [209.85.214.228]) by mails.dpdk.org (Postfix) with ESMTP id 432104025A for ; Wed, 7 May 2025 07:29:59 +0200 (CEST) Received: by mail-pl1-f228.google.com with SMTP id d9443c01a7336-22928d629faso60381435ad.3 for ; Tue, 06 May 2025 22:29:59 -0700 (PDT) DKIM-Signature: v=1; a=rsa-sha256; c=relaxed/relaxed; d=iol.unh.edu; s=unh-iol; t=1746595798; x=1747200598; darn=dpdk.org; h=references:in-reply-to:cc:to:from:subject:message-id:date:from:to :cc:subject:date:message-id:reply-to; bh=OZXyOUOZmu4fM4rd2HKWL2enmEepZ50qvHTGEv6qRFc=; b=LjZPfT9RuADaFb37N1qMQ/AbiGWTTRM/BAaZG9UsL2xvyUDZ0r9qgMm7yXxia63ARR 718eRZMzCvma+SyZLdEw3GoNp1YWmZ1tdhWDzMMxZLgeY1l0zgMVMUQ/ZTxSuIgyW3nB 4Q/2Fd1Q9/DCgaded6suQb6j9/R1yaqG1dT/Q= X-Google-DKIM-Signature: v=1; a=rsa-sha256; c=relaxed/relaxed; d=1e100.net; s=20230601; t=1746595798; x=1747200598; h=references:in-reply-to:cc:to:from:subject:message-id:date :x-gm-message-state:from:to:cc:subject:date:message-id:reply-to; bh=OZXyOUOZmu4fM4rd2HKWL2enmEepZ50qvHTGEv6qRFc=; b=BHTb0lHabXFKrILEG3FLJgz1NplGBKpO4qNCp86+VbCvN3mSW6Erm5LgXeXKG4BZvq 0asOB50WFijGcv7XM7Gv731dJ7f+u99lOYoXeC5TTGlDccQyhDky36cbmGKmOUkqw76I d+UuOZ0fAqCR6bN0yo5fkN9+SG6i8YZa7upf4csaxb1XITJldSfnDKDQ9wjIZsiCV/xt C+bJCzwdF3HZ+R2xNC1WYR4PzIaoUYYM/vApSiaMUTYdkkq8v/HIz8XsIAq0O19HX6eK 8W0L7FYz2EwKbzQ2eLPgXnIZ1Cpkcye3hEEd1s9uCvi5ZXdS09zXXVW4lEK6tJH7abQ9 Lz8Q== X-Gm-Message-State: AOJu0YxUnfc5UAUuqvXiIxs63qNKlWeaapIR3EYr1/+JbxTPF4/8hBeh 8MBJp6B5BADz4MX/ssZJjXbxCIuanYJzJbZ+i4UVOJB2/MLkZbj0k3Zud+7LZEpQWZrDKyRw5p5 JzxdcN6KMdbWmfpjNyMveAfW9AAYsvkX3EPQS6K+O X-Gm-Gg: ASbGncuSWNKmEf9ZLAKmoRdLxYnteX1Y7LUlyXzkRSDuOUVg5iv13gBDkx2S34vltUD C7i57AUWg3UaMpvOG5dPQs1DZMsio+vn/paHxGhfEZyuKaQWNOR8efvek5rjCdF/e9pBFu4jUPI SnT9HUb4D7fFhRj96ERw1R4wJ3jfb4qTZ2dhDxUtblr3vXlc+apTEIWi4jUV5d7vdz7pRGupF0N XwUpqhIMZ+KG36epo8T8pO/WY/I3PN4d4CzTlXegtZvArNOMhLWCwtaysl85+6dtNz7aj2uyvR0 hLpSYb+OKr2WYyaKU8Idg1QOgpBNfrTJiq6JjtaKp2L/ZyeynMtHet4J0Gw= X-Google-Smtp-Source: AGHT+IH85OrnzXOi/XX71xNm+KUniyPsPs0hH42PeDf8rCe92oKtV9ElXSzYuIbVCwNtmOs8qYoEh0Ar69KL X-Received: by 2002:a17:902:cf01:b0:220:e63c:5b13 with SMTP id d9443c01a7336-22e5ede8d81mr29824905ad.46.1746595798293; Tue, 06 May 2025 22:29:58 -0700 (PDT) Received: from postal.iol.unh.edu (postal.iol.unh.edu. [132.177.123.84]) by smtp-relay.gmail.com with ESMTPS id d9443c01a7336-22e1523349asm17872785ad.108.2025.05.06.22.29.58 (version=TLS1_2 cipher=ECDHE-ECDSA-AES128-GCM-SHA256 bits=128/128); Tue, 06 May 2025 22:29:58 -0700 (PDT) X-Relaying-Domain: iol.unh.edu Date: Tue, 06 May 2025 22:29:58 -0700 (PDT) Message-ID: <681aefd6.170a0220.3c8057.7878SMTPIN_ADDED_MISSING@mx.google.com> Received: from [172.17.0.2] (unknown [172.18.0.76]) by postal.iol.unh.edu (Postfix) with ESMTP id 707516052471; Wed, 7 May 2025 01:29:57 -0400 (EDT) Subject: |FAILURE| pw153337 [PATCH] [v2,1/1] buildtools: avoid break due to f From: dpdklab@iol.unh.edu To: Test Report Cc: dpdk-test-reports@iol.unh.edu, Andre Muezerie In-Reply-To: <1746569662-11532-2-git-send-email-andremue@linux.microsoft.com> References: <1746569662-11532-2-git-send-email-andremue@linux.microsoft.com> Content-Type: text/plain X-BeenThere: test-report@dpdk.org X-Mailman-Version: 2.1.29 Precedence: list List-Id: automatic DPDK test reports List-Unsubscribe: , List-Archive: List-Post: List-Help: List-Subscribe: , Errors-To: test-report-bounces@dpdk.org Test-Label: iol-compile-amd64-testing Test-Status: FAILURE http://dpdk.org/patch/153337 _Testing issues_ Submitter: Andre Muezerie Date: Tuesday, May 06 2025 22:14:22 DPDK git baseline: Repo:dpdk Branch: master CommitID:75f179ebe347b6098cf3af26d3d3b7168fe3fe24 153337 --> testing issues Upstream job id: Generic-DPDK-Compile-Meson#385877 Test environment and result as below: +-----------------------------------+--------------------+-------------------+------------------+ | Environment | dpdk_meson_compile | dpdk_compile_spdk | dpdk_compile_ovs | +===================================+====================+===================+==================+ | CentOS Stream 9 | FAIL | WARN | SKIPPED | +-----------------------------------+--------------------+-------------------+------------------+ | CentOS Stream 10 | FAIL | SKIPPED | SKIPPED | +-----------------------------------+--------------------+-------------------+------------------+ | Debian 12 | FAIL | WARN | SKIPPED | +-----------------------------------+--------------------+-------------------+------------------+ | Fedora 40 | FAIL | WARN | SKIPPED | +-----------------------------------+--------------------+-------------------+------------------+ | Fedora 41 | FAIL | WARN | WARN | +-----------------------------------+--------------------+-------------------+------------------+ | Fedora 41 (Clang) | FAIL | WARN | WARN | +-----------------------------------+--------------------+-------------------+------------------+ | Fedora 40 (Clang) | FAIL | WARN | SKIPPED | +-----------------------------------+--------------------+-------------------+------------------+ | openSUSE Leap 15 | FAIL | SKIPPED | SKIPPED | +-----------------------------------+--------------------+-------------------+------------------+ | RHEL8 | FAIL | SKIPPED | SKIPPED | +-----------------------------------+--------------------+-------------------+------------------+ | RHEL9 | FAIL | SKIPPED | SKIPPED | +-----------------------------------+--------------------+-------------------+------------------+ | Ubuntu 20.04 | FAIL | SKIPPED | SKIPPED | +-----------------------------------+--------------------+-------------------+------------------+ | Ubuntu 22.04 | FAIL | WARN | SKIPPED | +-----------------------------------+--------------------+-------------------+------------------+ | Ubuntu 24.04 | FAIL | WARN | WARN | +-----------------------------------+--------------------+-------------------+------------------+ | Ubuntu 24.04 32 Bit Cross Compile | PEND | SKIPPED | SKIPPED | +-----------------------------------+--------------------+-------------------+------------------+ | Alpine | FAIL | SKIPPED | SKIPPED | +-----------------------------------+--------------------+-------------------+------------------+ | FreeBSD 13.5 | PASS | SKIPPED | SKIPPED | +-----------------------------------+--------------------+-------------------+------------------+ ==== 20 line log output for Alpine (dpdk_meson_compile): ==== [305/3337] Compiling C object app/dpdk-graph.p/graph_cli.c.o [306/3337] Compiling C object app/dpdk-dumpcap.p/dumpcap_main.c.o [307/3337] Generating rte_power_kvm_vm_map with a custom command [308/3337] Compiling C object drivers/libtmp_rte_power_kvm_vm.a.p/power_kvm_vm_kvm_vm.c.o [309/3337] Compiling C object drivers/libtmp_rte_power_kvm_vm.a.p/power_kvm_vm_guest_channel.c.o [310/3337] Linking static target drivers/libtmp_rte_power_kvm_vm.a [311/3337] Generating rte_power_kvm_vm.pmd.c with a custom command ninja: job failed: /usr/bin/python3 ../buildtools/gen-pmdinfo-cfile.py /root/workspace/Generic-DPDK-Compile-Meson/dpdk/build/buildtools ar drivers/rte_power_kvm_vm.pmd.c.p /root/workspace/Generic-DPDK-Compile-Meson/dpdk/build/drivers/libtmp_rte_power_kvm_vm.a drivers/rte_power_kvm_vm.pmd.c /usr/bin/python3 ../buildtools/pmdinfogen.py elf Traceback (most recent call last): File "/root/workspace/Generic-DPDK-Compile-Meson/dpdk/build/../buildtools/gen-pmdinfo-cfile.py", line 16, in subprocess.run([ar, "x", os.path.abspath(archive), name], File "/usr/lib/python3.12/subprocess.py", line 548, in run with Popen(*popenargs, **kwargs) as process: ^^^^^^^^^^^^^^^^^^^^^^^^^^^ File "/usr/lib/python3.12/subprocess.py", line 1026, in __init__ self._execute_child(args, executable, preexec_fn, close_fds, File "/usr/lib/python3.12/subprocess.py", line 1955, in _execute_child raise child_exception_type(errno_num, err_msg, err_filename) FileNotFoundError: [Errno 2] No such file or directory: 'drivers/rte_power_kvm_vm.pmd.c.p' ninja: subcommand failed ==== End log output ==== CentOS Stream 9 Kernel: Depends on container host Compiler: gcc 11.5.0 20240719 (Red Hat 11.5.0-2) CentOS Stream 10 Kernel: Depends on container host Compiler: gcc 14.2.1 20241104 (Red Hat 14.2.1-6) Debian 12 Kernel: Depends on container host Compiler: gcc (Debian 12.2.0-14) 12.2.0 Fedora 40 Kernel: Depends on container host Compiler: gcc 14.2.1 20240912 (Red Hat 14.2.1-3) Fedora 41 Kernel: Depends on container host Compiler: gcc 14.2.1 20240912 (Red Hat 14.2.1-3) Fedora 41 (Clang) Kernel: Depends on container host Compiler: clang 19.1.5 (Fedora 19.1.5-1.fc41) Fedora 40 (Clang) Kernel: Depends on container host Compiler: clang 18.1.8 (Fedora 18.1.8-1.fc40) openSUSE Leap 15 Kernel: Depends on container host Compiler: gcc (SUSE Linux) 7.5.0 RHEL8 Kernel: Depends on container host Compiler: gcc 8.5.0 20210514 (Red Hat 8.5.0-22) RHEL9 Kernel: Depends on container host Compiler: gcc 11.5.0 20240719 (Red Hat 11.5.0-2) Ubuntu 20.04 Kernel: Depends on container host Compiler: gcc (Ubuntu 9.4.0-1ubuntu1~20.04.2) 9.4.0 Ubuntu 22.04 Kernel: Depends on container host Compiler: gcc (Ubuntu 11.4.0-1ubuntu1~22.04) 11.4.0 Ubuntu 24.04 Kernel: Depends on container host Compiler: gcc (Ubuntu 13.3.0-6ubuntu2~24.04) 13.3.0 Ubuntu 24.04 32 Bit Cross Compile Kernel: Depends on container host Compiler: gcc (Ubuntu 13.3.0-6ubuntu2~24.04) 13.3.0 Alpine Kernel: Depends on container host Compiler: gcc (Alpine 14.2.0) 14.2.0 FreeBSD 13.5 Kernel: 13.5-RELEASE Compiler: clang 19.1.7 To view detailed results, visit: https://lab.dpdk.org/results/dashboard/patchsets/33130/ UNH-IOL DPDK Community Lab To manage your email subscriptions, visit: https://lab.dpdk.org/results/dashboard/preferences/subscriptions/