From mboxrd@z Thu Jan 1 00:00:00 1970 Return-Path: Received: from mails.dpdk.org (mails.dpdk.org [217.70.189.124]) by inbox.dpdk.org (Postfix) with ESMTP id E7B6C466E3 for ; Wed, 7 May 2025 07:33:17 +0200 (CEST) Received: from mails.dpdk.org (localhost [127.0.0.1]) by mails.dpdk.org (Postfix) with ESMTP id C7F464025D; Wed, 7 May 2025 07:33:17 +0200 (CEST) Received: from mail-io1-f97.google.com (mail-io1-f97.google.com [209.85.166.97]) by mails.dpdk.org (Postfix) with ESMTP id 6B5BC4025A for ; Wed, 7 May 2025 07:33:16 +0200 (CEST) Received: by mail-io1-f97.google.com with SMTP id ca18e2360f4ac-86135ad7b4cso260919839f.1 for ; Tue, 06 May 2025 22:33:16 -0700 (PDT) DKIM-Signature: v=1; a=rsa-sha256; c=relaxed/relaxed; d=iol.unh.edu; s=unh-iol; t=1746595996; x=1747200796; darn=dpdk.org; h=references:in-reply-to:cc:to:from:subject:message-id:date:from:to :cc:subject:date:message-id:reply-to; bh=qTFocz8zpJf2NIPUnYAAVIONCjHSpcZVRxfFGxKPIxM=; b=P5kif5X+Jj1SV3HjVmyM9dsAWcDaTkRbn7LCqn/beaM866ygFKRQBT1ibgsBG2Zuaz XM/q9mTOzj9Spog9KqMsNCT747L0BSwBk6XQG8ckJ416KnuJHL1FFF7GGgtJr+LKzCpv iA7A3i+KT111QsOnTRQIeQ4GfOmpx/8hkovFg= X-Google-DKIM-Signature: v=1; a=rsa-sha256; c=relaxed/relaxed; d=1e100.net; s=20230601; t=1746595996; x=1747200796; h=references:in-reply-to:cc:to:from:subject:message-id:date :x-gm-message-state:from:to:cc:subject:date:message-id:reply-to; bh=qTFocz8zpJf2NIPUnYAAVIONCjHSpcZVRxfFGxKPIxM=; b=IZUTOWe8+oxQ8L5Nx8mU85oBYHIl/1UB2/Wff7sKfBbzDmVIDKUugULYzH9rc6fX1U xI1wL3IZelyoW4P0Ys7f+ww5ZvFPNZIuWCSUgGP/wAqGU8MVLe5CRiMdtcj60qVvcrat tc7UFa7byE7U108nxpTZ46M8FBmaRBi7awq/UXSLZWQkYfcAozrf8SRd6cluPxfGgS3A u9Y4Yke40NHsrR57NE3tsbUt53SVC5aMMRDizXDRP/PJU1sM3kb1QsIGFXEm5RfzKaF5 gEeAsXy/9+8RpNQW3mscr1cnkgBa93gmpvp4wS4UjKQOYZCn0nDgoMyJHK0CJncv/6xa Pntw== X-Gm-Message-State: AOJu0YysrSUTdL9XdAAe8NeBDTK9HK53/rDJZoD9g7ksSuNl+lDhLkP7 m0dL6bmfazg2G4Qbq5vl9b7ddF6D5a6ADsM9BQxg54Oeh36nChOLnJiJMnc3Xv5PtE/2Ild3co7 4i7Zdas2wwHW5CNKCiuEmLFjFPY9vedV7vpnYsfKEb2pXBU3faJLE3XEY X-Gm-Gg: ASbGncvXwPsoMCGfFGVlmUqzmn1AVEiluxw5zcO3YrX8e9BoiNTtkI56BPnDaZ7zgsV dk5yDdHSG0yg3I2bMGFpDNoIr+54GR/A0cvFTYRzigA3TIsS58Z1u8QL6Cm/IR6MRij1uw+q345 BH7Rg131D6eE4KkzU0QlmeiJFE6F3IxmIzQGJGKQjUqVOlF8zh0Gv+pab0QlmN5ZY+SK7VUp5Ah UDYCTz4syQgCBEFKsnZQ24modkEYpLqSiT3DVSkMsqwpNc9pmHZAsn4LBj5xEBFsPnPRgkztzz+ 6asBus4Zhovd2iO2EUjXhvFl1b2189oU7zqS X-Google-Smtp-Source: AGHT+IHJcjcndtoMij8jSAvlT4o0ExV+k/rCV95XP8dCUuW1oRWW8y2if+IfMFrm8vus3JsyXq5sB3ZQL/AK X-Received: by 2002:a05:6602:1690:b0:861:c744:5a4a with SMTP id ca18e2360f4ac-867472514a8mr249152539f.5.1746595995694; Tue, 06 May 2025 22:33:15 -0700 (PDT) Received: from postal.iol.unh.edu (postal.iol.unh.edu. [2606:4100:3880:1234::84]) by smtp-relay.gmail.com with ESMTPS id ca18e2360f4ac-864aa44a8d5sm221129539f.23.2025.05.06.22.33.15 (version=TLS1_2 cipher=ECDHE-ECDSA-AES128-GCM-SHA256 bits=128/128); Tue, 06 May 2025 22:33:15 -0700 (PDT) X-Relaying-Domain: iol.unh.edu Date: Tue, 06 May 2025 22:33:15 -0700 (PDT) Message-ID: <681af09b.050a0220.1005ac.c5f1SMTPIN_ADDED_MISSING@mx.google.com> Received: from [172.17.0.2] (unknown [172.18.0.76]) by postal.iol.unh.edu (Postfix) with ESMTP id 210946052471; Wed, 7 May 2025 01:33:15 -0400 (EDT) Subject: |FAILURE| pw153337 [PATCH] [v2,1/1] buildtools: avoid break due to f From: dpdklab@iol.unh.edu To: Test Report Cc: dpdk-test-reports@iol.unh.edu, Andre Muezerie In-Reply-To: <1746569662-11532-2-git-send-email-andremue@linux.microsoft.com> References: <1746569662-11532-2-git-send-email-andremue@linux.microsoft.com> Content-Type: text/plain X-BeenThere: test-report@dpdk.org X-Mailman-Version: 2.1.29 Precedence: list List-Id: automatic DPDK test reports List-Unsubscribe: , List-Archive: List-Post: List-Help: List-Subscribe: , Errors-To: test-report-bounces@dpdk.org Test-Label: iol-compile-amd64-testing Test-Status: FAILURE http://dpdk.org/patch/153337 _Testing issues_ Submitter: Andre Muezerie Date: Tuesday, May 06 2025 22:14:22 DPDK git baseline: Repo:dpdk Branch: master CommitID:75f179ebe347b6098cf3af26d3d3b7168fe3fe24 153337 --> testing issues Upstream job id: Generic-DPDK-Compile-Meson#385879 Test environment and result as below: +-----------------------------------+--------------------+-------------------+------------------+ | Environment | dpdk_meson_compile | dpdk_compile_spdk | dpdk_compile_ovs | +===================================+====================+===================+==================+ | CentOS Stream 9 | FAIL | WARN | SKIPPED | +-----------------------------------+--------------------+-------------------+------------------+ | CentOS Stream 10 | FAIL | SKIPPED | SKIPPED | +-----------------------------------+--------------------+-------------------+------------------+ | Debian 12 | FAIL | WARN | SKIPPED | +-----------------------------------+--------------------+-------------------+------------------+ | Fedora 40 | FAIL | WARN | SKIPPED | +-----------------------------------+--------------------+-------------------+------------------+ | Fedora 41 | FAIL | WARN | WARN | +-----------------------------------+--------------------+-------------------+------------------+ | Fedora 41 (Clang) | FAIL | WARN | WARN | +-----------------------------------+--------------------+-------------------+------------------+ | Fedora 40 (Clang) | FAIL | WARN | SKIPPED | +-----------------------------------+--------------------+-------------------+------------------+ | openSUSE Leap 15 | FAIL | SKIPPED | SKIPPED | +-----------------------------------+--------------------+-------------------+------------------+ | RHEL8 | FAIL | SKIPPED | SKIPPED | +-----------------------------------+--------------------+-------------------+------------------+ | RHEL9 | FAIL | SKIPPED | SKIPPED | +-----------------------------------+--------------------+-------------------+------------------+ | Ubuntu 20.04 | FAIL | SKIPPED | SKIPPED | +-----------------------------------+--------------------+-------------------+------------------+ | Ubuntu 22.04 | FAIL | WARN | SKIPPED | +-----------------------------------+--------------------+-------------------+------------------+ | Ubuntu 24.04 | FAIL | WARN | WARN | +-----------------------------------+--------------------+-------------------+------------------+ | Ubuntu 24.04 32 Bit Cross Compile | FAIL | SKIPPED | SKIPPED | +-----------------------------------+--------------------+-------------------+------------------+ | Alpine | FAIL | SKIPPED | SKIPPED | +-----------------------------------+--------------------+-------------------+------------------+ | FreeBSD 13.5 | PASS | SKIPPED | SKIPPED | +-----------------------------------+--------------------+-------------------+------------------+ | FreeBSD 14.2 | PEND | SKIPPED | SKIPPED | +-----------------------------------+--------------------+-------------------+------------------+ ==== 20 line log output for Alpine (dpdk_meson_compile): ==== [305/3337] Compiling C object app/dpdk-graph.p/graph_cli.c.o [306/3337] Compiling C object app/dpdk-dumpcap.p/dumpcap_main.c.o [307/3337] Generating rte_power_kvm_vm_map with a custom command [308/3337] Compiling C object drivers/libtmp_rte_power_kvm_vm.a.p/power_kvm_vm_kvm_vm.c.o [309/3337] Compiling C object drivers/libtmp_rte_power_kvm_vm.a.p/power_kvm_vm_guest_channel.c.o [310/3337] Linking static target drivers/libtmp_rte_power_kvm_vm.a [311/3337] Generating rte_power_kvm_vm.pmd.c with a custom command ninja: job failed: /usr/bin/python3 ../buildtools/gen-pmdinfo-cfile.py /root/workspace/Generic-DPDK-Compile-Meson/dpdk/build/buildtools ar drivers/rte_power_kvm_vm.pmd.c.p /root/workspace/Generic-DPDK-Compile-Meson/dpdk/build/drivers/libtmp_rte_power_kvm_vm.a drivers/rte_power_kvm_vm.pmd.c /usr/bin/python3 ../buildtools/pmdinfogen.py elf Traceback (most recent call last): File "/root/workspace/Generic-DPDK-Compile-Meson/dpdk/build/../buildtools/gen-pmdinfo-cfile.py", line 16, in subprocess.run([ar, "x", os.path.abspath(archive), name], File "/usr/lib/python3.12/subprocess.py", line 548, in run with Popen(*popenargs, **kwargs) as process: ^^^^^^^^^^^^^^^^^^^^^^^^^^^ File "/usr/lib/python3.12/subprocess.py", line 1026, in __init__ self._execute_child(args, executable, preexec_fn, close_fds, File "/usr/lib/python3.12/subprocess.py", line 1955, in _execute_child raise child_exception_type(errno_num, err_msg, err_filename) FileNotFoundError: [Errno 2] No such file or directory: 'drivers/rte_power_kvm_vm.pmd.c.p' ninja: subcommand failed ==== End log output ==== CentOS Stream 9 Kernel: Depends on container host Compiler: gcc 11.5.0 20240719 (Red Hat 11.5.0-2) CentOS Stream 10 Kernel: Depends on container host Compiler: gcc 14.2.1 20241104 (Red Hat 14.2.1-6) Debian 12 Kernel: Depends on container host Compiler: gcc (Debian 12.2.0-14) 12.2.0 Fedora 40 Kernel: Depends on container host Compiler: gcc 14.2.1 20240912 (Red Hat 14.2.1-3) Fedora 41 Kernel: Depends on container host Compiler: gcc 14.2.1 20240912 (Red Hat 14.2.1-3) Fedora 41 (Clang) Kernel: Depends on container host Compiler: clang 19.1.5 (Fedora 19.1.5-1.fc41) Fedora 40 (Clang) Kernel: Depends on container host Compiler: clang 18.1.8 (Fedora 18.1.8-1.fc40) openSUSE Leap 15 Kernel: Depends on container host Compiler: gcc (SUSE Linux) 7.5.0 RHEL8 Kernel: Depends on container host Compiler: gcc 8.5.0 20210514 (Red Hat 8.5.0-22) RHEL9 Kernel: Depends on container host Compiler: gcc 11.5.0 20240719 (Red Hat 11.5.0-2) Ubuntu 20.04 Kernel: Depends on container host Compiler: gcc (Ubuntu 9.4.0-1ubuntu1~20.04.2) 9.4.0 Ubuntu 22.04 Kernel: Depends on container host Compiler: gcc (Ubuntu 11.4.0-1ubuntu1~22.04) 11.4.0 Ubuntu 24.04 Kernel: Depends on container host Compiler: gcc (Ubuntu 13.3.0-6ubuntu2~24.04) 13.3.0 Ubuntu 24.04 32 Bit Cross Compile Kernel: Depends on container host Compiler: gcc (Ubuntu 13.3.0-6ubuntu2~24.04) 13.3.0 Alpine Kernel: Depends on container host Compiler: gcc (Alpine 14.2.0) 14.2.0 FreeBSD 13.5 Kernel: 13.5-RELEASE Compiler: clang 19.1.7 FreeBSD 14.2 Kernel: 14.2-RELEASE Compiler: clang 18.1.6 To view detailed results, visit: https://lab.dpdk.org/results/dashboard/patchsets/33130/ UNH-IOL DPDK Community Lab To manage your email subscriptions, visit: https://lab.dpdk.org/results/dashboard/preferences/subscriptions/