From mboxrd@z Thu Jan 1 00:00:00 1970 Return-Path: Received: from mails.dpdk.org (mails.dpdk.org [217.70.189.124]) by inbox.dpdk.org (Postfix) with ESMTP id 62E87466E3 for ; Wed, 7 May 2025 07:36:24 +0200 (CEST) Received: from mails.dpdk.org (localhost [127.0.0.1]) by mails.dpdk.org (Postfix) with ESMTP id 5B99F4025D; Wed, 7 May 2025 07:36:24 +0200 (CEST) Received: from mail-qv1-f98.google.com (mail-qv1-f98.google.com [209.85.219.98]) by mails.dpdk.org (Postfix) with ESMTP id CA0FA4025A for ; Wed, 7 May 2025 07:36:22 +0200 (CEST) Received: by mail-qv1-f98.google.com with SMTP id 6a1803df08f44-6e8f6970326so67455206d6.0 for ; Tue, 06 May 2025 22:36:22 -0700 (PDT) DKIM-Signature: v=1; a=rsa-sha256; c=relaxed/relaxed; d=iol.unh.edu; s=unh-iol; t=1746596182; x=1747200982; darn=dpdk.org; h=references:in-reply-to:cc:to:from:subject:message-id:date:from:to :cc:subject:date:message-id:reply-to; bh=1JYDGDhJPnlFf76unKAWUPxU9rw8F6pL3Ag5OdxkEa0=; b=aKi4TwpcRvtuQ1Wy6eYHuJPusc6H9TShU8KyYZWupwoglB4fICvZimhRkx8e+dplS+ zriko+n2y7EVxgimMhO/3bKUQputXGgPyMLcnJUooH1FkY9GkR7KX3ZeunfhPcFzXEJ1 l8eyi378GN+sVqnfo39pnlrpeqSkZhhcBgrB4= X-Google-DKIM-Signature: v=1; a=rsa-sha256; c=relaxed/relaxed; d=1e100.net; s=20230601; t=1746596182; x=1747200982; h=references:in-reply-to:cc:to:from:subject:message-id:date :x-gm-message-state:from:to:cc:subject:date:message-id:reply-to; bh=1JYDGDhJPnlFf76unKAWUPxU9rw8F6pL3Ag5OdxkEa0=; b=hcTEDeS/QyYXcqt5/0VF5UffeZzkVNxkTay9hRupBRLXH1YHuH9w+oLFcjvU442Ly9 c9nOKNHex9gCGWuynbmlogrqb01USCYCWK3Xf2SjC9GxOOyddCYAU7dSB62bNiifbNGn oA4PaXy1mjLU8/2stXFwdGzgAJJRRBKLsTPnbCXewe8PuE0v6m663SXQVlShncdCDtb2 0le4oITjE6SIHKIdCThzo1dbtcNEbXaBGZfy5c6NEavBhmC+sVDmP9CTbbh1rA2m/Guv NvYZwImfStDL+6HLxVJ6Xyz2ImJiZ1JhbeAeQ+/pqfzTpcGow7YjgsQFEBpdlG78dohZ 4eTA== X-Gm-Message-State: AOJu0Yz/6axRo9clj3EDNzCb6xAOO7JscvLQyu3oioWNaBiT4PQhMFfq xQkwxVEkzv7/+EHWpxdNqbLKFLDF56qxgCdQ5+XKP7U7bOTUS4EAH4Z4WAgBozov0SXWWvPHsch JZEVT5W7kMZmXf1lSWYLjNmjmbn2kF8EJV8XQDOoR/eJid+I3kyql8Hus X-Gm-Gg: ASbGncsy8eiisnLkaplu+/RQd3REscibZRhvWy7CzZR6VfxqGbRjLqLqSNDpzdC7kOi eI4cSzVF3gGBO/lkyKDRJ5WTgZcfry/hX28TxX7fFu2fVGkGfBP3/KK+fIi6b/fM3Navrd6sfXU UXbF33WuspjHb7em/ReFY7jqyOCe3ZKXp4SgTPK9iyUX+WRAWjPCikvPdIoavo0bTqqvdkVZcVS 7WNuZX+gBKP28AGr49y/01kmiu3QMqO9z1RtyZkkgQ2JRuJlFoWUEdBrjJ8kxf5MUHiruln+nz/ MzJ9mOV8e+kOqt8BU3khBl4MQZquTy1UiOjI X-Google-Smtp-Source: AGHT+IEteHn39m/N/2uHHZ0iDVPNZNMURrBChU6opZUy78IjrU3JndI4PKzko28YMYygOgfciTdNPozdH0Ub X-Received: by 2002:a05:6214:2aaa:b0:6e8:fcde:58d5 with SMTP id 6a1803df08f44-6f542b1c03emr33722046d6.42.1746596182224; Tue, 06 May 2025 22:36:22 -0700 (PDT) Received: from postal.iol.unh.edu (postal.iol.unh.edu. [2606:4100:3880:1234::84]) by smtp-relay.gmail.com with ESMTPS id 6a1803df08f44-6f54268cf20sm654986d6.40.2025.05.06.22.36.22 (version=TLS1_2 cipher=ECDHE-ECDSA-AES128-GCM-SHA256 bits=128/128); Tue, 06 May 2025 22:36:22 -0700 (PDT) X-Relaying-Domain: iol.unh.edu Date: Tue, 06 May 2025 22:36:22 -0700 (PDT) Message-ID: <681af156.050a0220.212b69.39b4SMTPIN_ADDED_MISSING@mx.google.com> Received: from [172.17.0.2] (unknown [172.18.0.76]) by postal.iol.unh.edu (Postfix) with ESMTP id F3A696052471; Wed, 7 May 2025 01:36:21 -0400 (EDT) Subject: |FAILURE| pw153337 [PATCH] [v2,1/1] buildtools: avoid break due to f From: dpdklab@iol.unh.edu To: Test Report Cc: dpdk-test-reports@iol.unh.edu, Andre Muezerie In-Reply-To: <1746569662-11532-2-git-send-email-andremue@linux.microsoft.com> References: <1746569662-11532-2-git-send-email-andremue@linux.microsoft.com> Content-Type: text/plain X-BeenThere: test-report@dpdk.org X-Mailman-Version: 2.1.29 Precedence: list List-Id: automatic DPDK test reports List-Unsubscribe: , List-Archive: List-Post: List-Help: List-Subscribe: , Errors-To: test-report-bounces@dpdk.org Test-Label: iol-compile-amd64-testing Test-Status: FAILURE http://dpdk.org/patch/153337 _Testing issues_ Submitter: Andre Muezerie Date: Tuesday, May 06 2025 22:14:22 DPDK git baseline: Repo:dpdk Branch: master CommitID:75f179ebe347b6098cf3af26d3d3b7168fe3fe24 153337 --> testing issues Upstream job id: Generic-VM-DPDK-Compile-Meson#35207 Test environment and result as below: +-----------------------------------+--------------------+-------------------+------------------+ | Environment | dpdk_meson_compile | dpdk_compile_spdk | dpdk_compile_ovs | +===================================+====================+===================+==================+ | CentOS Stream 9 | FAIL | WARN | SKIPPED | +-----------------------------------+--------------------+-------------------+------------------+ | CentOS Stream 10 | FAIL | SKIPPED | SKIPPED | +-----------------------------------+--------------------+-------------------+------------------+ | Debian 12 | FAIL | WARN | SKIPPED | +-----------------------------------+--------------------+-------------------+------------------+ | Fedora 40 | FAIL | WARN | SKIPPED | +-----------------------------------+--------------------+-------------------+------------------+ | Fedora 41 | FAIL | WARN | WARN | +-----------------------------------+--------------------+-------------------+------------------+ | Fedora 41 (Clang) | FAIL | WARN | WARN | +-----------------------------------+--------------------+-------------------+------------------+ | Fedora 40 (Clang) | FAIL | WARN | SKIPPED | +-----------------------------------+--------------------+-------------------+------------------+ | openSUSE Leap 15 | FAIL | SKIPPED | SKIPPED | +-----------------------------------+--------------------+-------------------+------------------+ | RHEL8 | FAIL | SKIPPED | SKIPPED | +-----------------------------------+--------------------+-------------------+------------------+ | RHEL9 | FAIL | SKIPPED | SKIPPED | +-----------------------------------+--------------------+-------------------+------------------+ | Ubuntu 20.04 | FAIL | SKIPPED | SKIPPED | +-----------------------------------+--------------------+-------------------+------------------+ | Ubuntu 22.04 | FAIL | WARN | SKIPPED | +-----------------------------------+--------------------+-------------------+------------------+ | Ubuntu 24.04 | FAIL | WARN | WARN | +-----------------------------------+--------------------+-------------------+------------------+ | Ubuntu 24.04 32 Bit Cross Compile | FAIL | SKIPPED | SKIPPED | +-----------------------------------+--------------------+-------------------+------------------+ | Alpine | FAIL | SKIPPED | SKIPPED | +-----------------------------------+--------------------+-------------------+------------------+ | FreeBSD 13.5 | PASS | SKIPPED | SKIPPED | +-----------------------------------+--------------------+-------------------+------------------+ | FreeBSD 14.2 | FAIL | SKIPPED | SKIPPED | +-----------------------------------+--------------------+-------------------+------------------+ ==== 20 line log output for FreeBSD 14.2 (dpdk_meson_compile): ==== FileNotFoundError: [Errno 2] No such file or directory: 'drivers/rte_common_cpt.pmd.c.p' [575/2096] Generating rte_common_ionic.pmd.c with a custom command FAILED: drivers/rte_common_ionic.pmd.c /usr/local/bin/python3 ../buildtools/gen-pmdinfo-cfile.py /home/jenkins/jenkins-agent/workspace/Generic-VM-DPDK-Compile-Meson/dpdk/build/buildtools llvm-ar drivers/rte_common_ionic.pmd.c.p /home/jenkins/jenkins-agent/workspace/Generic-VM-DPDK-Compile-Meson/dpdk/build/drivers/libtmp_rte_common_ionic.a drivers/rte_common_ionic.pmd.c /usr/local/bin/python3 ../buildtools/pmdinfogen.py elf Traceback (most recent call last): File "/home/jenkins/jenkins-agent/workspace/Generic-VM-DPDK-Compile-Meson/dpdk/build/../buildtools/gen-pmdinfo-cfile.py", line 16, in subprocess.run([ar, "x", os.path.abspath(archive), name], File "/usr/local/lib/python3.11/subprocess.py", line 548, in run with Popen(*popenargs, **kwargs) as process: ^^^^^^^^^^^^^^^^^^^^^^^^^^^ File "/usr/local/lib/python3.11/subprocess.py", line 1026, in __init__ self._execute_child(args, executable, preexec_fn, close_fds, File "/usr/local/lib/python3.11/subprocess.py", line 1955, in _execute_child raise child_exception_type(errno_num, err_msg, err_filename) FileNotFoundError: [Errno 2] No such file or directory: 'drivers/rte_common_ionic.pmd.c.p' [576/2096] Compiling C object drivers/libtmp_rte_bus_auxiliary.a.p/bus_auxiliary_auxiliary_common.c.o [577/2096] Generating node.sym_chk with a custom command (wrapped by meson to capture output) [578/2096] Compiling C object drivers/libtmp_rte_bus_ifpga.a.p/bus_ifpga_ifpga_bus.c.o [579/2096] Compiling C object lib/librte_pipeline.a.p/pipeline_rte_table_action.c.o ninja: build stopped: subcommand failed. ==== End log output ==== CentOS Stream 9 Kernel: Depends on container host Compiler: gcc 11.5.0 20240719 (Red Hat 11.5.0-2) CentOS Stream 10 Kernel: Depends on container host Compiler: gcc 14.2.1 20241104 (Red Hat 14.2.1-6) Debian 12 Kernel: Depends on container host Compiler: gcc (Debian 12.2.0-14) 12.2.0 Fedora 40 Kernel: Depends on container host Compiler: gcc 14.2.1 20240912 (Red Hat 14.2.1-3) Fedora 41 Kernel: Depends on container host Compiler: gcc 14.2.1 20240912 (Red Hat 14.2.1-3) Fedora 41 (Clang) Kernel: Depends on container host Compiler: clang 19.1.5 (Fedora 19.1.5-1.fc41) Fedora 40 (Clang) Kernel: Depends on container host Compiler: clang 18.1.8 (Fedora 18.1.8-1.fc40) openSUSE Leap 15 Kernel: Depends on container host Compiler: gcc (SUSE Linux) 7.5.0 RHEL8 Kernel: Depends on container host Compiler: gcc 8.5.0 20210514 (Red Hat 8.5.0-22) RHEL9 Kernel: Depends on container host Compiler: gcc 11.5.0 20240719 (Red Hat 11.5.0-2) Ubuntu 20.04 Kernel: Depends on container host Compiler: gcc (Ubuntu 9.4.0-1ubuntu1~20.04.2) 9.4.0 Ubuntu 22.04 Kernel: Depends on container host Compiler: gcc (Ubuntu 11.4.0-1ubuntu1~22.04) 11.4.0 Ubuntu 24.04 Kernel: Depends on container host Compiler: gcc (Ubuntu 13.3.0-6ubuntu2~24.04) 13.3.0 Ubuntu 24.04 32 Bit Cross Compile Kernel: Depends on container host Compiler: gcc (Ubuntu 13.3.0-6ubuntu2~24.04) 13.3.0 Alpine Kernel: Depends on container host Compiler: gcc (Alpine 14.2.0) 14.2.0 FreeBSD 13.5 Kernel: 13.5-RELEASE Compiler: clang 19.1.7 FreeBSD 14.2 Kernel: 14.2-RELEASE Compiler: clang 18.1.6 To view detailed results, visit: https://lab.dpdk.org/results/dashboard/patchsets/33130/ UNH-IOL DPDK Community Lab To manage your email subscriptions, visit: https://lab.dpdk.org/results/dashboard/preferences/subscriptions/