From mboxrd@z Thu Jan 1 00:00:00 1970 Return-Path: Received: from mails.dpdk.org (mails.dpdk.org [217.70.189.124]) by inbox.dpdk.org (Postfix) with ESMTP id EC41B466E3 for ; Wed, 7 May 2025 07:41:41 +0200 (CEST) Received: from mails.dpdk.org (localhost [127.0.0.1]) by mails.dpdk.org (Postfix) with ESMTP id E58A14025D; Wed, 7 May 2025 07:41:41 +0200 (CEST) Received: from mail-yw1-f228.google.com (mail-yw1-f228.google.com [209.85.128.228]) by mails.dpdk.org (Postfix) with ESMTP id 22D6E4025A for ; Wed, 7 May 2025 07:41:40 +0200 (CEST) Received: by mail-yw1-f228.google.com with SMTP id 00721157ae682-708d90aa8f9so42964277b3.3 for ; Tue, 06 May 2025 22:41:40 -0700 (PDT) DKIM-Signature: v=1; a=rsa-sha256; c=relaxed/relaxed; d=iol.unh.edu; s=unh-iol; t=1746596499; x=1747201299; darn=dpdk.org; h=references:in-reply-to:cc:to:from:subject:message-id:date:from:to :cc:subject:date:message-id:reply-to; bh=O9+CxsfdJmwDjRjx5bk6zL3wWD9nSShJHMWe4RRmkUg=; b=OzqCe1uXLimUar/chKvAehfIFxZZTqML//lZlHTDasi/XoZj3OAm9NrKRVdTk5STm1 Tq6vq3H4RXHci0kWebWecPrizJNWxEDJGWxXxXoqwU4Yf9TzLMDg9okJZm8IYar9sdVU K/wtt3SP3Kjrxj/nWfuCSH/P8Zl4rMwKn6MWA= X-Google-DKIM-Signature: v=1; a=rsa-sha256; c=relaxed/relaxed; d=1e100.net; s=20230601; t=1746596499; x=1747201299; h=references:in-reply-to:cc:to:from:subject:message-id:date :x-gm-message-state:from:to:cc:subject:date:message-id:reply-to; bh=O9+CxsfdJmwDjRjx5bk6zL3wWD9nSShJHMWe4RRmkUg=; b=D8iRgbv0viw6PphMSniL1QYovL0R7UAuHSDjXbQddyuleJyrU4W9LhObidSFrdyo2e lfA8og7OjGfouQPJeA5czn2F/eYuBQqCOfTffvbl/0BqAUtG77jKjnYfx6b5ReRtdEZP Xsco2k0EeHNovOvkMyISxlBmg3tDBA6N3ioRIAlvB/Jf5IHi3xASneZLMfmnpuhHdxIM t0mpmNcqDspURK6NIwCSmopdWxZB3PMhQkv+WTE86oVdkMiyJdKlsiAUNGaVUUN9r+KC njrCxbyjAB6Mjww3IxnIeEb4QOw1JxO1AcJjz61g1JssnHnUTDounfD54bT2P0fZKcsy 83lw== X-Gm-Message-State: AOJu0YxMp+4yFPqgZD1KAaTWo+pEISY/5odnWpq7qExGmTR5P9W5WW19 SYXoi6KqeWMX1Z0RzgrCaiWJBvaslKSXjHuN/nF4TGqzeMggoSNNfGdJ/XZF1Q3KGzriWzw3MYF 3mXgzW6WymFr3JPjMXNi4zmdupZjDwBB4YRBkeEPY X-Gm-Gg: ASbGncv0kkzc1UgTQNJcSrhYeUNMqYhKKjdO8zTaWWtpacV7+MGbZ08KzLjH6AT8FnR /BsFThhJkfaRhY7ALbdRRgB2ycMO2ff6MxyB6OiKhPt5L90kpG+OcRU+UPk/OcRR1mKHBS2DK9k Qg90POj4yhHoh0XPJRl7ULkOArabK0+PXJpPX17Xk73/zWSwQ+J6SVe9WlVuHTwylMq7vVuxWK+ LU+gA/aGERaNPk7WDwBBfBkIPOaM3Jt1bDdVlNjNq69bstmIra3xHEL3WCqbIZ8NZnCHONDlpLK apLG79Xn8XJkJnuVxo3cAf/tEk4DYpdwlFgiH7F+t7DQy1wODNUoMPgZ02A= X-Google-Smtp-Source: AGHT+IFrDN21lx4C+eTDqimu8jicJmIg3cmH7TwLpwQ0nQ5i51VnFnljF3CybgTMdzj3joNmoTYl3zXt69Q8 X-Received: by 2002:a05:690c:7012:b0:6fe:e76a:4d38 with SMTP id 00721157ae682-70a1da3b71dmr30223147b3.21.1746596499441; Tue, 06 May 2025 22:41:39 -0700 (PDT) Received: from postal.iol.unh.edu (postal.iol.unh.edu. [132.177.123.84]) by smtp-relay.gmail.com with ESMTPS id 00721157ae682-70a1fdf874asm255947b3.21.2025.05.06.22.41.39 (version=TLS1_2 cipher=ECDHE-ECDSA-AES128-GCM-SHA256 bits=128/128); Tue, 06 May 2025 22:41:39 -0700 (PDT) X-Relaying-Domain: iol.unh.edu Date: Tue, 06 May 2025 22:41:39 -0700 (PDT) Message-ID: <681af293.050a0220.12851c.165bSMTPIN_ADDED_MISSING@mx.google.com> Received: from [172.17.0.2] (unknown [172.18.0.76]) by postal.iol.unh.edu (Postfix) with ESMTP id 153296052471; Wed, 7 May 2025 01:41:39 -0400 (EDT) Subject: |FAILURE| pw153337 [PATCH] [v2,1/1] buildtools: avoid break due to f From: dpdklab@iol.unh.edu To: Test Report Cc: dpdk-test-reports@iol.unh.edu, Andre Muezerie In-Reply-To: <1746569662-11532-2-git-send-email-andremue@linux.microsoft.com> References: <1746569662-11532-2-git-send-email-andremue@linux.microsoft.com> Content-Type: text/plain X-BeenThere: test-report@dpdk.org X-Mailman-Version: 2.1.29 Precedence: list List-Id: automatic DPDK test reports List-Unsubscribe: , List-Archive: List-Post: List-Help: List-Subscribe: , Errors-To: test-report-bounces@dpdk.org Test-Label: iol-compile-arm64-testing Test-Status: FAILURE http://dpdk.org/patch/153337 _Testing issues_ Submitter: Andre Muezerie Date: Tuesday, May 06 2025 22:14:22 DPDK git baseline: Repo:dpdk Branch: master CommitID:75f179ebe347b6098cf3af26d3d3b7168fe3fe24 153337 --> testing issues Upstream job id: Generic-DPDK-Compile-Meson#385890 Test environment and result as below: +----------------------------------------+--------------------+ | Environment | dpdk_meson_compile | +========================================+====================+ | RHEL9 (ARM) | FAIL | +----------------------------------------+--------------------+ | Ubuntu 20.04 ARM GCC Cross Compile | FAIL | +----------------------------------------+--------------------+ | Ubuntu 20.04 ARM SVE | FAIL | +----------------------------------------+--------------------+ | Fedora 40 (ARM) | FAIL | +----------------------------------------+--------------------+ | Fedora 41 (ARM Clang) | FAIL | +----------------------------------------+--------------------+ | Fedora 41 (ARM) | FAIL | +----------------------------------------+--------------------+ | Fedora 40 (ARM Clang) | FAIL | +----------------------------------------+--------------------+ | Ubuntu 20.04 (ARM) | FAIL | +----------------------------------------+--------------------+ | Ubuntu 24.04 (ARM) | FAIL | +----------------------------------------+--------------------+ | Ubuntu 22.04 (ARM) | FAIL | +----------------------------------------+--------------------+ | CentOS Stream 9 (ARM) | FAIL | +----------------------------------------+--------------------+ | CentOS Stream 10 (ARM) | FAIL | +----------------------------------------+--------------------+ | Debian 12 (arm) | FAIL | +----------------------------------------+--------------------+ | Ubuntu 20.04 ARM Clang Cross Compile | FAIL | +----------------------------------------+--------------------+ | Ubuntu 20.04 aarch32 GCC Cross Compile | FAIL | +----------------------------------------+--------------------+ ==== 20 line log output for Ubuntu 20.04 aarch32 GCC Cross Compile (dpdk_meson_compile): ==== [601/2626] Generating node.sym_chk with a custom command (wrapped by meson to capture output) [602/2626] Linking target lib/librte_node.so.25.2 [603/2626] Generating symbol file lib/librte_node.so.25.2.p/librte_node.so.25.2.symbols [604/2626] Compiling C object drivers/libtmp_rte_common_cpt.a.p/common_cpt_cpt_fpm_tables.c.o [605/2626] Compiling C object drivers/libtmp_rte_common_cpt.a.p/common_cpt_cpt_pmd_ops_helper.c.o [606/2626] Linking static target drivers/libtmp_rte_common_cpt.a [607/2626] Generating rte_common_cpt.pmd.c with a custom command FAILED: drivers/rte_common_cpt.pmd.c /usr/bin/python3 ../buildtools/gen-pmdinfo-cfile.py /root/workspace/Generic-DPDK-Compile-Meson/dpdk/build/buildtools ar drivers/rte_common_cpt.pmd.c.p /root/workspace/Generic-DPDK-Compile-Meson/dpdk/build/drivers/libtmp_rte_common_cpt.a drivers/rte_common_cpt.pmd.c /usr/bin/python3 ../buildtools/pmdinfogen.py elf Traceback (most recent call last): File "../buildtools/gen-pmdinfo-cfile.py", line 16, in subprocess.run([ar, "x", os.path.abspath(archive), name], File "/usr/lib/python3.8/subprocess.py", line 493, in run with Popen(*popenargs, **kwargs) as process: File "/usr/lib/python3.8/subprocess.py", line 858, in __init__ self._execute_child(args, executable, preexec_fn, close_fds, File "/usr/lib/python3.8/subprocess.py", line 1704, in _execute_child raise child_exception_type(errno_num, err_msg, err_filename) FileNotFoundError: [Errno 2] No such file or directory: 'drivers/rte_common_cpt.pmd.c.p' ninja: build stopped: subcommand failed. ==== End log output ==== RHEL9 (ARM) Kernel: Depends on container host Compiler: gcc 11.5.0 20240719 (Red Hat 11.5.0-2) Ubuntu 20.04 ARM GCC Cross Compile Kernel: Depends on container host Compiler: aarch64-linux-gnu-gcc (Ubuntu 9.4.0-1ubuntu1~20.04.2) 9.4.0 Ubuntu 20.04 ARM SVE Kernel: Depends on container host Compiler: gcc (Ubuntu 10.5.0-1ubuntu1~20.04) 10.5.0 Fedora 40 (ARM) Kernel: Depends on container host Compiler: gcc 14.2.1 20240912 (Red Hat 14.2.1-3) Fedora 41 (ARM Clang) Kernel: Depends on container host Compiler: clang 19.1.5 (Fedora 19.1.5-1.fc41) Fedora 41 (ARM) Kernel: Depends on container host Compiler: gcc 14.2.1 20240912 (Red Hat 14.2.1-3) Fedora 40 (ARM Clang) Kernel: Depends on container host Compiler: clang 18.1.8 (Fedora 18.1.8-1.fc40) Ubuntu 20.04 (ARM) Kernel: Depends on container host Compiler: gcc (Ubuntu 9.4.0-1ubuntu1~20.04.2) 9.4.0 Ubuntu 24.04 (ARM) Kernel: Depends on container host Compiler: gcc (Ubuntu 13.3.0-6ubuntu2~24.04) 13.3.0 Ubuntu 22.04 (ARM) Kernel: Depends on container host Compiler: gcc (Ubuntu 11.4.0-1ubuntu1~22.04) 11.4.0 CentOS Stream 9 (ARM) Kernel: Depends on container host Compiler: gcc 11.5.0 20240719 (Red Hat 11.5.0-2) CentOS Stream 10 (ARM) Kernel: Depends on container host Compiler: gcc 14.2.1 20241104 (Red Hat 14.2.1-6) Debian 12 (arm) Kernel: Depends on container host Compiler: gcc (Debian 12.2.0-14) 12.2.0 Ubuntu 20.04 ARM Clang Cross Compile Kernel: Depends on container host Compiler: clang 10.0.0-4ubuntu1 Ubuntu 20.04 aarch32 GCC Cross Compile Kernel: Depends on container host Compiler: gcc 9.4.0 To view detailed results, visit: https://lab.dpdk.org/results/dashboard/patchsets/33130/ UNH-IOL DPDK Community Lab To manage your email subscriptions, visit: https://lab.dpdk.org/results/dashboard/preferences/subscriptions/