From mboxrd@z Thu Jan 1 00:00:00 1970 Return-Path: Received: from mails.dpdk.org (mails.dpdk.org [217.70.189.124]) by inbox.dpdk.org (Postfix) with ESMTP id 173B3466B3 for ; Wed, 7 May 2025 07:42:42 +0200 (CEST) Received: from mails.dpdk.org (localhost [127.0.0.1]) by mails.dpdk.org (Postfix) with ESMTP id 109DA4025D; Wed, 7 May 2025 07:42:42 +0200 (CEST) Received: from mail-pj1-f99.google.com (mail-pj1-f99.google.com [209.85.216.99]) by mails.dpdk.org (Postfix) with ESMTP id A07914025A for ; Wed, 7 May 2025 07:42:40 +0200 (CEST) Received: by mail-pj1-f99.google.com with SMTP id 98e67ed59e1d1-30a99e2bdd4so1163406a91.0 for ; Tue, 06 May 2025 22:42:40 -0700 (PDT) DKIM-Signature: v=1; a=rsa-sha256; c=relaxed/relaxed; d=iol.unh.edu; s=unh-iol; t=1746596560; x=1747201360; darn=dpdk.org; h=references:in-reply-to:cc:to:from:subject:message-id:date:from:to :cc:subject:date:message-id:reply-to; bh=Sy6ZXTNSIdwEPaMrBlSrFBTnJVdZE3OM3nJBK/5TkJc=; b=VkSFpjFxz1l4vS4BNRoopv2hJTaIJ4hw4gLn60twsCXlYFOavlm5X4tgYl6sgU92lu nOyx2OZXdNd4dejTUoHD5x4sGmfCS5Bxg5WSFck0taIs7dwKyb+u2iwkrpC6VoIpdRUo 98j2reL8aEoye4kb20cD/UIbn/ZCVgbzUIdRg= X-Google-DKIM-Signature: v=1; a=rsa-sha256; c=relaxed/relaxed; d=1e100.net; s=20230601; t=1746596560; x=1747201360; h=references:in-reply-to:cc:to:from:subject:message-id:date :x-gm-message-state:from:to:cc:subject:date:message-id:reply-to; bh=Sy6ZXTNSIdwEPaMrBlSrFBTnJVdZE3OM3nJBK/5TkJc=; b=ANRVpoTZdmgjvhDU1EvA86Pt+VdaaAiNZaT+yIPCcWi4jNVYTdFPOt0929RM5jSPJi /1bYMuzs0FyeyXCjG1YUWx3yFbRRr+yp0eTTmLQoEQh2VuJU9GlL6JDafORI5/SsImCv eDaUFQrUVwFfvFyFmBiSVwr+BwPS677k7citcRiZ7wyUDXr6nmoM+gBANBPP4ExSvtcq wPp4HeTB/utUJgydX1obOL/EL9tTb15/811qR5t1RcKWTB0lWCazcThCfjtE4OhsF9nz sOtKyUL/et0tivsUPJR7Z+jLLmQFXr8hqFHRIm+psk98XEHGPnZbI+W5+SN60KqGpkxj 3weA== X-Gm-Message-State: AOJu0YwuuM1FVVPR5Hb7y0kUCAD21xzBmakUgGQLjpMagoTCHBdo4fOo Sc6UkyWujtWY02QqgqUXAB705bDA+SNq+wiOeNnl0wpi0MKGimjF5uo7q5Utk6FEA850NgiRx8v Vy6fae/D+TQSDx+OUYfdZUEVWN2G8d+Z5FrCGYqoc X-Gm-Gg: ASbGncsor5dlYI/L3t3RSQy2wMMir581mu7/UfLa5vasXEVT3eKjDWABLP4qlc6pYtK KkjwRzFi31+rWRuiQ3zO1qdzOhj7h5G001NjkALYs9VOpgs4ckylvEraDAuAbqN0eOW5H+jOovt 0HrEmzaWYIkePYJLC9PeeUfeMOy5s8Y3OTV3ALmEHimmvKs+Lsp5CohtaOxuJms8sp58SJXvgDg Swzgg9KG3L0UDCl0jhGdiJSW3/Eyk1+YIBWdLykTpOzRrJHKwIksYSMl4r/Qh3osS3WTAiVcYEz BXauDs8oQqe4Bs3W8ooYx2JTX6HTg50/nWYdPQCS/oBIjSuKbA42hhZjSj4= X-Google-Smtp-Source: AGHT+IGQFJt5t+hd/CEX4soTfF+D4C0csXKCm3rlU+TDCL8L/nfpFFmIwBDxBcCUIBTtmXY5sKjPw1zu2N6/ X-Received: by 2002:a17:90a:ec8c:b0:301:1d03:93cd with SMTP id 98e67ed59e1d1-30aac21f5aemr3619761a91.24.1746596559687; Tue, 06 May 2025 22:42:39 -0700 (PDT) Received: from postal.iol.unh.edu (postal.iol.unh.edu. [132.177.123.84]) by smtp-relay.gmail.com with ESMTPS id 98e67ed59e1d1-30aaeb873adsm57185a91.5.2025.05.06.22.42.39 (version=TLS1_2 cipher=ECDHE-ECDSA-AES128-GCM-SHA256 bits=128/128); Tue, 06 May 2025 22:42:39 -0700 (PDT) X-Relaying-Domain: iol.unh.edu Date: Tue, 06 May 2025 22:42:39 -0700 (PDT) Message-ID: <681af2cf.170a0220.1024e4.3491SMTPIN_ADDED_MISSING@mx.google.com> Received: from [172.17.0.2] (unknown [172.18.0.76]) by postal.iol.unh.edu (Postfix) with ESMTP id DE7216052471; Wed, 7 May 2025 01:42:38 -0400 (EDT) Subject: |FAILURE| pw153337 [PATCH] [v2,1/1] buildtools: avoid break due to f From: dpdklab@iol.unh.edu To: Test Report Cc: dpdk-test-reports@iol.unh.edu, Andre Muezerie In-Reply-To: <1746569662-11532-2-git-send-email-andremue@linux.microsoft.com> References: <1746569662-11532-2-git-send-email-andremue@linux.microsoft.com> Content-Type: text/plain X-BeenThere: test-report@dpdk.org X-Mailman-Version: 2.1.29 Precedence: list List-Id: automatic DPDK test reports List-Unsubscribe: , List-Archive: List-Post: List-Help: List-Subscribe: , Errors-To: test-report-bounces@dpdk.org Test-Label: iol-compile-arm64-testing Test-Status: FAILURE http://dpdk.org/patch/153337 _Testing issues_ Submitter: Andre Muezerie Date: Tuesday, May 06 2025 22:14:22 DPDK git baseline: Repo:dpdk Branch: master CommitID:75f179ebe347b6098cf3af26d3d3b7168fe3fe24 153337 --> testing issues Upstream job id: Generic-DPDK-Compile-Meson#385889 Test environment and result as below: +----------------------------------------+--------------------+ | Environment | dpdk_meson_compile | +========================================+====================+ | RHEL9 (ARM) | FAIL | +----------------------------------------+--------------------+ | Ubuntu 20.04 ARM GCC Cross Compile | FAIL | +----------------------------------------+--------------------+ | Ubuntu 20.04 ARM SVE | FAIL | +----------------------------------------+--------------------+ | Fedora 40 (ARM) | FAIL | +----------------------------------------+--------------------+ | Fedora 41 (ARM Clang) | FAIL | +----------------------------------------+--------------------+ | Fedora 41 (ARM) | FAIL | +----------------------------------------+--------------------+ | Fedora 40 (ARM Clang) | FAIL | +----------------------------------------+--------------------+ | Ubuntu 20.04 (ARM) | FAIL | +----------------------------------------+--------------------+ | Ubuntu 24.04 (ARM) | FAIL | +----------------------------------------+--------------------+ | Ubuntu 22.04 (ARM) | FAIL | +----------------------------------------+--------------------+ | CentOS Stream 9 (ARM) | FAIL | +----------------------------------------+--------------------+ | CentOS Stream 10 (ARM) | FAIL | +----------------------------------------+--------------------+ | Debian 12 (arm) | FAIL | +----------------------------------------+--------------------+ | Ubuntu 20.04 ARM Clang Cross Compile | FAIL | +----------------------------------------+--------------------+ | Ubuntu 20.04 aarch32 GCC Cross Compile | FAIL | +----------------------------------------+--------------------+ ==== 20 line log output for Ubuntu 20.04 aarch32 GCC Cross Compile (dpdk_meson_compile): ==== [601/2626] Generating node.sym_chk with a custom command (wrapped by meson to capture output) [602/2626] Linking target lib/librte_node.so.25.2 [603/2626] Generating symbol file lib/librte_node.so.25.2.p/librte_node.so.25.2.symbols [604/2626] Compiling C object drivers/libtmp_rte_common_cpt.a.p/common_cpt_cpt_fpm_tables.c.o [605/2626] Compiling C object drivers/libtmp_rte_common_cpt.a.p/common_cpt_cpt_pmd_ops_helper.c.o [606/2626] Linking static target drivers/libtmp_rte_common_cpt.a [607/2626] Generating rte_common_cpt.pmd.c with a custom command FAILED: drivers/rte_common_cpt.pmd.c /usr/bin/python3 ../buildtools/gen-pmdinfo-cfile.py /root/workspace/Generic-DPDK-Compile-Meson/dpdk/build/buildtools ar drivers/rte_common_cpt.pmd.c.p /root/workspace/Generic-DPDK-Compile-Meson/dpdk/build/drivers/libtmp_rte_common_cpt.a drivers/rte_common_cpt.pmd.c /usr/bin/python3 ../buildtools/pmdinfogen.py elf Traceback (most recent call last): File "../buildtools/gen-pmdinfo-cfile.py", line 16, in subprocess.run([ar, "x", os.path.abspath(archive), name], File "/usr/lib/python3.8/subprocess.py", line 493, in run with Popen(*popenargs, **kwargs) as process: File "/usr/lib/python3.8/subprocess.py", line 858, in __init__ self._execute_child(args, executable, preexec_fn, close_fds, File "/usr/lib/python3.8/subprocess.py", line 1704, in _execute_child raise child_exception_type(errno_num, err_msg, err_filename) FileNotFoundError: [Errno 2] No such file or directory: 'drivers/rte_common_cpt.pmd.c.p' ninja: build stopped: subcommand failed. ==== End log output ==== RHEL9 (ARM) Kernel: Depends on container host Compiler: gcc 11.5.0 20240719 (Red Hat 11.5.0-2) Ubuntu 20.04 ARM GCC Cross Compile Kernel: Depends on container host Compiler: aarch64-linux-gnu-gcc (Ubuntu 9.4.0-1ubuntu1~20.04.2) 9.4.0 Ubuntu 20.04 ARM SVE Kernel: Depends on container host Compiler: gcc (Ubuntu 10.5.0-1ubuntu1~20.04) 10.5.0 Fedora 40 (ARM) Kernel: Depends on container host Compiler: gcc 14.2.1 20240912 (Red Hat 14.2.1-3) Fedora 41 (ARM Clang) Kernel: Depends on container host Compiler: clang 19.1.5 (Fedora 19.1.5-1.fc41) Fedora 41 (ARM) Kernel: Depends on container host Compiler: gcc 14.2.1 20240912 (Red Hat 14.2.1-3) Fedora 40 (ARM Clang) Kernel: Depends on container host Compiler: clang 18.1.8 (Fedora 18.1.8-1.fc40) Ubuntu 20.04 (ARM) Kernel: Depends on container host Compiler: gcc (Ubuntu 9.4.0-1ubuntu1~20.04.2) 9.4.0 Ubuntu 24.04 (ARM) Kernel: Depends on container host Compiler: gcc (Ubuntu 13.3.0-6ubuntu2~24.04) 13.3.0 Ubuntu 22.04 (ARM) Kernel: Depends on container host Compiler: gcc (Ubuntu 11.4.0-1ubuntu1~22.04) 11.4.0 CentOS Stream 9 (ARM) Kernel: Depends on container host Compiler: gcc 11.5.0 20240719 (Red Hat 11.5.0-2) CentOS Stream 10 (ARM) Kernel: Depends on container host Compiler: gcc 14.2.1 20241104 (Red Hat 14.2.1-6) Debian 12 (arm) Kernel: Depends on container host Compiler: gcc (Debian 12.2.0-14) 12.2.0 Ubuntu 20.04 ARM Clang Cross Compile Kernel: Depends on container host Compiler: clang 10.0.0-4ubuntu1 Ubuntu 20.04 aarch32 GCC Cross Compile Kernel: Depends on container host Compiler: gcc 9.4.0 To view detailed results, visit: https://lab.dpdk.org/results/dashboard/patchsets/33130/ UNH-IOL DPDK Community Lab To manage your email subscriptions, visit: https://lab.dpdk.org/results/dashboard/preferences/subscriptions/