From mboxrd@z Thu Jan 1 00:00:00 1970 Return-Path: Received: from mails.dpdk.org (mails.dpdk.org [217.70.189.124]) by inbox.dpdk.org (Postfix) with ESMTP id 3F81E466B3 for ; Wed, 7 May 2025 07:43:44 +0200 (CEST) Received: from mails.dpdk.org (localhost [127.0.0.1]) by mails.dpdk.org (Postfix) with ESMTP id 3A5464025D; Wed, 7 May 2025 07:43:44 +0200 (CEST) Received: from mail-il1-f226.google.com (mail-il1-f226.google.com [209.85.166.226]) by mails.dpdk.org (Postfix) with ESMTP id 870BA402AB for ; Wed, 7 May 2025 07:43:41 +0200 (CEST) Received: by mail-il1-f226.google.com with SMTP id e9e14a558f8ab-3d817bc6eb0so20617715ab.1 for ; Tue, 06 May 2025 22:43:41 -0700 (PDT) DKIM-Signature: v=1; a=rsa-sha256; c=relaxed/relaxed; d=iol.unh.edu; s=unh-iol; t=1746596621; x=1747201421; darn=dpdk.org; h=references:in-reply-to:cc:to:from:subject:message-id:date:from:to :cc:subject:date:message-id:reply-to; bh=VbYB1Zv51yTJgaYrwN6ghY9QCPxdnBcF7Cqernwnl5I=; b=NXbmBY3meOXlRNskuZ+ptfwuO1SiO12xUk8lRY/B/QDI94yI1VYbU6TXsqSBnOSatV e1kjzguC/VwaIKVyRaG+LCzv0LWnPbw2Lb/M3eqXZfvUqqBlEwozDoQFhLoetWwxpa1Y EOP7CCJMzDP2EjbUJF4BUsRBSa6SmdBUaNln0= X-Google-DKIM-Signature: v=1; a=rsa-sha256; c=relaxed/relaxed; d=1e100.net; s=20230601; t=1746596621; x=1747201421; h=references:in-reply-to:cc:to:from:subject:message-id:date :x-gm-message-state:from:to:cc:subject:date:message-id:reply-to; bh=VbYB1Zv51yTJgaYrwN6ghY9QCPxdnBcF7Cqernwnl5I=; b=rylg7mHvJX3toxTyE4H8Sb52x+142SmGUnzRuHA9lo2eDUrhJ9ANydaxknDIV5pah3 lXwBtpH73cRAcED4IDoLZJwuZNs/BYNIsopNSJDsWuA9qKXOPjInFxrouS4f//DskwGT yIV2dA/+pkPXkVLGWRnl6QlRwzdgjeuPKehqSEgzfqXIyJDaEjI7XVU89C3xRF5JXKLk K2Di+AXsyrlmT7kqxJCWVLo4bdaDze9f+fo8vMRZURHseEWTk/rWoe6/iNENSKyQPDH4 dbt7/FeodclYzI0UPucIxZyfwpjXkSeCz+3zaii14q6gYEWU7aseWJ0+mKiLlB1/4I1w PU/g== X-Gm-Message-State: AOJu0YxeVBWfnmvymzlTo+tEqdJZyvBQSOhI366OqoIgSRO8dJqpSayC Z5hRmJUcndn9b6MVq7+nwlgvIWLJAn8x9A7sjVhVKcTiQ1i/cji2I8nw8ObPYTCV7iTNTXClR2h jOtOay6119WqmlZswMM1V55jG0rkXEf7XtZmtEmIc X-Gm-Gg: ASbGncvLAQ3RdlIARJTH26dNzyvj2+ic7es/pR0kDQCydGObJNXAs19E7pPANH+hMKO XjKk71M2RRmqcYj0AOoxp77vmtwmKAcJQSmHr9ZnxNmk0Qr4R2hh+JyvZTSNwURyfgO8ajLm7zp 37add87Pp0jLhXzWnVxIUSeu8BanSj0zn9hOCpbDCjX54bLIo5b+m7MrwOkIHQLn17ofQzD3Scx g2k7rAXq1qRLVlSPh2y76dR6wjI0foB2TpukJUCwdoVBat0PoXCfAZV4RguMH0NeGe8ibVKPgLZ tSzsqzSCCjUvXCenGCmwcffGVFoBs0CDUzQtWPI8Mk1gk7XfDEHkVVxaQmE= X-Google-Smtp-Source: AGHT+IFqmaami5Ez9snjAmP6W20nIPWQKE7PBTup2J/ZX7BbLY9MKJItoSsDVdOS5fNEz1EVuLTJ58Fer514 X-Received: by 2002:a05:6e02:b2f:b0:3d9:36bd:8c5f with SMTP id e9e14a558f8ab-3da739082a0mr19423595ab.11.1746596620939; Tue, 06 May 2025 22:43:40 -0700 (PDT) Received: from postal.iol.unh.edu (postal.iol.unh.edu. [132.177.123.84]) by smtp-relay.gmail.com with ESMTPS id e9e14a558f8ab-3d975ecfdeasm23288155ab.42.2025.05.06.22.43.40 (version=TLS1_2 cipher=ECDHE-ECDSA-AES128-GCM-SHA256 bits=128/128); Tue, 06 May 2025 22:43:40 -0700 (PDT) X-Relaying-Domain: iol.unh.edu Date: Tue, 06 May 2025 22:43:40 -0700 (PDT) Message-ID: <681af30c.050a0220.b5662.fd9cSMTPIN_ADDED_MISSING@mx.google.com> Received: from [172.17.0.3] (unknown [172.18.0.74]) by postal.iol.unh.edu (Postfix) with ESMTP id 8F4A76052471; Wed, 7 May 2025 01:43:40 -0400 (EDT) Subject: |FAILURE| pw153337 [PATCH] [v2,1/1] buildtools: avoid break due to f From: dpdklab@iol.unh.edu To: Test Report Cc: dpdk-test-reports@iol.unh.edu, Andre Muezerie In-Reply-To: <1746569662-11532-2-git-send-email-andremue@linux.microsoft.com> References: <1746569662-11532-2-git-send-email-andremue@linux.microsoft.com> Content-Type: text/plain X-BeenThere: test-report@dpdk.org X-Mailman-Version: 2.1.29 Precedence: list List-Id: automatic DPDK test reports List-Unsubscribe: , List-Archive: List-Post: List-Help: List-Subscribe: , Errors-To: test-report-bounces@dpdk.org Test-Label: iol-compile-arm64-testing Test-Status: FAILURE http://dpdk.org/patch/153337 _Testing issues_ Submitter: Andre Muezerie Date: Tuesday, May 06 2025 22:14:22 DPDK git baseline: Repo:dpdk Branch: master CommitID:75f179ebe347b6098cf3af26d3d3b7168fe3fe24 153337 --> testing issues Upstream job id: Generic-DPDK-Compile-Meson#385894 Test environment and result as below: +----------------------------------------+--------------------+ | Environment | dpdk_meson_compile | +========================================+====================+ | RHEL9 (ARM) | FAIL | +----------------------------------------+--------------------+ | Ubuntu 20.04 ARM GCC Cross Compile | FAIL | +----------------------------------------+--------------------+ | Ubuntu 20.04 ARM SVE | FAIL | +----------------------------------------+--------------------+ | Fedora 40 (ARM) | FAIL | +----------------------------------------+--------------------+ | Fedora 41 (ARM Clang) | FAIL | +----------------------------------------+--------------------+ | Fedora 41 (ARM) | FAIL | +----------------------------------------+--------------------+ | Fedora 40 (ARM Clang) | FAIL | +----------------------------------------+--------------------+ | Ubuntu 20.04 (ARM) | FAIL | +----------------------------------------+--------------------+ | Ubuntu 24.04 (ARM) | FAIL | +----------------------------------------+--------------------+ | Ubuntu 22.04 (ARM) | FAIL | +----------------------------------------+--------------------+ | CentOS Stream 9 (ARM) | FAIL | +----------------------------------------+--------------------+ | CentOS Stream 10 (ARM) | FAIL | +----------------------------------------+--------------------+ | Debian 12 (arm) | FAIL | +----------------------------------------+--------------------+ | Ubuntu 20.04 ARM Clang Cross Compile | FAIL | +----------------------------------------+--------------------+ | Ubuntu 20.04 aarch32 GCC Cross Compile | FAIL | +----------------------------------------+--------------------+ ==== 20 line log output for Ubuntu 20.04 aarch32 GCC Cross Compile (dpdk_meson_compile): ==== [601/2626] Generating node.sym_chk with a custom command (wrapped by meson to capture output) [602/2626] Linking target lib/librte_node.so.25.2 [603/2626] Generating symbol file lib/librte_node.so.25.2.p/librte_node.so.25.2.symbols [604/2626] Compiling C object drivers/libtmp_rte_common_cpt.a.p/common_cpt_cpt_fpm_tables.c.o [605/2626] Compiling C object drivers/libtmp_rte_common_cpt.a.p/common_cpt_cpt_pmd_ops_helper.c.o [606/2626] Linking static target drivers/libtmp_rte_common_cpt.a [607/2626] Generating rte_common_cpt.pmd.c with a custom command FAILED: drivers/rte_common_cpt.pmd.c /usr/bin/python3 ../buildtools/gen-pmdinfo-cfile.py /root/workspace/Generic-DPDK-Compile-Meson/dpdk/build/buildtools ar drivers/rte_common_cpt.pmd.c.p /root/workspace/Generic-DPDK-Compile-Meson/dpdk/build/drivers/libtmp_rte_common_cpt.a drivers/rte_common_cpt.pmd.c /usr/bin/python3 ../buildtools/pmdinfogen.py elf Traceback (most recent call last): File "../buildtools/gen-pmdinfo-cfile.py", line 16, in subprocess.run([ar, "x", os.path.abspath(archive), name], File "/usr/lib/python3.8/subprocess.py", line 493, in run with Popen(*popenargs, **kwargs) as process: File "/usr/lib/python3.8/subprocess.py", line 858, in __init__ self._execute_child(args, executable, preexec_fn, close_fds, File "/usr/lib/python3.8/subprocess.py", line 1704, in _execute_child raise child_exception_type(errno_num, err_msg, err_filename) FileNotFoundError: [Errno 2] No such file or directory: 'drivers/rte_common_cpt.pmd.c.p' ninja: build stopped: subcommand failed. ==== End log output ==== RHEL9 (ARM) Kernel: Depends on container host Compiler: gcc 11.5.0 20240719 (Red Hat 11.5.0-2) Ubuntu 20.04 ARM GCC Cross Compile Kernel: Depends on container host Compiler: aarch64-linux-gnu-gcc (Ubuntu 9.4.0-1ubuntu1~20.04.2) 9.4.0 Ubuntu 20.04 ARM SVE Kernel: Depends on container host Compiler: gcc (Ubuntu 10.5.0-1ubuntu1~20.04) 10.5.0 Fedora 40 (ARM) Kernel: Depends on container host Compiler: gcc 14.2.1 20240912 (Red Hat 14.2.1-3) Fedora 41 (ARM Clang) Kernel: Depends on container host Compiler: clang 19.1.5 (Fedora 19.1.5-1.fc41) Fedora 41 (ARM) Kernel: Depends on container host Compiler: gcc 14.2.1 20240912 (Red Hat 14.2.1-3) Fedora 40 (ARM Clang) Kernel: Depends on container host Compiler: clang 18.1.8 (Fedora 18.1.8-1.fc40) Ubuntu 20.04 (ARM) Kernel: Depends on container host Compiler: gcc (Ubuntu 9.4.0-1ubuntu1~20.04.2) 9.4.0 Ubuntu 24.04 (ARM) Kernel: Depends on container host Compiler: gcc (Ubuntu 13.3.0-6ubuntu2~24.04) 13.3.0 Ubuntu 22.04 (ARM) Kernel: Depends on container host Compiler: gcc (Ubuntu 11.4.0-1ubuntu1~22.04) 11.4.0 CentOS Stream 9 (ARM) Kernel: Depends on container host Compiler: gcc 11.5.0 20240719 (Red Hat 11.5.0-2) CentOS Stream 10 (ARM) Kernel: Depends on container host Compiler: gcc 14.2.1 20241104 (Red Hat 14.2.1-6) Debian 12 (arm) Kernel: Depends on container host Compiler: gcc (Debian 12.2.0-14) 12.2.0 Ubuntu 20.04 ARM Clang Cross Compile Kernel: Depends on container host Compiler: clang 10.0.0-4ubuntu1 Ubuntu 20.04 aarch32 GCC Cross Compile Kernel: Depends on container host Compiler: gcc 9.4.0 To view detailed results, visit: https://lab.dpdk.org/results/dashboard/patchsets/33130/ UNH-IOL DPDK Community Lab To manage your email subscriptions, visit: https://lab.dpdk.org/results/dashboard/preferences/subscriptions/