From mboxrd@z Thu Jan 1 00:00:00 1970 Return-Path: Received: from mails.dpdk.org (mails.dpdk.org [217.70.189.124]) by inbox.dpdk.org (Postfix) with ESMTP id 4F72D466B3 for ; Wed, 7 May 2025 07:44:03 +0200 (CEST) Received: from mails.dpdk.org (localhost [127.0.0.1]) by mails.dpdk.org (Postfix) with ESMTP id 4A41E4025D; Wed, 7 May 2025 07:44:03 +0200 (CEST) Received: from mail-yb1-f226.google.com (mail-yb1-f226.google.com [209.85.219.226]) by mails.dpdk.org (Postfix) with ESMTP id B4B274025A for ; Wed, 7 May 2025 07:44:01 +0200 (CEST) Received: by mail-yb1-f226.google.com with SMTP id 3f1490d57ef6-e7329792c6eso5552032276.1 for ; Tue, 06 May 2025 22:44:01 -0700 (PDT) DKIM-Signature: v=1; a=rsa-sha256; c=relaxed/relaxed; d=iol.unh.edu; s=unh-iol; t=1746596641; x=1747201441; darn=dpdk.org; h=references:in-reply-to:cc:to:from:subject:message-id:date:from:to :cc:subject:date:message-id:reply-to; bh=Q7SCpuGyYG/4ouGceT+uTRnQmDhpwwL89fVFTEQz4K8=; b=UR1nFgMKrWeXecdBL/Sdekpinezr34AMl0erW1UDt+BmdNWvd0KvvUuRPNgeusYVvu QHBiDZAjhFH+I09eeWRUfJgaT3BMmDQpP7xosBLmct7ZUJGJ4gciNa2x0VbvTWuyt65r Zd6Lrnw7OltUQAo3rDrtj3AejF6oHSbdT2URo= X-Google-DKIM-Signature: v=1; a=rsa-sha256; c=relaxed/relaxed; d=1e100.net; s=20230601; t=1746596641; x=1747201441; h=references:in-reply-to:cc:to:from:subject:message-id:date :x-gm-message-state:from:to:cc:subject:date:message-id:reply-to; bh=Q7SCpuGyYG/4ouGceT+uTRnQmDhpwwL89fVFTEQz4K8=; b=RBhIA2D+t36j9J1mWIoK/Fn2gtmGcWhrq7J4uHNhl5VyCg3iODWIO5C17yqOyGY/TX e6g5oAoBsS6NFvhcU5ybGh+IwajOrgiiKSae+8WhxYZu8xGfIS+CQSeCSvUl1MgsWa4o HCHVQizml94AjsGLWJ76r3HSvrGJ2TfGrRFL0/swaz3Z3Y2LBM+wI4V3Ta4ZsrigGn2i 3hjJNOtTxGfbtaxU5rMpEMNnjnuVRdh/f7LOph6B/0Af2OBsNCSSN+WdZKpn8AgmNxb7 lXXzwlHl4DVIVe1KAUIvmdp6YTwymA7g/fpDrxyEd/6s7W+1EY7efK3Y1hmyS6YAB138 B7Fg== X-Gm-Message-State: AOJu0Yz8ix5jofCNUMymCjx5Sk6CWh3ofTLJyupFuWTi/uf9pZfh9dD0 SKwDvV4ZfK7sEYQfDx1amvFGD09hymtFmZ2EwMVD+Qc6tsDeBncxnCCrLMN2TC6KWxRBahYA5IL 4zedf0pI51jtiJW6YZOrU78688HOezb9Wz+l1HNG3MYL/JibJxZ5YuCCf X-Gm-Gg: ASbGncsAnPKbM1CjVpE7Fu5hvdWktAW2/R9qW2Xd6O6VPyx4aMzK7wdHWGnBq04dQPZ ZRLroXLNvwZGdsw4/VnJloH+bmt1VBk1SZAI+SFYUTx3d7BwHbO8tyoZlZJzFty9Vr8q7Pm6+gA EmEb8VgtGTKJS7Dqj23aub/fbGyGdWNCBatEoFEHeuwgZqTr2te31zIQNKwDff263R1xrz+Y7Ax WuZE3Q0FheXVfUYUFqIlZ6NPAmGuK4fnITIwcutMaaeeD4TLzmew2LZzG7K0vd+aBw5aOGBylQ/ HH6ZNWRfN1IA9jmovcdibk83lgBT2cZdU4xm X-Google-Smtp-Source: AGHT+IEmWSQH6y/QnWa21fEjUxjBX7mU6T2PRKsmkhPwqSbuaOj6AuupXtfESGzVKlWwFV5ZIr/IxJ7GxuUD X-Received: by 2002:a05:6902:168a:b0:e73:15ec:ef8c with SMTP id 3f1490d57ef6-e7880fc8dd4mr2337262276.25.1746596641146; Tue, 06 May 2025 22:44:01 -0700 (PDT) Received: from postal.iol.unh.edu (postal.iol.unh.edu. [2606:4100:3880:1234::84]) by smtp-relay.gmail.com with ESMTPS id 3f1490d57ef6-e755e716c04sm2037109276.18.2025.05.06.22.44.01 (version=TLS1_2 cipher=ECDHE-ECDSA-AES128-GCM-SHA256 bits=128/128); Tue, 06 May 2025 22:44:01 -0700 (PDT) X-Relaying-Domain: iol.unh.edu Date: Tue, 06 May 2025 22:44:01 -0700 (PDT) Message-ID: <681af321.250a0220.afee5.5547SMTPIN_ADDED_MISSING@mx.google.com> Received: from [172.17.0.3] (unknown [172.18.0.74]) by postal.iol.unh.edu (Postfix) with ESMTP id C82A46052471; Wed, 7 May 2025 01:44:00 -0400 (EDT) Subject: |FAILURE| pw153337 [PATCH] [v2,1/1] buildtools: avoid break due to f From: dpdklab@iol.unh.edu To: Test Report Cc: dpdk-test-reports@iol.unh.edu, Andre Muezerie In-Reply-To: <1746569662-11532-2-git-send-email-andremue@linux.microsoft.com> References: <1746569662-11532-2-git-send-email-andremue@linux.microsoft.com> Content-Type: text/plain X-BeenThere: test-report@dpdk.org X-Mailman-Version: 2.1.29 Precedence: list List-Id: automatic DPDK test reports List-Unsubscribe: , List-Archive: List-Post: List-Help: List-Subscribe: , Errors-To: test-report-bounces@dpdk.org Test-Label: iol-compile-arm64-testing Test-Status: FAILURE http://dpdk.org/patch/153337 _Testing issues_ Submitter: Andre Muezerie Date: Tuesday, May 06 2025 22:14:22 DPDK git baseline: Repo:dpdk Branch: master CommitID:75f179ebe347b6098cf3af26d3d3b7168fe3fe24 153337 --> testing issues Upstream job id: Generic-DPDK-Compile-Meson#385891 Test environment and result as below: +----------------------------------------+--------------------+ | Environment | dpdk_meson_compile | +========================================+====================+ | RHEL9 (ARM) | FAIL | +----------------------------------------+--------------------+ | Ubuntu 20.04 ARM GCC Cross Compile | FAIL | +----------------------------------------+--------------------+ | Ubuntu 20.04 ARM SVE | FAIL | +----------------------------------------+--------------------+ | Fedora 40 (ARM) | FAIL | +----------------------------------------+--------------------+ | Fedora 41 (ARM Clang) | FAIL | +----------------------------------------+--------------------+ | Fedora 41 (ARM) | FAIL | +----------------------------------------+--------------------+ | Fedora 40 (ARM Clang) | FAIL | +----------------------------------------+--------------------+ | Ubuntu 20.04 (ARM) | FAIL | +----------------------------------------+--------------------+ | Ubuntu 24.04 (ARM) | FAIL | +----------------------------------------+--------------------+ | Ubuntu 22.04 (ARM) | FAIL | +----------------------------------------+--------------------+ | CentOS Stream 9 (ARM) | FAIL | +----------------------------------------+--------------------+ | CentOS Stream 10 (ARM) | FAIL | +----------------------------------------+--------------------+ | Debian 12 (arm) | FAIL | +----------------------------------------+--------------------+ | Ubuntu 20.04 ARM Clang Cross Compile | FAIL | +----------------------------------------+--------------------+ | Ubuntu 20.04 aarch32 GCC Cross Compile | FAIL | +----------------------------------------+--------------------+ ==== 20 line log output for Ubuntu 20.04 aarch32 GCC Cross Compile (dpdk_meson_compile): ==== [601/2626] Generating node.sym_chk with a custom command (wrapped by meson to capture output) [602/2626] Linking target lib/librte_node.so.25.2 [603/2626] Generating symbol file lib/librte_node.so.25.2.p/librte_node.so.25.2.symbols [604/2626] Compiling C object drivers/libtmp_rte_common_cpt.a.p/common_cpt_cpt_fpm_tables.c.o [605/2626] Compiling C object drivers/libtmp_rte_common_cpt.a.p/common_cpt_cpt_pmd_ops_helper.c.o [606/2626] Linking static target drivers/libtmp_rte_common_cpt.a [607/2626] Generating rte_common_cpt.pmd.c with a custom command FAILED: drivers/rte_common_cpt.pmd.c /usr/bin/python3 ../buildtools/gen-pmdinfo-cfile.py /root/workspace/Generic-DPDK-Compile-Meson/dpdk/build/buildtools ar drivers/rte_common_cpt.pmd.c.p /root/workspace/Generic-DPDK-Compile-Meson/dpdk/build/drivers/libtmp_rte_common_cpt.a drivers/rte_common_cpt.pmd.c /usr/bin/python3 ../buildtools/pmdinfogen.py elf Traceback (most recent call last): File "../buildtools/gen-pmdinfo-cfile.py", line 16, in subprocess.run([ar, "x", os.path.abspath(archive), name], File "/usr/lib/python3.8/subprocess.py", line 493, in run with Popen(*popenargs, **kwargs) as process: File "/usr/lib/python3.8/subprocess.py", line 858, in __init__ self._execute_child(args, executable, preexec_fn, close_fds, File "/usr/lib/python3.8/subprocess.py", line 1704, in _execute_child raise child_exception_type(errno_num, err_msg, err_filename) FileNotFoundError: [Errno 2] No such file or directory: 'drivers/rte_common_cpt.pmd.c.p' ninja: build stopped: subcommand failed. ==== End log output ==== RHEL9 (ARM) Kernel: Depends on container host Compiler: gcc 11.5.0 20240719 (Red Hat 11.5.0-2) Ubuntu 20.04 ARM GCC Cross Compile Kernel: Depends on container host Compiler: aarch64-linux-gnu-gcc (Ubuntu 9.4.0-1ubuntu1~20.04.2) 9.4.0 Ubuntu 20.04 ARM SVE Kernel: Depends on container host Compiler: gcc (Ubuntu 10.5.0-1ubuntu1~20.04) 10.5.0 Fedora 40 (ARM) Kernel: Depends on container host Compiler: gcc 14.2.1 20240912 (Red Hat 14.2.1-3) Fedora 41 (ARM Clang) Kernel: Depends on container host Compiler: clang 19.1.5 (Fedora 19.1.5-1.fc41) Fedora 41 (ARM) Kernel: Depends on container host Compiler: gcc 14.2.1 20240912 (Red Hat 14.2.1-3) Fedora 40 (ARM Clang) Kernel: Depends on container host Compiler: clang 18.1.8 (Fedora 18.1.8-1.fc40) Ubuntu 20.04 (ARM) Kernel: Depends on container host Compiler: gcc (Ubuntu 9.4.0-1ubuntu1~20.04.2) 9.4.0 Ubuntu 24.04 (ARM) Kernel: Depends on container host Compiler: gcc (Ubuntu 13.3.0-6ubuntu2~24.04) 13.3.0 Ubuntu 22.04 (ARM) Kernel: Depends on container host Compiler: gcc (Ubuntu 11.4.0-1ubuntu1~22.04) 11.4.0 CentOS Stream 9 (ARM) Kernel: Depends on container host Compiler: gcc 11.5.0 20240719 (Red Hat 11.5.0-2) CentOS Stream 10 (ARM) Kernel: Depends on container host Compiler: gcc 14.2.1 20241104 (Red Hat 14.2.1-6) Debian 12 (arm) Kernel: Depends on container host Compiler: gcc (Debian 12.2.0-14) 12.2.0 Ubuntu 20.04 ARM Clang Cross Compile Kernel: Depends on container host Compiler: clang 10.0.0-4ubuntu1 Ubuntu 20.04 aarch32 GCC Cross Compile Kernel: Depends on container host Compiler: gcc 9.4.0 To view detailed results, visit: https://lab.dpdk.org/results/dashboard/patchsets/33130/ UNH-IOL DPDK Community Lab To manage your email subscriptions, visit: https://lab.dpdk.org/results/dashboard/preferences/subscriptions/