From mboxrd@z Thu Jan 1 00:00:00 1970 Return-Path: Received: from mails.dpdk.org (mails.dpdk.org [217.70.189.124]) by inbox.dpdk.org (Postfix) with ESMTP id 5CB95466B3 for ; Wed, 7 May 2025 07:44:16 +0200 (CEST) Received: from mails.dpdk.org (localhost [127.0.0.1]) by mails.dpdk.org (Postfix) with ESMTP id 574CF4025D; Wed, 7 May 2025 07:44:16 +0200 (CEST) Received: from mail-pl1-f227.google.com (mail-pl1-f227.google.com [209.85.214.227]) by mails.dpdk.org (Postfix) with ESMTP id 0457B4025A for ; Wed, 7 May 2025 07:44:15 +0200 (CEST) Received: by mail-pl1-f227.google.com with SMTP id d9443c01a7336-2279915e06eso71601095ad.1 for ; Tue, 06 May 2025 22:44:14 -0700 (PDT) DKIM-Signature: v=1; a=rsa-sha256; c=relaxed/relaxed; d=iol.unh.edu; s=unh-iol; t=1746596654; x=1747201454; darn=dpdk.org; h=references:in-reply-to:cc:to:from:subject:message-id:date:from:to :cc:subject:date:message-id:reply-to; bh=rW63NoQHNYG4azuI1PE4NbgE9OjnM3JOPCdjPsKNSQQ=; b=guZJtwDxuZjcngyx1ZTmMge3HOygS2JBZc2Hop9rYIoST0Naax2OiaTkLJEAEoFT2A ghxgqh+XVPQwSSTBt+48ExbmHoWzKhmy+nKxqut+V8WT2yLmzWDQ7oBlZqOeFXmkzhj9 K1MPxQjv2M+26yTHKrnnSfYdySfBbIMdboViY= X-Google-DKIM-Signature: v=1; a=rsa-sha256; c=relaxed/relaxed; d=1e100.net; s=20230601; t=1746596654; x=1747201454; h=references:in-reply-to:cc:to:from:subject:message-id:date :x-gm-message-state:from:to:cc:subject:date:message-id:reply-to; bh=rW63NoQHNYG4azuI1PE4NbgE9OjnM3JOPCdjPsKNSQQ=; b=e4K/1y5uQ7dpL1qWr7wqiLZNmOLrK89EuTGw3ouk5BayX6jX3nIxbzstjnUfCiDWCt pp2BTJrYOGkPKsWK9iW9HY/er9kFy3tq/VO2XUZdZ0w7mPdrz9FdOiXrv7YoVyqtG+Yg WwlqqBgv50YuSwZeeuEVY22EwQ98p6YdMGmIVllHnrzoR2IrbeIaiPzhPJbmcQk8AB0i y2GZ8mLBxoKYngN3A4t9kMxDv0hRzIqq6IH3MmmpMjiTBtiFkdM/Z4rrIPlD5ZtY5n3g 3HoHrgnyJNBWTlM4vI0H2W+TqXcNUcx2jtKULrS1ifMY7CkT3oRoLzBUQ6wGIkjCXcPj uo0Q== X-Gm-Message-State: AOJu0YzBIIGc0kH1zrO9yqyDDxcddCakiuN6K8BPx39QuciD8RYfTkpA FxVpp1jE29DKAxmPdEPixZ+K9lpPFeJMBsR9QlvWDhLkSw1/3a51/J2mniRa4LWji7FrhdqIGCU g4XQSxdnFCDzCGeV8HHpUqw/yE4CPE3Q9LF+hY3li X-Gm-Gg: ASbGnctVadNNsDAGrtlZtUJSYEf1OgcUz/Eor3RaplpUNO8+UiAP4bASSNLrN9LZp/I rmhWtgfW+DlrH9viO8+3lxIikR9jTQk0Hh8q+8GFpVZaiqSfAn/JFsaJwCPGRd6KmQuThTpaI9I ULevfXdFk7V9yE19hDsWL0ivn1cV76eNGIq+NvTrvQnptkZZwgCGduc+7GSw4yqzViLgEkq96VO L01c6BQ6CsetjbgAGXp19RHqXXHp2jx54J47Lp3FGZhtM/dA9NtSnMJnQ2/bpTKAleOoZAIfvMg ZoAV3p4hFob3dtW61cUYTwekrUwbhjZHV/FNk2eCMa6UH0dgbX4+TMKSVxs= X-Google-Smtp-Source: AGHT+IGXl480RcYQo0FapUItzNk12TEvYqx2nm9YUkFYhKGDztwW+4EBIZbDUqtfKt8k/+oF2JIMlBMpxDi6 X-Received: by 2002:a17:903:f8b:b0:224:1ec0:8a1d with SMTP id d9443c01a7336-22e5ea8c623mr29010795ad.30.1746596654003; Tue, 06 May 2025 22:44:14 -0700 (PDT) Received: from postal.iol.unh.edu (postal.iol.unh.edu. [132.177.123.84]) by smtp-relay.gmail.com with ESMTPS id d9443c01a7336-22e35b83f99sm1357535ad.47.2025.05.06.22.44.13 (version=TLS1_2 cipher=ECDHE-ECDSA-AES128-GCM-SHA256 bits=128/128); Tue, 06 May 2025 22:44:13 -0700 (PDT) X-Relaying-Domain: iol.unh.edu Date: Tue, 06 May 2025 22:44:13 -0700 (PDT) Message-ID: <681af32d.170a0220.391544.723cSMTPIN_ADDED_MISSING@mx.google.com> Received: from [172.17.0.2] (unknown [172.18.0.76]) by postal.iol.unh.edu (Postfix) with ESMTP id 38DB16052471; Wed, 7 May 2025 01:44:13 -0400 (EDT) Subject: |FAILURE| pw153337 [PATCH] [v2,1/1] buildtools: avoid break due to f From: dpdklab@iol.unh.edu To: Test Report Cc: dpdk-test-reports@iol.unh.edu, Andre Muezerie In-Reply-To: <1746569662-11532-2-git-send-email-andremue@linux.microsoft.com> References: <1746569662-11532-2-git-send-email-andremue@linux.microsoft.com> Content-Type: text/plain X-BeenThere: test-report@dpdk.org X-Mailman-Version: 2.1.29 Precedence: list List-Id: automatic DPDK test reports List-Unsubscribe: , List-Archive: List-Post: List-Help: List-Subscribe: , Errors-To: test-report-bounces@dpdk.org Test-Label: iol-unit-arm64-testing Test-Status: FAILURE http://dpdk.org/patch/153337 _Testing issues_ Submitter: Andre Muezerie Date: Tuesday, May 06 2025 22:14:22 DPDK git baseline: Repo:dpdk Branch: master CommitID:75f179ebe347b6098cf3af26d3d3b7168fe3fe24 153337 --> testing issues Upstream job id: Aarch32-Unit-Test#6159 Test environment and result as below: +-----------------------------+---------------------------+--------------+----------------+------------------------------+ | Environment | cryptodev_sw_zuc_autotest | lpm_autotest | dpdk_unit_test | cryptodev_sw_snow3g_autotest | +=============================+===========================+==============+================+==============================+ | Debian 12 (arm) | WARN | SKIPPED | WARN | WARN | +-----------------------------+---------------------------+--------------+----------------+------------------------------+ | Ubuntu 20.04 ARM SVE | SKIPPED | WARN | SKIPPED | SKIPPED | +-----------------------------+---------------------------+--------------+----------------+------------------------------+ | CentOS Stream 9 (ARM) | SKIPPED | SKIPPED | WARN | SKIPPED | +-----------------------------+---------------------------+--------------+----------------+------------------------------+ | CentOS Stream 10 (ARM) | SKIPPED | SKIPPED | WARN | SKIPPED | +-----------------------------+---------------------------+--------------+----------------+------------------------------+ | Fedora 40 (ARM Clang) | SKIPPED | SKIPPED | WARN | SKIPPED | +-----------------------------+---------------------------+--------------+----------------+------------------------------+ | Fedora 40 (ARM) | SKIPPED | SKIPPED | WARN | SKIPPED | +-----------------------------+---------------------------+--------------+----------------+------------------------------+ | Fedora 41 (ARM) | SKIPPED | SKIPPED | WARN | SKIPPED | +-----------------------------+---------------------------+--------------+----------------+------------------------------+ | Fedora 41 (ARM Clang) | SKIPPED | SKIPPED | WARN | SKIPPED | +-----------------------------+---------------------------+--------------+----------------+------------------------------+ | RHEL9 (ARM) | SKIPPED | SKIPPED | WARN | SKIPPED | +-----------------------------+---------------------------+--------------+----------------+------------------------------+ | Ubuntu 22.04 (ARM) | SKIPPED | SKIPPED | WARN | SKIPPED | +-----------------------------+---------------------------+--------------+----------------+------------------------------+ | Ubuntu 20.04 (ARM) | SKIPPED | SKIPPED | WARN | SKIPPED | +-----------------------------+---------------------------+--------------+----------------+------------------------------+ | Ubuntu 24.04 (ARM) | SKIPPED | SKIPPED | WARN | SKIPPED | +-----------------------------+---------------------------+--------------+----------------+------------------------------+ | 32-bit Ubuntu 22.04.4 (ARM) | SKIPPED | SKIPPED | FAIL | SKIPPED | +-----------------------------+---------------------------+--------------+----------------+------------------------------+ ==== Unit test summary for 32-bit Ubuntu 22.04.4 (ARM) (dpdk_unit_test): ==== Failed to get the unit test results. Displaying the unit test results is not supported for some environments, such as our aarch32 testing, where meson is not used to run the tests. Download the logs available on our CI site. ==== End log output ==== Debian 12 (arm) Kernel: Depends on container host Compiler: gcc (Debian 12.2.0-14) 12.2.0 Ubuntu 20.04 ARM SVE Kernel: Depends on container host Compiler: gcc (Ubuntu 10.5.0-1ubuntu1~20.04) 10.5.0 CentOS Stream 9 (ARM) Kernel: Depends on container host Compiler: gcc 11.5.0 20240719 (Red Hat 11.5.0-2) CentOS Stream 10 (ARM) Kernel: Depends on container host Compiler: gcc 14.2.1 20241104 (Red Hat 14.2.1-6) Fedora 40 (ARM Clang) Kernel: Depends on container host Compiler: clang 18.1.8 (Fedora 18.1.8-1.fc40) Fedora 40 (ARM) Kernel: Depends on container host Compiler: gcc 14.2.1 20240912 (Red Hat 14.2.1-3) Fedora 41 (ARM) Kernel: Depends on container host Compiler: gcc 14.2.1 20240912 (Red Hat 14.2.1-3) Fedora 41 (ARM Clang) Kernel: Depends on container host Compiler: clang 19.1.5 (Fedora 19.1.5-1.fc41) RHEL9 (ARM) Kernel: Depends on container host Compiler: gcc 11.5.0 20240719 (Red Hat 11.5.0-2) Ubuntu 22.04 (ARM) Kernel: Depends on container host Compiler: gcc (Ubuntu 11.4.0-1ubuntu1~22.04) 11.4.0 Ubuntu 20.04 (ARM) Kernel: Depends on container host Compiler: gcc (Ubuntu 9.4.0-1ubuntu1~20.04.2) 9.4.0 Ubuntu 24.04 (ARM) Kernel: Depends on container host Compiler: gcc (Ubuntu 13.3.0-6ubuntu2~24.04) 13.3.0 32-bit Ubuntu 22.04.4 (ARM) Kernel: 5.15.83+ aarch64 Compiler: gcc (Ubuntu 11.4.0-1ubuntu1~22.04) 11.4.0 To view detailed results, visit: https://lab.dpdk.org/results/dashboard/patchsets/33130/ UNH-IOL DPDK Community Lab To manage your email subscriptions, visit: https://lab.dpdk.org/results/dashboard/preferences/subscriptions/