From mboxrd@z Thu Jan 1 00:00:00 1970 Return-Path: Received: from mails.dpdk.org (mails.dpdk.org [217.70.189.124]) by inbox.dpdk.org (Postfix) with ESMTP id 6B84D466E3 for ; Wed, 7 May 2025 07:44:30 +0200 (CEST) Received: from mails.dpdk.org (localhost [127.0.0.1]) by mails.dpdk.org (Postfix) with ESMTP id 6644C4025D; Wed, 7 May 2025 07:44:30 +0200 (CEST) Received: from mail-pj1-f98.google.com (mail-pj1-f98.google.com [209.85.216.98]) by mails.dpdk.org (Postfix) with ESMTP id 2B1AA4025A for ; Wed, 7 May 2025 07:44:29 +0200 (CEST) Received: by mail-pj1-f98.google.com with SMTP id 98e67ed59e1d1-30a8cbddce3so1467417a91.1 for ; Tue, 06 May 2025 22:44:29 -0700 (PDT) DKIM-Signature: v=1; a=rsa-sha256; c=relaxed/relaxed; d=iol.unh.edu; s=unh-iol; t=1746596668; x=1747201468; darn=dpdk.org; h=references:in-reply-to:cc:to:from:subject:message-id:date:from:to :cc:subject:date:message-id:reply-to; bh=YjmDMO39ro9fzpn3zFzp+BmqqyJIi0vtd2c5kAxNAjo=; b=b23tSKMqyMofsWkOZSvQZoyA+qwmAmMNkWFwOaVQKCf3GYz0bdSJBreFpK2Rv887E/ 0bwpjDrGIn666JVhLDjKPyHF6Z2RGR2N2chKKCAm7AeoEEg9afqD2tyDspQXwMxZkdXc qmYfofH++0TpFg5JSiziS1DelGj9fson14CuQ= X-Google-DKIM-Signature: v=1; a=rsa-sha256; c=relaxed/relaxed; d=1e100.net; s=20230601; t=1746596668; x=1747201468; h=references:in-reply-to:cc:to:from:subject:message-id:date :x-gm-message-state:from:to:cc:subject:date:message-id:reply-to; bh=YjmDMO39ro9fzpn3zFzp+BmqqyJIi0vtd2c5kAxNAjo=; b=WK4YtQ3gSbygpS9cN8rO23jIyXvKXPxY4oveMk4gUMrFkYY40em/k5Dx1PdMl9n5uP 3wtncHyjUeLITjcnM2JFbHA39KB0NmiqJ34WnHTw/VfR5zI/dcxuQlXVPrYA2fMgdXrv xilPRaHIeSTIp4FGzAEyJWJa2yGi4kjEiQdjU66Rzq/GYegq7l+PTxpgLZr+/cnw4RTo ij/Mk598pdQ0AejRVLjfWGbq87NLugtPq06g1Og9QW6jbSBy6as7kGngRGZ6W/ygO9+x Ru2KCERBERRInq5rVP4poTj7OICwfQbcqro1YnFklKWOM2OwWajZlV1j7QrpZft5TiBP nTvw== X-Gm-Message-State: AOJu0Yw05wPCPfOWWrB2sMA3deccvUWDJaVGMmYxc0YdrgdOX2Hbxx/t 8eJk2NEP4/02sAxYj168wRwPjiMwHpRH0m5I88/ZNicZY1QoDoJAGFD5dDLZVkpX+ute6jL791b bJneFvSXfdgGwMH35WvNlSpG1/mo4FR89Adk3P5ZK X-Gm-Gg: ASbGnctofN22KGAsk9jFYGEgQdMMd2EE+HH+N6izp7VqEgnDB2teaWhVFVeJlDYshcC oMIosmhNhAqU77wpBdmYtDBn9ZYzrDowOKnwDwV1QZjq5e38OSj5e9mq6NZiEgjr7WOCBf5MGdB 5rbO8RLI7983VqOYCjGGV+DrmhvdsD9FpDOiEbxEyklt8o8AWWB98DoLR66l6RGs7KkZwA/Fvgh +xw8UU56NEmtiMIuao5ZHXGCbEySaCPPaLwGt9LwzFlUpWB0P2OvxF1N3sR65EipLIc+wbL4bo/ Ctq/J89ksAVYm8mcvHU/uFq/HsbR9eObHlSI0j39lHv4nT76O6H2zhvAHg8= X-Google-Smtp-Source: AGHT+IH63Ug6Wbd5oID78SlDOJBrEcKNs2WpV4VUDgHir3o3HLpLUaIs/fdjFjHjtLq2ArvXTJucVdUQJ/yN X-Received: by 2002:a17:90b:554e:b0:2ff:6e72:b8e9 with SMTP id 98e67ed59e1d1-30aac2837bcmr3565760a91.25.1746596668215; Tue, 06 May 2025 22:44:28 -0700 (PDT) Received: from postal.iol.unh.edu (postal.iol.unh.edu. [132.177.123.84]) by smtp-relay.gmail.com with ESMTPS id 98e67ed59e1d1-30aaebb3aa6sm59957a91.9.2025.05.06.22.44.28 (version=TLS1_2 cipher=ECDHE-ECDSA-AES128-GCM-SHA256 bits=128/128); Tue, 06 May 2025 22:44:28 -0700 (PDT) X-Relaying-Domain: iol.unh.edu Date: Tue, 06 May 2025 22:44:28 -0700 (PDT) Message-ID: <681af33c.170a0220.106920.3720SMTPIN_ADDED_MISSING@mx.google.com> Received: from [172.17.0.3] (unknown [172.18.0.74]) by postal.iol.unh.edu (Postfix) with ESMTP id 651D56052471; Wed, 7 May 2025 01:44:27 -0400 (EDT) Subject: |FAILURE| pw153337 [PATCH] [v2,1/1] buildtools: avoid break due to f From: dpdklab@iol.unh.edu To: Test Report Cc: dpdk-test-reports@iol.unh.edu, Andre Muezerie In-Reply-To: <1746569662-11532-2-git-send-email-andremue@linux.microsoft.com> References: <1746569662-11532-2-git-send-email-andremue@linux.microsoft.com> Content-Type: text/plain X-BeenThere: test-report@dpdk.org X-Mailman-Version: 2.1.29 Precedence: list List-Id: automatic DPDK test reports List-Unsubscribe: , List-Archive: List-Post: List-Help: List-Subscribe: , Errors-To: test-report-bounces@dpdk.org Test-Label: iol-compile-arm64-testing Test-Status: FAILURE http://dpdk.org/patch/153337 _Testing issues_ Submitter: Andre Muezerie Date: Tuesday, May 06 2025 22:14:22 DPDK git baseline: Repo:dpdk Branch: master CommitID:75f179ebe347b6098cf3af26d3d3b7168fe3fe24 153337 --> testing issues Upstream job id: Generic-DPDK-Compile-Meson#385893 Test environment and result as below: +----------------------------------------+--------------------+ | Environment | dpdk_meson_compile | +========================================+====================+ | RHEL9 (ARM) | FAIL | +----------------------------------------+--------------------+ | Ubuntu 20.04 ARM GCC Cross Compile | FAIL | +----------------------------------------+--------------------+ | Ubuntu 20.04 ARM SVE | FAIL | +----------------------------------------+--------------------+ | Fedora 40 (ARM) | FAIL | +----------------------------------------+--------------------+ | Fedora 41 (ARM Clang) | FAIL | +----------------------------------------+--------------------+ | Fedora 41 (ARM) | FAIL | +----------------------------------------+--------------------+ | Fedora 40 (ARM Clang) | FAIL | +----------------------------------------+--------------------+ | Ubuntu 20.04 (ARM) | FAIL | +----------------------------------------+--------------------+ | Ubuntu 24.04 (ARM) | FAIL | +----------------------------------------+--------------------+ | Ubuntu 22.04 (ARM) | FAIL | +----------------------------------------+--------------------+ | CentOS Stream 9 (ARM) | FAIL | +----------------------------------------+--------------------+ | CentOS Stream 10 (ARM) | FAIL | +----------------------------------------+--------------------+ | Debian 12 (arm) | FAIL | +----------------------------------------+--------------------+ | Ubuntu 20.04 ARM Clang Cross Compile | FAIL | +----------------------------------------+--------------------+ | Ubuntu 20.04 aarch32 GCC Cross Compile | FAIL | +----------------------------------------+--------------------+ ==== 20 line log output for Ubuntu 20.04 aarch32 GCC Cross Compile (dpdk_meson_compile): ==== [601/2626] Generating node.sym_chk with a custom command (wrapped by meson to capture output) [602/2626] Linking target lib/librte_node.so.25.2 [603/2626] Generating symbol file lib/librte_node.so.25.2.p/librte_node.so.25.2.symbols [604/2626] Compiling C object drivers/libtmp_rte_common_cpt.a.p/common_cpt_cpt_fpm_tables.c.o [605/2626] Compiling C object drivers/libtmp_rte_common_cpt.a.p/common_cpt_cpt_pmd_ops_helper.c.o [606/2626] Linking static target drivers/libtmp_rte_common_cpt.a [607/2626] Generating rte_common_cpt.pmd.c with a custom command FAILED: drivers/rte_common_cpt.pmd.c /usr/bin/python3 ../buildtools/gen-pmdinfo-cfile.py /root/workspace/Generic-DPDK-Compile-Meson/dpdk/build/buildtools ar drivers/rte_common_cpt.pmd.c.p /root/workspace/Generic-DPDK-Compile-Meson/dpdk/build/drivers/libtmp_rte_common_cpt.a drivers/rte_common_cpt.pmd.c /usr/bin/python3 ../buildtools/pmdinfogen.py elf Traceback (most recent call last): File "../buildtools/gen-pmdinfo-cfile.py", line 16, in subprocess.run([ar, "x", os.path.abspath(archive), name], File "/usr/lib/python3.8/subprocess.py", line 493, in run with Popen(*popenargs, **kwargs) as process: File "/usr/lib/python3.8/subprocess.py", line 858, in __init__ self._execute_child(args, executable, preexec_fn, close_fds, File "/usr/lib/python3.8/subprocess.py", line 1704, in _execute_child raise child_exception_type(errno_num, err_msg, err_filename) FileNotFoundError: [Errno 2] No such file or directory: 'drivers/rte_common_cpt.pmd.c.p' ninja: build stopped: subcommand failed. ==== End log output ==== RHEL9 (ARM) Kernel: Depends on container host Compiler: gcc 11.5.0 20240719 (Red Hat 11.5.0-2) Ubuntu 20.04 ARM GCC Cross Compile Kernel: Depends on container host Compiler: aarch64-linux-gnu-gcc (Ubuntu 9.4.0-1ubuntu1~20.04.2) 9.4.0 Ubuntu 20.04 ARM SVE Kernel: Depends on container host Compiler: gcc (Ubuntu 10.5.0-1ubuntu1~20.04) 10.5.0 Fedora 40 (ARM) Kernel: Depends on container host Compiler: gcc 14.2.1 20240912 (Red Hat 14.2.1-3) Fedora 41 (ARM Clang) Kernel: Depends on container host Compiler: clang 19.1.5 (Fedora 19.1.5-1.fc41) Fedora 41 (ARM) Kernel: Depends on container host Compiler: gcc 14.2.1 20240912 (Red Hat 14.2.1-3) Fedora 40 (ARM Clang) Kernel: Depends on container host Compiler: clang 18.1.8 (Fedora 18.1.8-1.fc40) Ubuntu 20.04 (ARM) Kernel: Depends on container host Compiler: gcc (Ubuntu 9.4.0-1ubuntu1~20.04.2) 9.4.0 Ubuntu 24.04 (ARM) Kernel: Depends on container host Compiler: gcc (Ubuntu 13.3.0-6ubuntu2~24.04) 13.3.0 Ubuntu 22.04 (ARM) Kernel: Depends on container host Compiler: gcc (Ubuntu 11.4.0-1ubuntu1~22.04) 11.4.0 CentOS Stream 9 (ARM) Kernel: Depends on container host Compiler: gcc 11.5.0 20240719 (Red Hat 11.5.0-2) CentOS Stream 10 (ARM) Kernel: Depends on container host Compiler: gcc 14.2.1 20241104 (Red Hat 14.2.1-6) Debian 12 (arm) Kernel: Depends on container host Compiler: gcc (Debian 12.2.0-14) 12.2.0 Ubuntu 20.04 ARM Clang Cross Compile Kernel: Depends on container host Compiler: clang 10.0.0-4ubuntu1 Ubuntu 20.04 aarch32 GCC Cross Compile Kernel: Depends on container host Compiler: gcc 9.4.0 To view detailed results, visit: https://lab.dpdk.org/results/dashboard/patchsets/33130/ UNH-IOL DPDK Community Lab To manage your email subscriptions, visit: https://lab.dpdk.org/results/dashboard/preferences/subscriptions/